000
CXHW51 PHFO 211250
CF6LIH
PRELIMINARY LOCAL CLIMATOLOGICAL DATA (WS FORM: F-6)

                                          STATION:   LIHUE HI
                                          MONTH:     APRIL
                                          YEAR:      2019
                                          LATITUDE:   21 58 N
                                          LONGITUDE: 159 21 W

  TEMPERATURE IN F:       :PCPN:    SNOW:  WIND      :SUNSHINE: SKY     :PK WND
================================================================================
1   2   3   4   5  6A  6B    7    8   9   10  11  12  13   14  15   16   17  18
                                     12Z  AVG MX 2MIN
DY MAX MIN AVG DEP HDD CDD  WTR  SNW DPTH SPD SPD DIR MIN PSBL S-S WX    SPD DR
================================================================================

 1  81  64  73  -1   0   8    T  0.0    M  7.9 14 360   M    M   M        18 360
 2  82  71  77   3   0  12 0.03  0.0    M 14.4 21  30   M    M   M 1      26  30
 3  80  66  73  -1   0   8 0.00  0.0    M 11.5 18  40   M    M   M        22  40
 4  81  68  75   1   0  10 0.00  0.0    M  9.7 15  70   M    M   M        19  80
 5  82  65  74   0   0   9 0.00  0.0    M  6.5 10 110   M    M   M        14 290
 6  87  64  76   2   0  11 0.00  0.0    M  9.1 23  30   M    M   M        29  30
 7  82  63  73  -1   0   8 0.10  0.0    M 11.8 22  50   M    M   M 1      29  60
 8  82  70  76   2   0  11 0.99  0.0    M 11.8 22  40   M    M   M 1      26  50
 9  82  71  77   3   0  12 0.19  0.0    M 15.2 22  60   M    M   M 1      31  50
10  82  73  78   4   0  13 0.02  0.0    M 17.9 25  60   M    M   M        30  60
11  82  74  78   4   0  13 0.09  0.0    M 20.7 25  50   M    M   M        32  50
12  82  73  78   4   0  13 0.02  0.0    M 20.7 25  60   M    M   M 8      30  40
13  82  71  77   3   0  12 0.09  0.0    M 20.5 26  50   M    M   M 18     32  50
14  82  74  78   4   0  13 0.02  0.0    M 19.9 24  50   M    M   M        30  40
15  81  73  77   3   0  12 0.00  0.0    M 16.1 25  40   M    M   M        29  40
16  82  67  75   1   0  10 0.01  0.0    M 11.2 23  80   M    M   M 1      28  80
17  82  72  77   3   0  12 0.03  0.0    M 13.0 21  70   M    M   M 1      25  70
18  83  74  79   5   0  14 0.00  0.0    M 11.9 17  70   M    M   M        20  80
19  82  74  78   4   0  13 0.02  0.0    M 15.8 22  70   M    M   M        26  70
20  83  73  78   4   0  13 0.01  0.0    M 15.8 23  70   M    M   M        28  70
================================================================================
SM 1642 1400         0 227  1.62     0.0 281.4          M        M
================================================================================
AV 82.1 70.0                              14.1 FASTST   M    M   0    MAX(MPH)
                                 MISC ---->  # 26  50               # 32   50
================================================================================
NOTES:
# LAST OF SEVERAL OCCURRENCES

COLUMN 17 PEAK WIND IN M.P.H.

PRELIMINARY LOCAL CLIMATOLOGICAL DATA (WS FORM: F-6) , PAGE 2

                                          STATION:  LIHUE HI
                                          MONTH:    APRIL
                                          YEAR:     2019
                                          LATITUDE:   21 58 N
                                          LONGITUDE: 159 21 W

[TEMPERATURE DATA]      [PRECIPITATION DATA]       SYMBOLS USED IN COLUMN 16

AVERAGE MONTHLY: 76.1   TOTAL FOR MONTH:   1.62    1 = FOG OR MIST
DPTR FM NORMAL:   2.1   DPTR FM NORMAL:   -0.02    2 = FOG REDUCING VISIBILITY
HIGHEST:    87 ON  6    GRTST 24HR  0.99 ON  8- 8      TO 1/4 MILE OR LESS
LOWEST:     63 ON  7                               3 = THUNDER
                        SNOW, ICE PELLETS, HAIL    4 = ICE PELLETS
                        TOTAL MONTH:   0.0 INCH    5 = HAIL
                        GRTST 24HR     0.0         6 = FREEZING RAIN OR DRIZZLE
                        GRTST DEPTH:  M  ON   M    7 = DUSTSTORM OR SANDSTORM:
                                                       VSBY 1/2 MILE OR LESS
                                                   8 = SMOKE OR HAZE
[NO. OF DAYS WITH]      [WEATHER - DAYS WITH]      9 = BLOWING SNOW
                                                   X = TORNADO
MAX 32 OR BELOW:   0    0.01 INCH OR MORE:  13
MAX 90 OR ABOVE:   0    0.10 INCH OR MORE:   3
MIN 32 OR BELOW:   0    0.50 INCH OR MORE:   1
MIN  0 OR BELOW:   0    1.00 INCH OR MORE:   0

[HDD (BASE 65) ]
TOTAL THIS MO.     0    CLEAR  (SCALE 0-3)   0
DPTR FM NORMAL     0    PTCLDY (SCALE 4-7)   0
TOTAL FM JUL 1     1    CLOUDY (SCALE 8-10)  0
DPTR FM NORMAL     1

[CDD (BASE 65) ]
TOTAL THIS MO.   227
DPTR FM NORMAL    48    [PRESSURE DATA]
TOTAL FM JAN 1   866    HIGHEST SLP M ON M
DPTR FM NORMAL    53    LOWEST  SLP 29.98 ON  1

[REMARKS]
