000
CXHW51 PHFO 191250
CF6LIH
PRELIMINARY LOCAL CLIMATOLOGICAL DATA (WS FORM: F-6)

                                          STATION:   LIHUE HI
                                          MONTH:     FEBRUARY
                                          YEAR:      2019
                                          LATITUDE:   21 58 N
                                          LONGITUDE: 159 21 W

  TEMPERATURE IN F:       :PCPN:    SNOW:  WIND      :SUNSHINE: SKY     :PK WND
================================================================================
1   2   3   4   5  6A  6B    7    8   9   10  11  12  13   14  15   16   17  18
                                     12Z  AVG MX 2MIN
DY MAX MIN AVG DEP HDD CDD  WTR  SNW DPTH SPD SPD DIR MIN PSBL S-S WX    SPD DR
================================================================================

 1  79  69  74   2   0   9 0.35  0.0    M 18.5 33  40   M    M   M 18     37  40
 2  78  70  74   2   0   9 0.05  0.0    M 18.0 26  60   M    M   M 1      32  50
 3  79  66  73   1   0   8    T  0.0    M 14.4 21  40   M    M   M        27  20
 4  79  67  73   1   0   8 0.04  0.0    M 16.3 24  40   M    M   M 1      30  40
 5  78  60  69  -3   0   4 0.40  0.0    M 11.9 24  70   M    M   M 18     30  70
 6  80  63  72   0   0   7 0.15  0.0    M  8.1 21 180   M    M   M 1      27 180
 7  81  61  71  -1   0   6 0.00  0.0    M  9.9 22  10   M    M   M        28  10
 8   M   M   M   M   M   M    M    M    M   M   M   M   M    M   M         M  M
 9  73  57  65  -7   0   0    T  0.0    M 15.6 30 310   M    M   M        39 320
10  71  56  64  -8   1   0 0.09  0.0    M 12.5 31  10   M    M   M 1      43 350
11  78  60  69  -3   0   4 0.04  0.0    M 10.4 23  10   M    M   M        29 350
12  77  62  70  -2   0   5 0.12  0.0    M 14.0 29  30   M    M   M 1      35  30
13  74  63  69  -3   0   4 0.29  0.0    M 21.3 36  40   M    M   M 18     44  40
14  73  59  66  -6   0   1 1.05  0.0    M 21.7 38  30   M    M   M 138    49  40
15  77  66  72   0   0   7 0.09  0.0    M 23.2 36  30   M    M   M 8      44  30
16  78  67  73   1   0   8 0.04  0.0    M 16.4 26  20   M    M   M        32  20
17  76  65  71  -1   0   6 0.16  0.0    M 16.7 32  20   M    M   M 18     39  20
18  75  60  68  -4   0   3 0.01  0.0    M  6.5 14  90   M    M   M        20 360
================================================================================
SM 1306 1071         1  89  2.88     0.0 255.4          M        M
================================================================================
AV 76.8 63.0                              15.0 FASTST   M    M   0    MAX(MPH)
                                 MISC ---->  # 38  30               # 49   40
================================================================================
NOTES:
# LAST OF SEVERAL OCCURRENCES

COLUMN 17 PEAK WIND IN M.P.H.

PRELIMINARY LOCAL CLIMATOLOGICAL DATA (WS FORM: F-6) , PAGE 2

                                          STATION:  LIHUE HI
                                          MONTH:    FEBRUARY
                                          YEAR:     2019
                                          LATITUDE:   21 58 N
                                          LONGITUDE: 159 21 W

[TEMPERATURE DATA]      [PRECIPITATION DATA]       SYMBOLS USED IN COLUMN 16

AVERAGE MONTHLY: 69.9   TOTAL FOR MONTH:   2.88    1 = FOG OR MIST
DPTR FM NORMAL:  -2.1   DPTR FM NORMAL:    0.89    2 = FOG REDUCING VISIBILITY
HIGHEST:    81 ON  7    GRTST 24HR  1.05 ON 14-14      TO 1/4 MILE OR LESS
LOWEST:     56 ON 10                               3 = THUNDER
                        SNOW, ICE PELLETS, HAIL    4 = ICE PELLETS
                        TOTAL MONTH:   0.0 INCH    5 = HAIL
                        GRTST 24HR     0.0         6 = FREEZING RAIN OR DRIZZLE
                        GRTST DEPTH:  M  ON   M    7 = DUSTSTORM OR SANDSTORM:
                                                       VSBY 1/2 MILE OR LESS
                                                   8 = SMOKE OR HAZE
[NO. OF DAYS WITH]      [WEATHER - DAYS WITH]      9 = BLOWING SNOW
                                                   X = TORNADO
MAX 32 OR BELOW:   0    0.01 INCH OR MORE:  14
MAX 90 OR ABOVE:   0    0.10 INCH OR MORE:   7
MIN 32 OR BELOW:   0    0.50 INCH OR MORE:   1
MIN  0 OR BELOW:   0    1.00 INCH OR MORE:   1

[HDD (BASE 65) ]
TOTAL THIS MO.     1    CLEAR  (SCALE 0-3)   0
DPTR FM NORMAL     1    PTCLDY (SCALE 4-7)   0
TOTAL FM JUL 1     1    CLOUDY (SCALE 8-10)  0
DPTR FM NORMAL     1

[CDD (BASE 65) ]
TOTAL THIS MO.    89
DPTR FM NORMAL   -37    [PRESSURE DATA]
TOTAL FM JAN 1   348    HIGHEST SLP M ON M
DPTR FM NORMAL    13    LOWEST  SLP 29.65 ON 10

[REMARKS]
