000
CXUS55 KPIH 221200
CF6LLJ

PRELIMINARY LOCAL CLIMATOLOGICAL DATA (WS FORM: F-6)

                                          STATION:   CHALLIS ID
                                          MONTH:     AUGUST
                                          YEAR:      2019
                                          LATITUDE:   44 31 N
                                          LONGITUDE: 114 13 W

  TEMPERATURE IN F:       :PCPN:    SNOW:  WIND      :SUNSHINE: SKY     :PK WND
================================================================================
1   2   3   4   5  6A  6B    7    8   9   10  11  12  13   14  15   16   17  18
                                     12Z  AVG MX 2MIN
DY MAX MIN AVG DEP HDD CDD  WTR  SNW DPTH SPD SPD DIR MIN PSBL S-S WX    SPD DR
================================================================================

 1  85  54  70   0   0   5 0.12    M    M  6.3 21 150   M    M   1 3      27 150
 2  87  52  70   0   0   5 0.14    M    M  4.9 20 340   M    M   1 3      24 330
 3  93  49  71   2   0   6 0.00    M    M  3.8 20 250   M    M   0        25 270
 4  94  51  73   4   0   8 0.00    M    M  3.3 13  10   M    M   0        17 330
 5  95  53  74   5   0   9 0.00    M    M  3.2 20 150   M    M   0        26 160
 6  89  58  74   5   0   9 0.00    M    M  3.9 16 360   M    M   1        21  10
 7  90  52  71   2   0   6    T    M    M  3.6 22 250   M    M   0        35 300
 8  78  54  66  -2   0   1 0.01    M    M  4.4 20 160   M    M   6        23 190
 9  80  54  67  -1   0   2 0.25    M    M  3.8 20 190   M    M   5 138    30 200
10  88  53  71   3   0   6    T    M    M  6.5 28 190   M    M   1        34 190
11  76  51  64  -4   1   0 0.04    M    M  7.5 26 230   M    M   3 3      32 230
12  80  42  61  -7   4   0 0.00    M    M  3.6 10 300   M    M   0        13  80
13  85  45  65  -2   0   0 0.00    M    M  3.0 12 340   M    M   0        13 340
14  88  46  67   0   0   2 0.00    M    M  4.8 16 250   M    M   1        23 240
15  88  49  69   2   0   4 0.00    M    M  5.9 22 230   M    M   1        26 240
16  85  47  66   0   0   1 0.00    M    M  4.7 16 240   M    M   1        23 290
17  84  48  66   0   0   1 0.00    M    M  5.1 18 310   M    M   0        23 330
18  89  46  68   2   0   3 0.00    M    M  5.5 18 230   M    M   0        25 240
19  94  49  72   6   0   7 0.00    M    M  6.0 24 260   M    M   0        37 260
20  93  50  72   7   0   7 0.00    M    M  3.8 14 290   M    M   0        16 280
21  94  53  74   9   0   9 0.00    M    M  3.2 15 170   M    M   0        22 180
================================================================================
SM 1835 1056         5  91  0.56    M     96.8          M       21
================================================================================
AV 87.4 50.3                               4.6 FASTST   M    M   1    MAX(MPH)
                                 MISC ---->  # 28 190               # 37  260
================================================================================
NOTES:
# LAST OF SEVERAL OCCURRENCES
PRECIPITATION SUSPECT DURING FREEZING/FROZEN EVENTS

COLUMN 17 PEAK WIND IN M.P.H.

PRELIMINARY LOCAL CLIMATOLOGICAL DATA (WS FORM: F-6) , PAGE 2

                                          STATION:  CHALLIS ID
                                          MONTH:    AUGUST
                                          YEAR:     2019
                                          LATITUDE:   44 31 N
                                          LONGITUDE: 114 13 W

[TEMPERATURE DATA]      [PRECIPITATION DATA]       SYMBOLS USED IN COLUMN 16

AVERAGE MONTHLY: 68.8   TOTAL FOR MONTH:   0.56    1 = FOG OR MIST
DPTR FM NORMAL:   1.2   DPTR FM NORMAL:    0.03    2 = FOG REDUCING VISIBILITY
HIGHEST:    95 ON  5    GRTST 24HR  0.25 ON  9- 9      TO 1/4 MILE OR LESS
LOWEST:     42 ON 12                               3 = THUNDER
                        SNOW, ICE PELLETS, HAIL    4 = ICE PELLETS
                        TOTAL MONTH:    M          5 = HAIL
                        GRTST 24HR    M  ON   M    6 = FREEZING RAIN OR DRIZZLE
                        GRTST DEPTH:  M  ON   M    7 = DUSTSTORM OR SANDSTORM:
                                                       VSBY 1/2 MILE OR LESS
                                                   8 = SMOKE OR HAZE
[NO. OF DAYS WITH]      [WEATHER - DAYS WITH]      9 = BLOWING SNOW
                                                   X = TORNADO
MAX 32 OR BELOW:   0    0.01 INCH OR MORE:   5
MAX 90 OR ABOVE:   7    0.10 INCH OR MORE:   3
MIN 32 OR BELOW:   0    0.50 INCH OR MORE:   0
MIN  0 OR BELOW:   0    1.00 INCH OR MORE:   0

[HDD (BASE 65) ]
TOTAL THIS MO.     5    CLEAR  (SCALE 0-3)  19
DPTR FM NORMAL   -15    PTCLDY (SCALE 4-7)   2
TOTAL FM JUL 1    13    CLOUDY (SCALE 8-10)  0
DPTR FM NORMAL   -28

[CDD (BASE 65) ]
TOTAL THIS MO.    91
DPTR FM NORMAL    18    [PRESSURE DATA]
TOTAL FM JAN 1   284    HIGHEST SLP M ON M
DPTR FM NORMAL    55    LOWEST  SLP 29.67 ON 21

[REMARKS]
