000
CXUS55 KPIH 231200
CF6LLJ

PRELIMINARY LOCAL CLIMATOLOGICAL DATA (WS FORM: F-6)

                                          STATION:   CHALLIS ID
                                          MONTH:     FEBRUARY
                                          YEAR:      2019
                                          LATITUDE:   44 31 N
                                          LONGITUDE: 114 13 W

  TEMPERATURE IN F:       :PCPN:    SNOW:  WIND      :SUNSHINE: SKY     :PK WND
================================================================================
1   2   3   4   5  6A  6B    7    8   9   10  11  12  13   14  15   16   17  18
                                     12Z  AVG MX 2MIN
DY MAX MIN AVG DEP HDD CDD  WTR  SNW DPTH SPD SPD DIR MIN PSBL S-S WX    SPD DR
================================================================================

 1  38   8  23   2  42   0 0.00    M    M  1.1  6 280   M    M   0         7  60
 2  46  22  34  13  31   0 0.00    M    M  2.6  9 360   M    M   8        11 350
 3  44  31  38  17  27   0 0.01    M    M  6.2 18 210   M    M   8        25 220
 4  42  21  32  10  33   0 0.05    M    M  4.9 18 150   M    M   7 12     26 160
 5  31  17  24   2  41   0 0.23    M    M  3.3 14 140   M    M  10 12     18 150
 6  26   7  17  -5  48   0    T    M    M  2.4 13  10   M    M   9        16  30
 7  18  -7   6 -16  59   0 0.00    M    M  2.1 17  30   M    M   1        24  20
 8  15  -4   6 -16  59   0 0.00    M    M  0.1  5 160   M    M   5         5  30
 9  20  -3   9 -14  56   0    T    M    M  0.9  7 210   M    M   5         7 210
10  28  -1  14  -9  51   0 0.17    M    M  3.9 17 280   M    M   6 128    21 220
11  31  -5  13 -10  52   0 0.00    M    M  6.2 20 160   M    M   7        25 150
12  36  10  23  -1  42   0 0.00    M    M  4.7 20 240   M    M   4        24 230
13  39  28  34  10  31   0 0.00    M    M  8.1 17 160   M    M  10        23 160
14  37  25  31   7  34   0 0.10    M    M  2.6 10 280   M    M  10 1      12 200
15  38  17  28   4  37   0 0.01    M    M  5.8 20 190   M    M   5 18     29 190
16  33  12  23  -2  42   0 0.01    M    M  2.5  9 340   M    M   8 1      10 360
17  30   8  19  -6  46   0 0.00    M    M  1.2  6 200   M    M   6         7 200
18  26   7  17  -9  48   0    T    M    M  2.5 12 350   M    M   8 8      14 350
19  22  -5   9 -17  56   0    T    M    M  1.1  6 290   M    M   7 8       8  30
20  30  14  22  -4  43   0    T    M    M  1.2  7  20   M    M  10 18      8 360
21  28   2  15 -12  50   0 0.00    M    M  2.9 10 310   M    M   3        12  10
22  21  -7   7 -20  58   0 0.00    M    M  1.4  7 160   M    M   2 8       9 150
================================================================================
SM  679  197       986   0  0.58    M     67.7          M      139
================================================================================
AV 30.9  9.0                               3.1 FASTST   M    M   6    MAX(MPH)
                                 MISC ---->  # 20 160               # 29  190
================================================================================
NOTES:
# LAST OF SEVERAL OCCURRENCES
PRECIPITATION SUSPECT DURING FREEZING/FROZEN EVENTS

COLUMN 17 PEAK WIND IN M.P.H.

PRELIMINARY LOCAL CLIMATOLOGICAL DATA (WS FORM: F-6) , PAGE 2

                                          STATION:  CHALLIS ID
                                          MONTH:    FEBRUARY
                                          YEAR:     2019
                                          LATITUDE:   44 31 N
                                          LONGITUDE: 114 13 W

[TEMPERATURE DATA]      [PRECIPITATION DATA]       SYMBOLS USED IN COLUMN 16

AVERAGE MONTHLY: 19.9   TOTAL FOR MONTH:   0.58    1 = FOG OR MIST
DPTR FM NORMAL:  -3.7   DPTR FM NORMAL:    0.12    2 = FOG REDUCING VISIBILITY
HIGHEST:    46 ON  2    GRTST 24HR  0.23 ON  5- 5      TO 1/4 MILE OR LESS
LOWEST:     -7 ON 22, 7                            3 = THUNDER
                        SNOW, ICE PELLETS, HAIL    4 = ICE PELLETS
                        TOTAL MONTH:    M          5 = HAIL
                        GRTST 24HR    M  ON   M    6 = FREEZING RAIN OR DRIZZLE
                        GRTST DEPTH:  M  ON   M    7 = DUSTSTORM OR SANDSTORM:
                                                       VSBY 1/2 MILE OR LESS
                                                   8 = SMOKE OR HAZE
[NO. OF DAYS WITH]      [WEATHER - DAYS WITH]      9 = BLOWING SNOW
                                                   X = TORNADO
MAX 32 OR BELOW:  13    0.01 INCH OR MORE:   7
MAX 90 OR ABOVE:   0    0.10 INCH OR MORE:   3
MIN 32 OR BELOW:  22    0.50 INCH OR MORE:   0
MIN  0 OR BELOW:   7    1.00 INCH OR MORE:   0

[HDD (BASE 65) ]
TOTAL THIS MO.   986    CLEAR  (SCALE 0-3)   3
DPTR FM NORMAL    77    PTCLDY (SCALE 4-7)  12
TOTAL FM JUL 1  5572    CLOUDY (SCALE 8-10)  7
DPTR FM NORMAL  -259

[CDD (BASE 65) ]
TOTAL THIS MO.     0
DPTR FM NORMAL     0    [PRESSURE DATA]
TOTAL FM JAN 1     0    HIGHEST SLP M ON M
DPTR FM NORMAL     0    LOWEST  SLP 29.33 ON  3

[REMARKS]
