000
CXUS54 KLZK 241130
CF6LLQ
PRELIMINARY LOCAL CLIMATOLOGICAL DATA (WS FORM: F-6)

                                          STATION:   Monticello
                                          MONTH:     APRIL
                                          YEAR:      2019
                                          LATITUDE:   33 37 N
                                          LONGITUDE:  91 45 W

  TEMPERATURE IN F:       :PCPN:    SNOW:  WIND      :SUNSHINE: SKY     :PK WND
================================================================================
1   2   3   4   5  6A  6B    7    8   9   10  11  12  13   14  15   16   17  18
                                     12Z  AVG MX 2MIN
DY MAX MIN AVG DEP HDD CDD  WTR  SNW DPTH SPD SPD DIR MIN PSBL S-S WX    SPD DR
================================================================================

 1  55  32  44 -15  21   0 0.00  0.0    0  3.1 14  60   M    M   3        18  40
 2  67  34  51  -9  14   0 0.00  0.0    0  3.8 12 300   M    M   0        15 310
 3  74  40  57  -3   8   0 0.00  0.0    0  5.4 15 140   M    M   1        21 140
 4  61  55  58  -2   7   0 2.41  0.0    0  6.5 20  60   M    M   9 13     26  50
 5  72  53  63   3   2   0 0.00  0.0    0  2.9 12  60   M    M   6 1      14  60
 6  73  53  63   2   2   0 0.27  0.0    0  5.6 17 150   M    M   6 13     23 160
 7  69  61  65   4   0   0 3.00  0.0    0  5.3 28 210   M    M   8 13     47 220
 8  70  58  64   3   1   0 0.04  0.0    0  4.2 13  80   M    M   7 1      17  60
 9  83  56  70   9   0   5 0.00  0.0    0  3.9 17  50   M    M   0 1      23  40
10  87  56  72  10   0   7 0.00  0.0    0  7.3 18 160   M    M   0        25 170
11  82  59  71   9   0   6 0.44  0.0    0  9.6 23 170   M    M   4 13     32 170
12  70  50  60  -2   5   0 0.01  0.0    0  5.2 13  80   M    M   1        15  40
13  61  58  60  -2   5   0 3.01  0.0    0 11.4 37  60   M    M  10 13     43  60
14  61  45  53 -10  12   0 0.01  0.0    0  8.5 20 290   M    M   6 1      32 210
15  75  43  59  -4   6   0 0.00  0.0    0  4.8 13 220   M    M   0        17 230
16  79  57  68   5   0   3 0.00  0.0    0  8.0 17 210   M    M   0        23 180
17  76  61  69   5   0   4 0.00  0.0    0  6.3 16 160   M    M   5        21 200
18  69  52  61  -3   4   0 1.41  0.0    0  7.9 20 300   M    M  10 13     31 280
19  58  47  53 -11  12   0 0.04    M    0  5.4 17 320   M    M   8        25 330
20  74  43  59  -5   6   0 0.00  0.0    0  5.7 14 300   M    M   0        21 290
21  81  47  64  -1   1   0 0.00  0.0    0  6.4 14 190   M    M   0        19 220
22  81  52  67   2   0   2 0.00  0.0    0  5.9 15 200   M    M   0        20 190
23  80  62  71   6   0   6 0.00  0.0    0  6.2 14 220   M    M   0        19 200
================================================================================
SM 1658 1174       106  33 10.64     0.0 139.3          M       84
================================================================================
AV 72.1 51.0                               6.1 FASTST   M    M   4    MAX(MPH)
                                 MISC ---->  # 37  60               # 47  220
================================================================================
NOTES:
# LAST OF SEVERAL OCCURRENCES

COLUMN 17 PEAK WIND IN M.P.H.

PRELIMINARY LOCAL CLIMATOLOGICAL DATA (WS FORM: F-6) , PAGE 2

                                          STATION:  Monticello
                                          MONTH:    APRIL
                                          YEAR:     2019
                                          LATITUDE:   33 37 N
                                          LONGITUDE:  91 45 W

[TEMPERATURE DATA]      [PRECIPITATION DATA]       SYMBOLS USED IN COLUMN 16

AVERAGE MONTHLY: 61.6   TOTAL FOR MONTH:  10.64    1 = FOG OR MIST
DPTR FM NORMAL:  -0.7   DPTR FM NORMAL:    6.97    2 = FOG REDUCING VISIBILITY
HIGHEST:    87 ON 10    GRTST 24HR  3.01 ON 13-13      TO 1/4 MILE OR LESS
LOWEST:     32 ON  1                               3 = THUNDER
                        SNOW, ICE PELLETS, HAIL    4 = ICE PELLETS
                        TOTAL MONTH:   0.0 INCH    5 = HAIL
                        GRTST 24HR     0.0         6 = FREEZING RAIN OR DRIZZLE
                        GRTST DEPTH:   0           7 = DUSTSTORM OR SANDSTORM:
                                                       VSBY 1/2 MILE OR LESS
                                                   8 = SMOKE OR HAZE
[NO. OF DAYS WITH]      [WEATHER - DAYS WITH]      9 = BLOWING SNOW
                                                   X = TORNADO
MAX 32 OR BELOW:   0    0.01 INCH OR MORE:  10
MAX 90 OR ABOVE:   0    0.10 INCH OR MORE:   6
MIN 32 OR BELOW:   1    0.50 INCH OR MORE:   4
MIN  0 OR BELOW:   0    1.00 INCH OR MORE:   4

[HDD (BASE 65) ]
TOTAL THIS MO.   106    CLEAR  (SCALE 0-3)  12
DPTR FM NORMAL   -10    PTCLDY (SCALE 4-7)   7
TOTAL FM JUL 1  2545    CLOUDY (SCALE 8-10)  4
DPTR FM NORMAL  -119

[CDD (BASE 65) ]
TOTAL THIS MO.    33
DPTR FM NORMAL   -21    [PRESSURE DATA]
TOTAL FM JAN 1    49    HIGHEST SLP M ON M
DPTR FM NORMAL   -33    LOWEST  SLP 29.56 ON 13

[REMARKS]
ALL SNOWFALL DATA IS FROM THE UNIVERSITY OF ARKANSAS AT MONTICELLO COOPERATIVE OBSERVER SITE
