000
CXUS54 KLZK 171130
CF6LLQ
PRELIMINARY LOCAL CLIMATOLOGICAL DATA (WS FORM: F-6)

                                          STATION:   Monticello
                                          MONTH:     AUGUST
                                          YEAR:      2019
                                          LATITUDE:   33 37 N
                                          LONGITUDE:  91 45 W

  TEMPERATURE IN F:       :PCPN:    SNOW:  WIND      :SUNSHINE: SKY     :PK WND
================================================================================
1   2   3   4   5  6A  6B    7    8   9   10  11  12  13   14  15   16   17  18
                                     12Z  AVG MX 2MIN
DY MAX MIN AVG DEP HDD CDD  WTR  SNW DPTH SPD SPD DIR MIN PSBL S-S WX    SPD DR
================================================================================

 1  90  73  82   0   0  17 0.00  0.0    0  1.7 10  50   M    M   1        12  50
 2  90  71  81  -1   0  16 0.00  0.0    0  3.1 12  50   M    M   0        19 110
 3  92  67  80  -2   0  15 0.00  0.0    0  1.7  8 320   M    M   1        10  50
 4  93  73  83   1   0  18 0.00  0.0    0  2.4  9 120   M    M   1        13 300
 5  93  71  82   0   0  17 0.00  0.0    0  2.8 12  70   M    M   1 12     14  60
 6  95  74  85   3   0  20 0.00  0.0    0  3.4 12 250   M    M   1        17 250
 7  96  76  86   4   0  21 0.00  0.0    0  4.6 12 260   M    M   1 13     15 220
 8  90  76  83   1   0  18 0.00  0.0    0  4.5 13  70   M    M   1        16 230
 9  92  77  85   3   0  20 0.06  0.0    0  4.1 17 290   M    M   1 13     24 310
10  90  76  83   1   0  18    T  0.0    0  2.0  9 330   M    M   4 1      13 330
11  98  75  87   5   0  22 0.00  0.0    0  1.6  8  70   M    M   3 1      10  20
12  98  78  88   6   0  23 0.00  0.0    0  3.0 13 210   M    M   1        16 190
13  99  80  90   8   0  25 0.00  0.0    0  4.6 12 300   M    M   1        15 310
14  96  74  85   3   0  20 0.00  0.0    0  3.3 14  50   M    M   2 3      16  70
15  96  71  84   2   0  19 0.00  0.0    0  2.1  9  70   M    M   0 1      13  90
16  97  71  84   2   0  19 0.00  0.0    0  2.1  9 300   M    M   0        13 180
================================================================================
SM 1505 1183         0 308  0.06     0.0  47.0          M       19
================================================================================
AV 94.1 73.9                               2.9 FASTST   M    M   1    MAX(MPH)
                                 MISC ---->  # 17 290               # 24  310
================================================================================
NOTES:
# LAST OF SEVERAL OCCURRENCES

COLUMN 17 PEAK WIND IN M.P.H.

PRELIMINARY LOCAL CLIMATOLOGICAL DATA (WS FORM: F-6) , PAGE 2

                                          STATION:  Monticello
                                          MONTH:    AUGUST
                                          YEAR:     2019
                                          LATITUDE:   33 37 N
                                          LONGITUDE:  91 45 W

[TEMPERATURE DATA]      [PRECIPITATION DATA]       SYMBOLS USED IN COLUMN 16

AVERAGE MONTHLY: 84.0   TOTAL FOR MONTH:   0.06    1 = FOG OR MIST
DPTR FM NORMAL:   2.0   DPTR FM NORMAL:   -1.56    2 = FOG REDUCING VISIBILITY
HIGHEST:    99 ON 13    GRTST 24HR  0.06 ON  9- 9      TO 1/4 MILE OR LESS
LOWEST:     67 ON  3                               3 = THUNDER
                        SNOW, ICE PELLETS, HAIL    4 = ICE PELLETS
                        TOTAL MONTH:   0.0 INCH    5 = HAIL
                        GRTST 24HR     0.0         6 = FREEZING RAIN OR DRIZZLE
                        GRTST DEPTH:   0           7 = DUSTSTORM OR SANDSTORM:
                                                       VSBY 1/2 MILE OR LESS
                                                   8 = SMOKE OR HAZE
[NO. OF DAYS WITH]      [WEATHER - DAYS WITH]      9 = BLOWING SNOW
                                                   X = TORNADO
MAX 32 OR BELOW:   0    0.01 INCH OR MORE:   1
MAX 90 OR ABOVE:  16    0.10 INCH OR MORE:   0
MIN 32 OR BELOW:   0    0.50 INCH OR MORE:   0
MIN  0 OR BELOW:   0    1.00 INCH OR MORE:   0

[HDD (BASE 65) ]
TOTAL THIS MO.     0    CLEAR  (SCALE 0-3)  15
DPTR FM NORMAL     0    PTCLDY (SCALE 4-7)   1
TOTAL FM JUL 1     0    CLOUDY (SCALE 8-10)  0
DPTR FM NORMAL     0

[CDD (BASE 65) ]
TOTAL THIS MO.   308
DPTR FM NORMAL    36    [PRESSURE DATA]
TOTAL FM JAN 1  1613    HIGHEST SLP M ON M
DPTR FM NORMAL    69    LOWEST  SLP 29.87 ON 12

[REMARKS]
ALL SNOWFALL DATA IS FROM THE UNIVERSITY OF ARKANSAS AT MONTICELLO COOPERATIVE OBSERVER SITE
