000
CXUS53 KOAX 241000
CF6LNK
PRELIMINARY LOCAL CLIMATOLOGICAL DATA (WS FORM: F-6)

                                          STATION:   LINCOLN NE
                                          MONTH:     APRIL
                                          YEAR:      2019
                                          LATITUDE:   40 50 N
                                          LONGITUDE:  96 45 W

  TEMPERATURE IN F:       :PCPN:    SNOW:  WIND      :SUNSHINE: SKY     :PK WND
================================================================================
1   2   3   4   5  6A  6B    7    8   9   10  11  12  13   14  15   16   17  18
                                     12Z  AVG MX 2MIN
DY MAX MIN AVG DEP HDD CDD  WTR  SNW DPTH SPD SPD DIR MIN PSBL S-S WX    SPD DR
================================================================================

 1  62  33  48   2  17   0 0.04  0.0    0 11.6 22 340   M    M   1 1      30 200
 2  59  33  46  -1  19   0    T  0.0    0  8.5 21 360   M    M   3 1      26 360
 3  55  39  47   0  18   0 0.03  0.0    0  9.2 25 130   M    M   9        35 130
 4  66  44  55   8  10   0    T  0.0    0  6.8 13  60   M    M   7 1      17  60
 5  75  43  59  11   6   0 0.00  0.0    0 12.4 25 170   M    M   5 128    34 170
 6  79  53  66  18   0   1 0.22  0.0    0 13.7 31 240   M    M   2 13     40 230
 7  75  48  62  14   3   0    T  0.0    0  9.6 28 320   M    M   5 1      36 310
 8  81  44  63  14   2   0 0.00  0.0    0  8.4 21 350   M    M   0        27 350
 9  75  41  58   9   7   0    T  0.0    0 10.6 24  80   M    M   0        34  80
10  67  42  55   5  10   0 0.23  0.0    0 19.8 32  50   M    M   3 13     43  40
11  44  32  38 -12  27   0    T    T    0 18.7 32 270   M    M  10 1      43 280
12  46  30  38 -12  27   0 0.00  0.0    0 18.3 30 290   M    M   5        40 300
13  54  25  40 -11  25   0 0.00  0.0    0 10.3 20 360   M    M   0        35  10
14  58  24  41 -10  24   0 0.00  0.0    0  7.3 16 140   M    M   1        20 150
15  79  43  61  10   4   0 0.00  0.0    0 11.4 21 180   M    M   1        27 180
16  79  43  61   9   4   0 0.00  0.0    0 10.9 21 110   M    M   0        26  80
17  71  47  59   7   6   0    T  0.0    0 14.5 28 320   M    M   5        36 320
18  66  44  55   3  10   0 0.00  0.0    0 16.2 33 360   M    M   4        52 340
19  68  33  51  -2  14   0 0.00  0.0    0  6.0 16 320   M    M   1 8      22 350
20  87  39  63  10   2   0 0.00  0.0    0 12.1 22 220   M    M   0        33 180
21  86  55  71  17   0   6 0.12  0.0    0 15.1 37 210   M    M   0 3      50 200
22  65  50  58   4   7   0 0.04  0.0    0 13.1 22 320   M    M   9        29 310
23  69  42  56   2   9   0 0.00  0.0    0  9.6 18  60   M    M   2        24  70
================================================================================
SM 1566  927       251   7  0.68    T    274.1          M       73
================================================================================
AV 68.1 40.3                              11.9 FASTST   M    M   3    MAX(MPH)
                                 MISC ---->  # 37 210               # 52  340
================================================================================
NOTES:
# LAST OF SEVERAL OCCURRENCES

COLUMN 17 PEAK WIND IN M.P.H.

PRELIMINARY LOCAL CLIMATOLOGICAL DATA (WS FORM: F-6) , PAGE 2

                                          STATION:  LINCOLN NE
                                          MONTH:    APRIL
                                          YEAR:     2019
                                          LATITUDE:   40 50 N
                                          LONGITUDE:  96 45 W

[TEMPERATURE DATA]      [PRECIPITATION DATA]       SYMBOLS USED IN COLUMN 16

AVERAGE MONTHLY: 54.2   TOTAL FOR MONTH:   0.68    1 = FOG OR MIST
DPTR FM NORMAL:   3.9   DPTR FM NORMAL:   -1.24    2 = FOG REDUCING VISIBILITY
HIGHEST:    87 ON 20    GRTST 24HR  0.23 ON 10-10      TO 1/4 MILE OR LESS
LOWEST:     24 ON 14                               3 = THUNDER
                        SNOW, ICE PELLETS, HAIL    4 = ICE PELLETS
                        TOTAL MONTH:    T          5 = HAIL
                        GRTST 24HR    T  ON 11-11  6 = FREEZING RAIN OR DRIZZLE
                        GRTST DEPTH:   0           7 = DUSTSTORM OR SANDSTORM:
                                                       VSBY 1/2 MILE OR LESS
                                                   8 = SMOKE OR HAZE
[NO. OF DAYS WITH]      [WEATHER - DAYS WITH]      9 = BLOWING SNOW
                                                   X = TORNADO
MAX 32 OR BELOW:   0    0.01 INCH OR MORE:   6
MAX 90 OR ABOVE:   0    0.10 INCH OR MORE:   3
MIN 32 OR BELOW:   4    0.50 INCH OR MORE:   0
MIN  0 OR BELOW:   0    1.00 INCH OR MORE:   0

[HDD (BASE 65) ]
TOTAL THIS MO.   251    CLEAR  (SCALE 0-3)  13
DPTR FM NORMAL   -95    PTCLDY (SCALE 4-7)   7
TOTAL FM JUL 1  6230    CLOUDY (SCALE 8-10)  3
DPTR FM NORMAL   408

[CDD (BASE 65) ]
TOTAL THIS MO.     7
DPTR FM NORMAL     1    [PRESSURE DATA]
TOTAL FM JAN 1     7    HIGHEST SLP M ON M
DPTR FM NORMAL     0    LOWEST  SLP 29.20 ON 11

[REMARKS]
