000
CXUS54 KLZK 191130
CF6LRF
PRELIMINARY LOCAL CLIMATOLOGICAL DATA (WS FORM: F-6)

                                          STATION:   Jacksonville/Little Rock AFB
                                          MONTH:     FEBRUARY
                                          YEAR:      2019
                                          LATITUDE:   34 55 N
                                          LONGITUDE:  92  9 W

  TEMPERATURE IN F:       :PCPN:    SNOW:  WIND      :SUNSHINE: SKY     :PK WND
================================================================================
1   2   3   4   5  6A  6B    7    8   9   10  11  12  13   14  15   16   17  18
                                     12Z  AVG MX 2MIN
DY MAX MIN AVG DEP HDD CDD  WTR  SNW DPTH SPD SPD DIR MIN PSBL S-S WX    SPD DR
================================================================================

 1  56  35  46   4  19   0    T    M    0  1.1  7  60   M    M  10         M  M
 2  65  40  53  11  12   0 0.00  0.0    0  2.4  8 130   M    M   8 8       M  M
 3  73  36  55  13  10   0 0.00  0.0    0  6.2 14 160   M    M   4 1      18 160
 4  78  56  67  24   0   2 0.00  0.0    0  8.1 17 220   M    M   6        23 200
 5  73  59  66  23   0   1    T  0.0    0  4.6  9 180   M    M   9 12      M  M
 6  74  63  69  26   0   4 0.12  0.0    0  8.5 16 190   M    M  10 3      24  90
 7  72  27  50   7  15   0 1.10    M    0 12.8 21 310   M    M   8 13     32 190
 8  37  21  29 -15  36   0 0.00  0.0    0  6.8 14 350   M    M   2        21 350
 9  38  25  32 -12  33   0 0.06    T    M  9.0 14  90   M    M   6 4       M  M
10  43  33  38  -6  27   0 1.90  0.0    0  1.7  6 140   M    M   8 1       M  M
11  54  43  49   5  16   0 2.25  0.0    0  1.6  5 350   M    M   8 1       M  M
12  56  36  46   1  19   0    T    M    0 10.4 21 280   M    M   3 12     35 300
13  63  28  46   1  19   0    T    M    0  5.1 14 210   M    M   1        22 160
14  65  39  52   7  13   0 0.00  0.0    0  8.8 21 230   M    M   6        33 240
15  48  35  42  -3  23   0    T    M    0  7.1 14  60   M    M   8 1      24  60
16   M   M   M   M   M   M    T    M    0  9.0 14  50   M    M  10 1       M  M
17  46  35  41  -5  24   0 0.04    M    0  6.2 15 310   M    M   9 1       M  M
18  44  26  35 -11  30   0 0.00  0.0    0  7.4 14  10   M    M   1        21  40
================================================================================
SM  985  637       296   7  5.47    T    116.8          M      117
================================================================================
AV 57.9 37.5                               6.5 FASTST   M    M   7    MAX(MPH)
                                 MISC ---->  # 21 310               # 35  300
================================================================================
NOTES:
# LAST OF SEVERAL OCCURRENCES

COLUMN 17 PEAK WIND IN M.P.H.

PRELIMINARY LOCAL CLIMATOLOGICAL DATA (WS FORM: F-6) , PAGE 2

                                          STATION:  Jacksonville/Little Rock AFB
                                          MONTH:    FEBRUARY
                                          YEAR:     2019
                                          LATITUDE:   34 55 N
                                          LONGITUDE:  92  9 W

[TEMPERATURE DATA]      [PRECIPITATION DATA]       SYMBOLS USED IN COLUMN 16

AVERAGE MONTHLY: 47.7   TOTAL FOR MONTH:   5.47    1 = FOG OR MIST
DPTR FM NORMAL:   3.7   DPTR FM NORMAL:    3.47    2 = FOG REDUCING VISIBILITY
HIGHEST:    78 ON  4    GRTST 24HR  2.25 ON 11-11      TO 1/4 MILE OR LESS
LOWEST:     21 ON  8                               3 = THUNDER
                        SNOW, ICE PELLETS, HAIL    4 = ICE PELLETS
                        TOTAL MONTH:    T          5 = HAIL
                        GRTST 24HR    T  ON  9- 9  6 = FREEZING RAIN OR DRIZZLE
                        GRTST DEPTH:   0           7 = DUSTSTORM OR SANDSTORM:
                                                       VSBY 1/2 MILE OR LESS
                                                   8 = SMOKE OR HAZE
[NO. OF DAYS WITH]      [WEATHER - DAYS WITH]      9 = BLOWING SNOW
                                                   X = TORNADO
MAX 32 OR BELOW:   0    0.01 INCH OR MORE:   6
MAX 90 OR ABOVE:   0    0.10 INCH OR MORE:   4
MIN 32 OR BELOW:   5    0.50 INCH OR MORE:   3
MIN  0 OR BELOW:   0    1.00 INCH OR MORE:   3

[HDD (BASE 65) ]
TOTAL THIS MO.   296    CLEAR  (SCALE 0-3)   4
DPTR FM NORMAL   -89    PTCLDY (SCALE 4-7)   9
TOTAL FM JUL 1  2156    CLOUDY (SCALE 8-10)  5
DPTR FM NORMAL  -276

[CDD (BASE 65) ]
TOTAL THIS MO.     7
DPTR FM NORMAL     7    [PRESSURE DATA]
TOTAL FM JAN 1     7    HIGHEST SLP M ON M
DPTR FM NORMAL     7    LOWEST  SLP M ON M

[REMARKS]
