000
CXUS53 KARX 180930
CF6LSE
PRELIMINARY LOCAL CLIMATOLOGICAL DATA (WS FORM: F-6)

                                          STATION:   LA CROSSE WI
                                          MONTH:     APRIL
                                          YEAR:      2019
                                          LATITUDE:   43 52 N
                                          LONGITUDE:  91 15 W

  TEMPERATURE IN F:       :PCPN:    SNOW:  WIND      :SUNSHINE: SKY     :PK WND
================================================================================
1   2   3   4   5  6A  6B    7    8   9   10  11  12  13   14  15   16   17  18
                                     12Z  AVG MX 2MIN
DY MAX MIN AVG DEP HDD CDD  WTR  SNW DPTH SPD SPD DIR MIN PSBL S-S WX    SPD DR
================================================================================

 1  54  34  44   2  21   0 0.01  0.0    0 10.2 21 210   M    M   9        27 200
 2  56  34  45   3  20   0 0.07  0.0    0 10.4 31 260   M    M   4 1      42 260
 3  57  30  44   1  21   0 0.00  0.0    0  7.7 22 290   M    M   0        29 310
 4  47  37  42  -1  23   0 0.01  0.0    0  8.3 21 140   M    M   8        30 140
 5  59  39  49   5  16   0    T  0.0    0  4.7 12 160   M    M   8 8      15 170
 6  71  45  58  14   7   0 0.02  0.0    0  7.2 15 160   M    M   7 18     20 170
 7  61  50  56  11   9   0 0.12  0.0    0  4.4 14 300   M    M   5 18     18 300
 8  77  43  60  15   5   0 0.00  0.0    0 11.8 29 280   M    M   1 1      44 220
 9  66  37  52   6  13   0 0.00  0.0    0 10.6 21 320   M    M   1        35 320
10  38  33  36 -10  29   0 0.64  3.9    0 10.3 17  80   M    M   7 123    33  70
11  38  32  35 -12  30   0 1.05  2.0    4 14.5 31 100   M    M  10 13468  46 100
12  39  35  37 -10  28   0 0.01    T    3 16.1 33 220   M    M   9        41 230
13  39  34  37 -11  28   0    T    T    3 10.4 21 250   M    M  10        28 240
14  49  31  40  -8  25   0 0.00  0.0    2  7.2 16  30   M    M   3        23 360
15  59  27  43  -5  22   0 0.00  0.0    0  7.8 17 170   M    M   4        25 130
16  69  46  58   9   7   0 0.01  0.0    0  5.3 14 170   M    M   3        18 180
17  56  47  52   3  13   0 0.45  0.0    0  8.0 21 320   M    M   8 138    26 320
================================================================================
SM  935  634       317   0  2.39     5.9 154.9          M       97
================================================================================
AV 55.0 37.3                               9.1 FASTST   M    M   6    MAX(MPH)
                                 MISC ---->  # 33 220               # 46  100
================================================================================
NOTES:
# LAST OF SEVERAL OCCURRENCES

COLUMN 17 PEAK WIND IN M.P.H.

PRELIMINARY LOCAL CLIMATOLOGICAL DATA (WS FORM: F-6) , PAGE 2

                                          STATION:  LA CROSSE WI
                                          MONTH:    APRIL
                                          YEAR:     2019
                                          LATITUDE:   43 52 N
                                          LONGITUDE:  91 15 W

[TEMPERATURE DATA]      [PRECIPITATION DATA]       SYMBOLS USED IN COLUMN 16

AVERAGE MONTHLY: 46.2   TOTAL FOR MONTH:   2.39    1 = FOG OR MIST
DPTR FM NORMAL:   0.5   DPTR FM NORMAL:    0.61    2 = FOG REDUCING VISIBILITY
HIGHEST:    77 ON  8    GRTST 24HR  1.05 ON 11-11      TO 1/4 MILE OR LESS
LOWEST:     27 ON 15                               3 = THUNDER
                        SNOW, ICE PELLETS, HAIL    4 = ICE PELLETS
                        TOTAL MONTH:   5.9 INCHES  5 = HAIL
                        GRTST 24HR   3.9 ON 10-10  6 = FREEZING RAIN OR DRIZZLE
                        GRTST DEPTH:   4 ON 11     7 = DUSTSTORM OR SANDSTORM:
                                                       VSBY 1/2 MILE OR LESS
                                                   8 = SMOKE OR HAZE
[NO. OF DAYS WITH]      [WEATHER - DAYS WITH]      9 = BLOWING SNOW
                                                   X = TORNADO
MAX 32 OR BELOW:   0    0.01 INCH OR MORE:  10
MAX 90 OR ABOVE:   0    0.10 INCH OR MORE:   4
MIN 32 OR BELOW:   4    0.50 INCH OR MORE:   2
MIN  0 OR BELOW:   0    1.00 INCH OR MORE:   1

[HDD (BASE 65) ]
TOTAL THIS MO.   317    CLEAR  (SCALE 0-3)   4
DPTR FM NORMAL   -13    PTCLDY (SCALE 4-7)   7
TOTAL FM JUL 1  7010    CLOUDY (SCALE 8-10)  6
DPTR FM NORMAL   227

[CDD (BASE 65) ]
TOTAL THIS MO.     0
DPTR FM NORMAL     0    [PRESSURE DATA]
TOTAL FM JAN 1     0    HIGHEST SLP M ON M
DPTR FM NORMAL     0    LOWEST  SLP 29.45 ON M

[REMARKS]
