000
CXUS53 KARX 230930
CF6LSE
PRELIMINARY LOCAL CLIMATOLOGICAL DATA (WS FORM: F-6)

                                          STATION:   LA CROSSE WI
                                          MONTH:     FEBRUARY
                                          YEAR:      2019
                                          LATITUDE:   43 52 N
                                          LONGITUDE:  91 15 W

  TEMPERATURE IN F:       :PCPN:    SNOW:  WIND      :SUNSHINE: SKY     :PK WND
================================================================================
1   2   3   4   5  6A  6B    7    8   9   10  11  12  13   14  15   16   17  18
                                     12Z  AVG MX 2MIN
DY MAX MIN AVG DEP HDD CDD  WTR  SNW DPTH SPD SPD DIR MIN PSBL S-S WX    SPD DR
================================================================================

 1  15  -1   7 -12  58   0    T  0.1   11  7.8 17 180   M    M   7 8      24 180
 2  40  15  28   9  37   0    T  0.0   11  9.4 17 180   M    M   8 12     23 180
 3  43  38  41  22  24   0 0.01  0.0    4  6.3 12 180   M    M  10 12     14 170
 4  45  15  30  11  35   0 0.19    T    T 13.2 23 300   M    M   9 12     29 270
 5  24  12  18  -1  47   0 0.15  0.5    T  7.9 16 340   M    M   8 1468   21  50
 6  28  20  24   4  41   0 0.05  0.3    1  5.9 10 330   M    M  10 1468   13 360
 7  28   2  15  -5  50   0 0.23  3.0    1  9.8 25 280   M    M  10 128    32 290
 8   4  -6  -1 -21  66   0    T    T    4 12.8 24 270   M    M   3 8      31 280
 9  17 -13   2 -18  63   0 0.00  0.0    4  2.6 12 140   M    M   5        15 130
10  25  16  21   0  44   0 0.11  1.4    3  4.0  9  80   M    M  10 128    13 120
11  28  22  25   4  40   0 0.18  2.0    5  9.3 18  90   M    M  10 1      27  80
12  28  19  24   3  41   0 0.63  9.0   11 14.5 29 310   M    M  10 12     39 310
13  23   9  16  -6  49   0    T    T   14  8.1 18 290   M    M   4 8      24 300
14  33   7  20  -2  45   0    T  0.2   14  9.9 24 310   M    M   5 18     32 300
15  14  -8   3 -19  62   0    T    T   13  9.1 20 310   M    M   1 8      26 310
16  22 -13   5 -18  60   0 0.00  0.0   13  2.8 12  70   M    M   2        19  60
17  26   9  18  -5  47   0 0.16  4.7   13  7.1 16  50   M    M  10 18     24  40
18  24  -3  11 -13  54   0    T    T   17  6.0 10 310   M    M   4 128    12 330
19  27 -13   7 -17  58   0 0.00  0.0   16  1.8  8 110   M    M   2 128    12 110
20  33  20  27   3  38   0 0.43  5.6   18  9.0 23 250   M    M  10 128    32 270
21  28   5  17  -8  48   0 0.00  0.0   19  4.8 15 230   M    M   0 18     19 230
22  34   3  19  -6  46   0 0.00  0.0   18  2.5 12 100   M    M   4 18     17  80
================================================================================
SM  589  155      1053   0  2.14    26.8 164.6          M      142
================================================================================
AV 26.8  7.1                               7.5 FASTST   M    M   6    MAX(MPH)
                                 MISC ---->  # 29 310               # 39  310
================================================================================
NOTES:
# LAST OF SEVERAL OCCURRENCES

COLUMN 17 PEAK WIND IN M.P.H.

PRELIMINARY LOCAL CLIMATOLOGICAL DATA (WS FORM: F-6) , PAGE 2

                                          STATION:  LA CROSSE WI
                                          MONTH:    FEBRUARY
                                          YEAR:     2019
                                          LATITUDE:   43 52 N
                                          LONGITUDE:  91 15 W

[TEMPERATURE DATA]      [PRECIPITATION DATA]       SYMBOLS USED IN COLUMN 16

AVERAGE MONTHLY: 16.9   TOTAL FOR MONTH:   2.14    1 = FOG OR MIST
DPTR FM NORMAL:  -4.5   DPTR FM NORMAL:    1.36    2 = FOG REDUCING VISIBILITY
HIGHEST:    45 ON  4    GRTST 24HR  0.63 ON 12-12      TO 1/4 MILE OR LESS
LOWEST:    -13 ON 19,16                            3 = THUNDER
                        SNOW, ICE PELLETS, HAIL    4 = ICE PELLETS
                        TOTAL MONTH:  26.8 INCHES  5 = HAIL
                        GRTST 24HR   9.0 ON 12-12  6 = FREEZING RAIN OR DRIZZLE
                        GRTST DEPTH:  19 ON 21     7 = DUSTSTORM OR SANDSTORM:
                                                       VSBY 1/2 MILE OR LESS
                                                   8 = SMOKE OR HAZE
[NO. OF DAYS WITH]      [WEATHER - DAYS WITH]      9 = BLOWING SNOW
                                                   X = TORNADO
MAX 32 OR BELOW:  16    0.01 INCH OR MORE:  10
MAX 90 OR ABOVE:   0    0.10 INCH OR MORE:   8
MIN 32 OR BELOW:  21    0.50 INCH OR MORE:   1
MIN  0 OR BELOW:   7    1.00 INCH OR MORE:   0

[HDD (BASE 65) ]
TOTAL THIS MO.  1053    CLEAR  (SCALE 0-3)   5
DPTR FM NORMAL    94    PTCLDY (SCALE 4-7)   7
TOTAL FM JUL 1  5313    CLOUDY (SCALE 8-10) 10
DPTR FM NORMAL    35

[CDD (BASE 65) ]
TOTAL THIS MO.     0
DPTR FM NORMAL     0    [PRESSURE DATA]
TOTAL FM JAN 1     0    HIGHEST SLP M ON M
DPTR FM NORMAL     0    LOWEST  SLP 29.54 ON 14

[REMARKS]
