000
CXUS54 KFWD 230730
CF6LUD
PRELIMINARY LOCAL CLIMATOLOGICAL DATA (WS FORM: F-6)

                                          STATION:   DECATUR
                                          MONTH:     AUGUST
                                          YEAR:      2019
                                          LATITUDE:   33 15 N
                                          LONGITUDE:  97 30 W

  TEMPERATURE IN F:       :PCPN:    SNOW:  WIND      :SUNSHINE: SKY     :PK WND
================================================================================
1   2   3   4   5  6A  6B    7    8   9   10  11  12  13   14  15   16   17  18
                                     12Z  AVG MX 2MIN
DY MAX MIN AVG DEP HDD CDD  WTR  SNW DPTH SPD SPD DIR MIN PSBL S-S WX    SPD DR
================================================================================

 1  96  76  86   3   0  21 0.00  0.0    0  7.2 13 170   M    M   0        18 170
 2  97  77  87   4   0  22 0.00  0.0    0  6.5 10 140   M    M   0         M  M
 3  89  74  82  -1   0  17 0.35  0.0    0  8.8 14 140   M    M   2 1      20 130
 4  91  75  83   0   0  18 0.00  0.0    0  4.2  8  70   M    M   3 1       M  M
 5  95  75  85   2   0  20 0.00  0.0    0  2.7  8 130   M    M   1         M  M
 6 100  79  90   7   0  25 0.00  0.0    0  4.4  9 170   M    M   0         M  M
 7 100  81  91   8   0  26 0.00  0.0    0  8.1 12 150   M    M   0        17 170
 8  98  79  89   6   0  24 0.00  0.0    0  9.8 14 170   M    M   0        18 170
 9 101  80  91   8   0  26 0.00  0.0    0  7.6 10 180   M    M   0        22 160
10 101  80  91   8   0  26 0.00  0.0    0  8.1 13 180   M    M   0        16 170
11 101  80  91   8   0  26 0.00  0.0    0  8.2 13 140   M    M   0        17 170
12 101  80  91   8   0  26 0.00  0.0    0  8.2 12 160   M    M   0        17 160
13  99  78  89   6   0  24 0.04  0.0    0  5.2 14  20   M    M   2        17  20
14  94  71  83   0   0  18 1.03  0.0    0  5.8 15  20   M    M   3        23  20
15  96  74  85   2   0  20 0.00  0.0    0  4.0 12 130   M    M   1        17 130
16 100  77  89   6   0  24 0.00  0.0    0  8.1 13 130   M    M   0        18 130
17  99  79  89   7   0  24 0.00  0.0    0 10.6 15 160   M    M   0        21 160
18  99  79  89   7   0  24 0.00  0.0    0 10.6 17 160   M    M   0        21 150
19  99  80  90   8   0  25 0.00  0.0    0  7.6 13 160   M    M   0        17 160
20 100  78  89   7   0  24 0.00  0.0    0  5.7  9 130   M    M   1        16 160
21  99  78  89   7   0  24 0.00  0.0    0  7.3 12 140   M    M   0         M  M
22  98  79  89   7   0  24 0.00  0.0    0  8.1 12 130   M    M   1         M  M
================================================================================
SM 2153 1709         0 508  1.42     0.0 156.8          M       14
================================================================================
AV 97.9 77.7                               7.1 FASTST   M    M   1    MAX(MPH)
                                 MISC ---->  # 17 160               # 23   20
================================================================================
NOTES:
# LAST OF SEVERAL OCCURRENCES

COLUMN 17 PEAK WIND IN M.P.H.

PRELIMINARY LOCAL CLIMATOLOGICAL DATA (WS FORM: F-6) , PAGE 2

                                          STATION:  DECATUR
                                          MONTH:    AUGUST
                                          YEAR:     2019
                                          LATITUDE:   33 15 N
                                          LONGITUDE:  97 30 W

[TEMPERATURE DATA]      [PRECIPITATION DATA]       SYMBOLS USED IN COLUMN 16

AVERAGE MONTHLY: 87.8   TOTAL FOR MONTH:   1.42    1 = FOG OR MIST
DPTR FM NORMAL:   5.0   DPTR FM NORMAL:    0.01    2 = FOG REDUCING VISIBILITY
HIGHEST:   101 ON 12,11 GRTST 24HR  1.03 ON 14-14      TO 1/4 MILE OR LESS
LOWEST:     71 ON 14                               3 = THUNDER
                        SNOW, ICE PELLETS, HAIL    4 = ICE PELLETS
                        TOTAL MONTH:   0.0 INCH    5 = HAIL
                        GRTST 24HR     0.0         6 = FREEZING RAIN OR DRIZZLE
                        GRTST DEPTH:   0           7 = DUSTSTORM OR SANDSTORM:
                                                       VSBY 1/2 MILE OR LESS
                                                   8 = SMOKE OR HAZE
[NO. OF DAYS WITH]      [WEATHER - DAYS WITH]      9 = BLOWING SNOW
                                                   X = TORNADO
MAX 32 OR BELOW:   0    0.01 INCH OR MORE:   3
MAX 90 OR ABOVE:  21    0.10 INCH OR MORE:   2
MIN 32 OR BELOW:   0    0.50 INCH OR MORE:   1
MIN  0 OR BELOW:   0    1.00 INCH OR MORE:   1

[HDD (BASE 65) ]
TOTAL THIS MO.     0    CLEAR  (SCALE 0-3)  22
DPTR FM NORMAL     0    PTCLDY (SCALE 4-7)   0
TOTAL FM JUL 1     0    CLOUDY (SCALE 8-10)  0
DPTR FM NORMAL     0

[CDD (BASE 65) ]
TOTAL THIS MO.   508
DPTR FM NORMAL   117    [PRESSURE DATA]
TOTAL FM JAN 1  1829    HIGHEST SLP M ON M
DPTR FM NORMAL   262    LOWEST  SLP M ON M

[REMARKS]
