000
CXUS54 KFWD 250730
CF6LUD
PRELIMINARY LOCAL CLIMATOLOGICAL DATA (WS FORM: F-6)

                                          STATION:   DECATUR
                                          MONTH:     APRIL
                                          YEAR:      2019
                                          LATITUDE:   33 15 N
                                          LONGITUDE:  97 30 W

  TEMPERATURE IN F:       :PCPN:    SNOW:  WIND      :SUNSHINE: SKY     :PK WND
================================================================================
1   2   3   4   5  6A  6B    7    8   9   10  11  12  13   14  15   16   17  18
                                     12Z  AVG MX 2MIN
DY MAX MIN AVG DEP HDD CDD  WTR  SNW DPTH SPD SPD DIR MIN PSBL S-S WX    SPD DR
================================================================================

 1  60  38  49  -9  16   0 0.00  0.0    0  3.3 10 280   M    M   0        16 280
 2  72  42  57  -1   8   0 0.00  0.0    0 10.5 15 140   M    M   0        24 150
 3  67  49  58   0   7   0 0.00  0.0    0 13.4 20 150   M    M   6        28 150
 4  80  58  69  11   0   4 0.26  0.0    0  8.1 22 160   M    M   5 1      28 160
 5  78  53  66   7   0   1 0.00  0.0    0  6.6 10 130   M    M   0 1       M  M
 6  69  56  63   4   2   0 0.27  0.0    0  6.8 12 130   M    M   7 1      18 290
 7  70  59  65   6   0   0 0.00  0.0    0  5.0 10 140   M    M   7 12      M  M
 8  81  59  70  10   0   5 0.00  0.0    0  5.6  8 330   M    M   0        18 290
 9  86  60  73  13   0   8 0.00  0.0    0  7.7 14 140   M    M   0        21 160
10  90  67  79  19   0  14 0.00  0.0    0 18.4 30 160   M    M   0        38 220
11  77  48  63   3   2   0 0.00  0.0    0  9.2 18 170   M    M   0        24 310
12  66  40  53  -8  12   0 0.00  0.0    0  8.7 15  60   M    M   1        20  60
13  56  38  47 -14  18   0 1.77  0.0    0 15.6 27  50   M    M  10 13     38 360
14  66  41  54  -7  11   0 0.00  0.0    0  8.0 16 310   M    M   1        33 310
15  80  53  67   5   0   2 0.00  0.0    0 13.8 22 160   M    M   0        27 180
16  75  60  68   6   0   3 0.00  0.0    0 15.0 24 150   M    M   3        31 150
17  85  58  72  10   0   7 1.03  0.0    0 12.1 17 150   M    M   5        24 170
18  69  51  60  -2   5   0 0.04  0.0    0 10.5 20 330   M    M   2 1      32 340
19  65  49  57  -6   8   0 0.00  0.0    0  9.1 16 320   M    M   0        27 320
20  80  50  65   2   0   0 0.00  0.0    0  7.0 13 150   M    M   0        18 170
21  80  59  70   7   0   5 0.00  0.0    0 15.6 22 140   M    M   0        31 140
22  77  64  71   7   0   6 0.00  0.0    0 10.8 17 160   M    M   6        25 160
23  74  62  68   4   0   3 0.79  0.0    0  6.1 12 300   M    M   6 18     18 300
24  67  58  63  -1   2   0 0.29  0.0    0  4.9 13  80   M    M   7 1      20 150
================================================================================
SM 1770 1272        91  58  4.45     0.0 231.8          M       66
================================================================================
AV 73.8 53.0                               9.7 FASTST   M    M   3    MAX(MPH)
                                 MISC ---->  # 30 160               # 38  220
================================================================================
NOTES:
# LAST OF SEVERAL OCCURRENCES

COLUMN 17 PEAK WIND IN M.P.H.

PRELIMINARY LOCAL CLIMATOLOGICAL DATA (WS FORM: F-6) , PAGE 2

                                          STATION:  DECATUR
                                          MONTH:    APRIL
                                          YEAR:     2019
                                          LATITUDE:   33 15 N
                                          LONGITUDE:  97 30 W

[TEMPERATURE DATA]      [PRECIPITATION DATA]       SYMBOLS USED IN COLUMN 16

AVERAGE MONTHLY: 63.4   TOTAL FOR MONTH:   4.45    1 = FOG OR MIST
DPTR FM NORMAL:   2.5   DPTR FM NORMAL:    2.03    2 = FOG REDUCING VISIBILITY
HIGHEST:    90 ON 10    GRTST 24HR  1.77 ON 13-13      TO 1/4 MILE OR LESS
LOWEST:     38 ON 13, 1                            3 = THUNDER
                        SNOW, ICE PELLETS, HAIL    4 = ICE PELLETS
                        TOTAL MONTH:   0.0 INCH    5 = HAIL
                        GRTST 24HR     0.0         6 = FREEZING RAIN OR DRIZZLE
                        GRTST DEPTH:   0           7 = DUSTSTORM OR SANDSTORM:
                                                       VSBY 1/2 MILE OR LESS
                                                   8 = SMOKE OR HAZE
[NO. OF DAYS WITH]      [WEATHER - DAYS WITH]      9 = BLOWING SNOW
                                                   X = TORNADO
MAX 32 OR BELOW:   0    0.01 INCH OR MORE:   7
MAX 90 OR ABOVE:   1    0.10 INCH OR MORE:   6
MIN 32 OR BELOW:   0    0.50 INCH OR MORE:   3
MIN  0 OR BELOW:   0    1.00 INCH OR MORE:   2

[HDD (BASE 65) ]
TOTAL THIS MO.    91    CLEAR  (SCALE 0-3)  15
DPTR FM NORMAL   -44    PTCLDY (SCALE 4-7)   8
TOTAL FM JUL 1  2630    CLOUDY (SCALE 8-10)  1
DPTR FM NORMAL  -277

[CDD (BASE 65) ]
TOTAL THIS MO.    58
DPTR FM NORMAL    20    [PRESSURE DATA]
TOTAL FM JAN 1    84    HIGHEST SLP M ON M
DPTR FM NORMAL    34    LOWEST  SLP M ON M

[REMARKS]
