000
CXUS54 KFWD 170730
CF6LUD
PRELIMINARY LOCAL CLIMATOLOGICAL DATA (WS FORM: F-6)

                                          STATION:   DECATUR
                                          MONTH:     FEBRUARY
                                          YEAR:      2019
                                          LATITUDE:   33 15 N
                                          LONGITUDE:  97 30 W

  TEMPERATURE IN F:       :PCPN:    SNOW:  WIND      :SUNSHINE: SKY     :PK WND
================================================================================
1   2   3   4   5  6A  6B    7    8   9   10  11  12  13   14  15   16   17  18
                                     12Z  AVG MX 2MIN
DY MAX MIN AVG DEP HDD CDD  WTR  SNW DPTH SPD SPD DIR MIN PSBL S-S WX    SPD DR
================================================================================

 1  59  52  56  13   9   0 0.00  0.0    0  3.4  9 160   M    M   9 12      M  M
 2  65  53  59  16   6   0 0.00  0.0    0  4.5 10 150   M    M   7 1       M  M
 3  74  58  66  23   0   1 0.00  0.0    0  9.8 15 160   M    M   5 1      22 180
 4  81  58  70  26   0   5 0.00  0.0    0  2.9  9 260   M    M   0        16 180
 5  75  60  68  24   0   3 0.00  0.0    0  7.8 15 170   M    M   4 128    24 170
 6  74  62  68  24   0   3 0.19  0.0    0 10.0 17 140   M    M   5 18     27 140
 7  69  26  48   4  17   0 0.21  0.0    0 11.1 17 330   M    M   6 1      32 300
 8  36  20  28 -16  37   0 0.00  0.0    0  4.4 14  10   M    M   0        17  30
 9  37  32  35  -9  30   0 0.01    M    0  0.5  7 110   M    M   9 1       M  M
10  44  34  39  -6  26   0 0.05    M    0  2.5 12 130   M    M  10 1      17 120
11  56  44  50   5  15   0 0.18    M    0  5.3 13 240   M    M   6 1      18 240
12  56  37  47   2  18   0 0.00  0.0    0  4.7 21 310   M    M   1        30 310
13  63  40  52   7  13   0 0.00    M    0 11.2 20 180   M    M   0        29 180
14  78  51  65  20   0   0 0.00  0.0    0 10.9 17 200   M    M   0        24 190
15  67  32  50   4  15   0 0.00  0.0    0  7.5 13 300   M    M   1        20 300
16  41  29  35 -11  30   0 0.00  0.0    0  6.2 13 110   M    M  10 128    17 360
================================================================================
SM  975  688       216  12  0.64     0.0 102.7          M       73
================================================================================
AV 60.9 43.0                               6.4 FASTST   M    M   5    MAX(MPH)
                                 MISC ---->  # 21 310               # 32  300
================================================================================
NOTES:
# LAST OF SEVERAL OCCURRENCES

COLUMN 17 PEAK WIND IN M.P.H.

PRELIMINARY LOCAL CLIMATOLOGICAL DATA (WS FORM: F-6) , PAGE 2

                                          STATION:  DECATUR
                                          MONTH:    FEBRUARY
                                          YEAR:     2019
                                          LATITUDE:   33 15 N
                                          LONGITUDE:  97 30 W

[TEMPERATURE DATA]      [PRECIPITATION DATA]       SYMBOLS USED IN COLUMN 16

AVERAGE MONTHLY: 52.0   TOTAL FOR MONTH:   0.64    1 = FOG OR MIST
DPTR FM NORMAL:   7.6   DPTR FM NORMAL:   -0.71    2 = FOG REDUCING VISIBILITY
HIGHEST:    81 ON  4    GRTST 24HR  0.21 ON  7- 7      TO 1/4 MILE OR LESS
LOWEST:     20 ON  8                               3 = THUNDER
                        SNOW, ICE PELLETS, HAIL    4 = ICE PELLETS
                        TOTAL MONTH:   0.0 INCH    5 = HAIL
                        GRTST 24HR     0.0         6 = FREEZING RAIN OR DRIZZLE
                        GRTST DEPTH:   0           7 = DUSTSTORM OR SANDSTORM:
                                                       VSBY 1/2 MILE OR LESS
                                                   8 = SMOKE OR HAZE
[NO. OF DAYS WITH]      [WEATHER - DAYS WITH]      9 = BLOWING SNOW
                                                   X = TORNADO
MAX 32 OR BELOW:   0    0.01 INCH OR MORE:   5
MAX 90 OR ABOVE:   0    0.10 INCH OR MORE:   3
MIN 32 OR BELOW:   5    0.50 INCH OR MORE:   0
MIN  0 OR BELOW:   0    1.00 INCH OR MORE:   0

[HDD (BASE 65) ]
TOTAL THIS MO.   216    CLEAR  (SCALE 0-3)   6
DPTR FM NORMAL  -114    PTCLDY (SCALE 4-7)   6
TOTAL FM JUL 1  1937    CLOUDY (SCALE 8-10)  4
DPTR FM NORMAL  -252

[CDD (BASE 65) ]
TOTAL THIS MO.    12
DPTR FM NORMAL    12    [PRESSURE DATA]
TOTAL FM JAN 1    12    HIGHEST SLP M ON M
DPTR FM NORMAL    12    LOWEST  SLP M ON M

[REMARKS]
