121
CXUS51 KILN 191342
CF6LUK
PRELIMINARY LOCAL CLIMATOLOGICAL DATA (WS FORM: F-6)

                                          STATION:   CINCINNATI/LUNK ASOS
                                          MONTH:     FEBRUARY
                                          YEAR:      2019
                                          LATITUDE:   39  5 N
                                          LONGITUDE:  84 26 W

  TEMPERATURE IN F:       :PCPN:    SNOW:  WIND      :SUNSHINE: SKY     :PK WND
================================================================================
1   2   3   4   5  6A  6B    7    8   9   10  11  12  13   14  15   16   17  18
                                     12Z  AVG MX 2MIN
DY MAX MIN AVG DEP HDD CDD  WTR  SNW DPTH SPD SPD DIR MIN PSBL S-S WX    SPD DR
================================================================================

 1  31  17  24  -8  41   0 0.01    M    M  3.2 12  50   M    M   8 1      13  50
 2  47  20  34   2  31   0 0.00    M    M  2.6  8 190   M    M   6 12     11 210
 3  66  29  48  16  17   0 0.00    M    M  2.6 16 200   M    M   5 12     21 200
 4  62  30  46  13  19   0 0.05    M    M  5.4 17 200   M    M   5 1      21 200
 5  56  44  50  17  15   0 0.06    M    M  5.2 14 350   M    M  10 128    16 350
 6  62  44  53  20  12   0 1.61    M    M  2.2 17 340   M    M   9 13     23 330
 7  66  39  53  20  12   0 1.15    M    M  7.3 32 290   M    M  10 123    46 300
 8  39  19  29  -4  36   0    T    M    M 13.9 25 280   M    M   5        33 260
 9  32  15  24  -9  41   0 0.00    M    M  7.4 12  50   M    M   1        16 340
10  35  20  28  -6  37   0 0.18    M    M  1.6 10 190   M    M   7 18     12 190
11  43  35  39   5  26   0 0.78    M    M  3.8 10  60   M    M   8 1      12  60
12  56  32  44  10  21   0 1.22    M    M 10.2 32 260   M    M  10 1      43 270
13  38  27  33  -1  32   0    T    M    M 14.1 28 250   M    M   4        36 240
14  56  31  44   9  21   0 0.00    M    M 10.6 24 210   M    M   2        31 210
15  53  30  42   7  23   0    T    M    M 10.3 20 280   M    M   7        27 290
16  36  25  31  -4  34   0 0.00    M    M 10.4 16  50   M    M   2        20  40
17  35  25  30  -5  35   0 0.01    M    M  6.1 16 280   M    M   8 1      21 280
18  39  26  33  -3  32   0    T    M    M 10.0 22 270   M    M   9        28 270
================================================================================
SM  852  508       485   0  5.07    M    126.9          M      116
================================================================================
AV 47.3 28.2                               7.1 FASTST   M    M   6    MAX(MPH)
                                 MISC ---->  # 32 290               # 46  300
================================================================================
NOTES:
# LAST OF SEVERAL OCCURRENCES

COLUMN 17 PEAK WIND IN M.P.H.

PRELIMINARY LOCAL CLIMATOLOGICAL DATA (WS FORM: F-6) , PAGE 2

                                          STATION:  CINCINNATI/LUNK ASOS
                                          MONTH:    FEBRUARY
                                          YEAR:     2019
                                          LATITUDE:   39  5 N
                                          LONGITUDE:  84 26 W

[TEMPERATURE DATA]      [PRECIPITATION DATA]       SYMBOLS USED IN COLUMN 16

AVERAGE MONTHLY: 37.8   TOTAL FOR MONTH:   5.07    1 = FOG OR MIST
DPTR FM NORMAL:   4.1   DPTR FM NORMAL:    3.43    2 = FOG REDUCING VISIBILITY
HIGHEST:    66 ON  7, 3 GRTST 24HR  1.61 ON  6- 6      TO 1/4 MILE OR LESS
LOWEST:     15 ON  9                               3 = THUNDER
                        SNOW, ICE PELLETS, HAIL    4 = ICE PELLETS
                        TOTAL MONTH:    M          5 = HAIL
                        GRTST 24HR    M  ON   M    6 = FREEZING RAIN OR DRIZZLE
                        GRTST DEPTH:  M  ON   M    7 = DUSTSTORM OR SANDSTORM:
                                                       VSBY 1/2 MILE OR LESS
                                                   8 = SMOKE OR HAZE
[NO. OF DAYS WITH]      [WEATHER - DAYS WITH]      9 = BLOWING SNOW
                                                   X = TORNADO
MAX 32 OR BELOW:   2    0.01 INCH OR MORE:   9
MAX 90 OR ABOVE:   0    0.10 INCH OR MORE:   5
MIN 32 OR BELOW:  14    0.50 INCH OR MORE:   4
MIN  0 OR BELOW:   0    1.00 INCH OR MORE:   3

[HDD (BASE 65) ]
TOTAL THIS MO.   485    CLEAR  (SCALE 0-3)   3
DPTR FM NORMAL   -79    PTCLDY (SCALE 4-7)   9
TOTAL FM JUL 1  3418    CLOUDY (SCALE 8-10)  6
DPTR FM NORMAL   -51

[CDD (BASE 65) ]
TOTAL THIS MO.     0
DPTR FM NORMAL     0    [PRESSURE DATA]
TOTAL FM JAN 1     0    HIGHEST SLP M ON M
DPTR FM NORMAL     0    LOWEST  SLP 29.53 ON 12

[REMARKS]
