000
CXUS51 KILN 201634
CF6LUK
PRELIMINARY LOCAL CLIMATOLOGICAL DATA (WS FORM: F-6)

                                          STATION:   CINCINNATI/LUNK ASOS
                                          MONTH:     APRIL
                                          YEAR:      2019
                                          LATITUDE:   39  5 N
                                          LONGITUDE:  84 26 W

  TEMPERATURE IN F:       :PCPN:    SNOW:  WIND      :SUNSHINE: SKY     :PK WND
================================================================================
1   2   3   4   5  6A  6B    7    8   9   10  11  12  13   14  15   16   17  18
                                     12Z  AVG MX 2MIN
DY MAX MIN AVG DEP HDD CDD  WTR  SNW DPTH SPD SPD DIR MIN PSBL S-S WX    SPD DR
================================================================================

 1  47  23  35 -14  30   0 0.00    M    M  2.9 12 170   M    M   0        15 140
 2  60  29  45  -4  20   0 0.00    M    M  3.1 16 250   M    M   0        22 230
 3  63  34  49  -1  16   0 0.00    M    M  2.0 12 230   M    M   1        16 310
 4  69  42  56   6   9   0 0.00    M    M  8.3 20  60   M    M   3        25  50
 5  61  48  55   4  10   0 0.07    M    M  2.2  7 350   M    M  10 1      13 330
 6  70  48  59   8   6   0 0.00    M    M  1.5  9 190   M    M   7 18     16 160
 7  72  44  58   7   7   0 0.01    M    M  6.9 24 210   M    M   4 18     31 210
 8  73  56  65  13   0   0    T    M    M  4.0 15 230   M    M   4        23 220
 9  71  47  59   7   6   0 0.00    M    M  5.8 18 350   M    M   0 12     25 350
10  69  40  55   3  10   0 0.00    M    M  4.1 22  60   M    M   3 1      28  60
11  82  46  64  11   1   0 0.00    M    M  9.3 24 190   M    M   1        31 210
12  75  48  62   9   3   0 0.24    M    M 12.7 37 280   M    M   2 138    52 270
13  69  40  55   2  10   0 0.01    M    M  2.3 12  30   M    M   3 1      13  60
14  80  39  60   6   5   0 0.79    M    M 15.7 36 250   M    M   8 13     49 290
15  54  38  46  -8  19   0    T    M    M 10.2 24 260   M    M   7        36 250
16  76  36  56   2   9   0 0.00    M    M  7.7 23 200   M    M   0        34 220
17  76  49  63   8   2   0 0.00    M    M  6.8 23 190   M    M   1        27 190
18  78  60  69  14   0   4    T    M    M 12.8 29 210   M    M   5        38 220
19  61  43  52  -3  13   0 1.25    M    M 11.5 25  20   M    M  10 1      34  20
================================================================================
SM 1306  810       176   4  2.37    M    129.8          M       69
================================================================================
AV 68.7 42.6                               6.8 FASTST   M    M   4    MAX(MPH)
                                 MISC ---->  # 37 280               # 52  270
================================================================================
NOTES:
# LAST OF SEVERAL OCCURRENCES

COLUMN 17 PEAK WIND IN M.P.H.

PRELIMINARY LOCAL CLIMATOLOGICAL DATA (WS FORM: F-6) , PAGE 2

                                          STATION:  CINCINNATI/LUNK ASOS
                                          MONTH:    APRIL
                                          YEAR:     2019
                                          LATITUDE:   39  5 N
                                          LONGITUDE:  84 26 W

[TEMPERATURE DATA]      [PRECIPITATION DATA]       SYMBOLS USED IN COLUMN 16

AVERAGE MONTHLY: 55.7   TOTAL FOR MONTH:   2.37    1 = FOG OR MIST
DPTR FM NORMAL:   3.4   DPTR FM NORMAL:    0.00    2 = FOG REDUCING VISIBILITY
HIGHEST:    82 ON 11    GRTST 24HR  1.25 ON 19-19      TO 1/4 MILE OR LESS
LOWEST:     23 ON  1                               3 = THUNDER
                        SNOW, ICE PELLETS, HAIL    4 = ICE PELLETS
                        TOTAL MONTH:    M          5 = HAIL
                        GRTST 24HR    M  ON   M    6 = FREEZING RAIN OR DRIZZLE
                        GRTST DEPTH:  M  ON   M    7 = DUSTSTORM OR SANDSTORM:
                                                       VSBY 1/2 MILE OR LESS
                                                   8 = SMOKE OR HAZE
[NO. OF DAYS WITH]      [WEATHER - DAYS WITH]      9 = BLOWING SNOW
                                                   X = TORNADO
MAX 32 OR BELOW:   0    0.01 INCH OR MORE:   6
MAX 90 OR ABOVE:   0    0.10 INCH OR MORE:   3
MIN 32 OR BELOW:   2    0.50 INCH OR MORE:   2
MIN  0 OR BELOW:   0    1.00 INCH OR MORE:   1

[HDD (BASE 65) ]
TOTAL THIS MO.   176    CLEAR  (SCALE 0-3)  11
DPTR FM NORMAL   -66    PTCLDY (SCALE 4-7)   6
TOTAL FM JUL 1  4575    CLOUDY (SCALE 8-10)  2
DPTR FM NORMAL   -76

[CDD (BASE 65) ]
TOTAL THIS MO.     4
DPTR FM NORMAL     4    [PRESSURE DATA]
TOTAL FM JAN 1     4    HIGHEST SLP M ON M
DPTR FM NORMAL     4    LOWEST  SLP 29.25 ON 14

[REMARKS]
