431
CXUS51 KILN 221319
CF6LUK
PRELIMINARY LOCAL CLIMATOLOGICAL DATA (WS FORM: F-6)

                                          STATION:   CINCINNATI/LUNK ASOS
                                          MONTH:     AUGUST
                                          YEAR:      2019
                                          LATITUDE:   39  5 N
                                          LONGITUDE:  84 26 W

  TEMPERATURE IN F:       :PCPN:    SNOW:  WIND      :SUNSHINE: SKY     :PK WND
================================================================================
1   2   3   4   5  6A  6B    7    8   9   10  11  12  13   14  15   16   17  18
                                     12Z  AVG MX 2MIN
DY MAX MIN AVG DEP HDD CDD  WTR  SNW DPTH SPD SPD DIR MIN PSBL S-S WX    SPD DR
================================================================================

 1  89  64  77   1   0  12 0.00    M    M  2.5 18  40   M    M   4        23  40
 2  88  64  76   1   0  11 0.00    M    M  4.1 12  60   M    M   2 1      16  50
 3  88  59  74  -1   0   9 0.00    M    M  2.8 10  30   M    M   1 1      14  30
 4  89  58  74  -1   0   9 0.00    M    M  2.5 10  40   M    M   1 1      17  60
 5  89  63  76   1   0  11 0.00    M    M  2.9 14 240   M    M   2 1      16 210
 6  87  64  76   1   0  11 1.12    M    M  4.4 37 220   M    M   2 13     47 240
 7  88  65  77   2   0  12 0.01    M    M  3.7 14 290   M    M   4 13     18 290
 8  89  63  76   1   0  11    T    M    M  5.4 13 250   M    M   3 1      23 250
 9  88  63  76   1   0  11 0.00    M    M  4.9 14  40   M    M   2        24  70
10  86  58  72  -3   0   7 0.00    M    M  2.9 12 340   M    M   1 1      17 320
11  85  58  72  -3   0   7 0.00    M    M  2.8  9 190   M    M   0        18  90
12  84  62  73  -2   0   8    T    M    M  2.4  9 180   M    M   2 1      12 190
13  89  70  80   5   0  15 0.29    M    M  7.1 23  10   M    M   5 13     27 360
14  90  67  79   4   0  14 0.00    M    M  2.2  8  50   M    M   5 12     17  70
15  87  63  75   0   0  10 0.00    M    M  3.8 14 280   M    M   3 1      17 280
16  87  62  75   0   0  10 0.00    M    M  2.6 13 250   M    M   1 1      17 230
17  87  65  76   1   0  11 0.01    M    M  1.5 20 330   M    M   2 13     25 320
18  92  68  80   5   0  15 0.00    M    M  5.2 21 330   M    M   1 12     28 320
19  93  69  81   6   0  16    T  0.0    0  2.4 10 160   M    M   2        28 150
20  90  67  79   5   0  14 0.47    M    M  3.2 21 340   M    M   1 1358   31 320
21  89  68  79   5   0  14    T    M    M  5.3 15 280   M    M   4 1      18 280
================================================================================
SM 1854 1340         0 238  1.90     0.0  74.6          M       48
================================================================================
AV 88.3 63.8                               3.6 FASTST   M    M   2    MAX(MPH)
                                 MISC ---->  # 37 220               # 47  240
================================================================================
NOTES:
# LAST OF SEVERAL OCCURRENCES

COLUMN 17 PEAK WIND IN M.P.H.

PRELIMINARY LOCAL CLIMATOLOGICAL DATA (WS FORM: F-6) , PAGE 2

                                          STATION:  CINCINNATI/LUNK ASOS
                                          MONTH:    AUGUST
                                          YEAR:     2019
                                          LATITUDE:   39  5 N
                                          LONGITUDE:  84 26 W

[TEMPERATURE DATA]      [PRECIPITATION DATA]       SYMBOLS USED IN COLUMN 16

AVERAGE MONTHLY: 76.1   TOTAL FOR MONTH:   1.90    1 = FOG OR MIST
DPTR FM NORMAL:   1.1   DPTR FM NORMAL:   -0.66    2 = FOG REDUCING VISIBILITY
HIGHEST:    93 ON 19    GRTST 24HR  1.12 ON  6- 6      TO 1/4 MILE OR LESS
LOWEST:     58 ON 11,10                            3 = THUNDER
                        SNOW, ICE PELLETS, HAIL    4 = ICE PELLETS
                        TOTAL MONTH:   0.0 INCH    5 = HAIL
                        GRTST 24HR     0.0         6 = FREEZING RAIN OR DRIZZLE
                        GRTST DEPTH:   0           7 = DUSTSTORM OR SANDSTORM:
                                                       VSBY 1/2 MILE OR LESS
                                                   8 = SMOKE OR HAZE
[NO. OF DAYS WITH]      [WEATHER - DAYS WITH]      9 = BLOWING SNOW
                                                   X = TORNADO
MAX 32 OR BELOW:   0    0.01 INCH OR MORE:   5
MAX 90 OR ABOVE:   4    0.10 INCH OR MORE:   3
MIN 32 OR BELOW:   0    0.50 INCH OR MORE:   1
MIN  0 OR BELOW:   0    1.00 INCH OR MORE:   1

[HDD (BASE 65) ]
TOTAL THIS MO.     0    CLEAR  (SCALE 0-3)  16
DPTR FM NORMAL     0    PTCLDY (SCALE 4-7)   5
TOTAL FM JUL 1     0    CLOUDY (SCALE 8-10)  0
DPTR FM NORMAL     0

[CDD (BASE 65) ]
TOTAL THIS MO.   238
DPTR FM NORMAL    29    [PRESSURE DATA]
TOTAL FM JAN 1   969    HIGHEST SLP M ON M
DPTR FM NORMAL   207    LOWEST  SLP 29.75 ON 13

[REMARKS]
