000
CXUS54 KHGX 171515
CF6LVJ
PRELIMINARY LOCAL CLIMATOLOGICAL DATA (WS FORM: F-6)

                                          STATION:   HOUSTON/CLOVER_FIELD
                                          MONTH:     FEBRUARY
                                          YEAR:      2019
                                          LATITUDE:   29 31 N
                                          LONGITUDE:  95 14 W

  TEMPERATURE IN F:       :PCPN:    SNOW:  WIND      :SUNSHINE: SKY     :PK WND
================================================================================
1   2   3   4   5  6A  6B    7    8   9   10  11  12  13   14  15   16   17  18
                                     12Z  AVG MX 2MIN
DY MAX MIN AVG DEP HDD CDD  WTR  SNW DPTH SPD SPD DIR MIN PSBL S-S WX    SPD DR
================================================================================

 1  67  56  62   7   3   0    T  0.0    0  8.0 14  90   M    M  10 1      17  80
 2  63  58  61   6   4   0 0.06  0.0    0  6.9 13 110   M    M  10 12     16 110
 3  71  59  65  10   0   0 0.23  0.0    0  5.1 12 170   M    M  10 1      16 180
 4  77  66  72  17   0   7 0.00  0.0    0  4.5 13 190   M    M   9 12     17 230
 5  76  67  72  17   0   7 0.00  0.0    0  6.6 14 180   M    M   9 12     18 190
 6  79  70  75  20   0  10 0.00  0.0    0 11.2 20 180   M    M  10 1      27 180
 7  76  47  62   6   3   0 0.08  0.0    0 12.6 28 350   M    M  10 1      36 360
 8  47  39  43 -13  22   0    T  0.0    0 13.9 22  10   M    M   9        29  20
 9  47  39  43 -13  22   0    T  0.0    0  9.3 16  70   M    M  10        21  30
10  66  47  57   1   8   0    T    M    0  7.5 16 110   M    M  10 1      22 110
11  73  62  68  12   0   3 0.07  0.0    0  8.7 17 180   M    M  10 1      23 180
12  69  49  59   3   6   0 0.05    M    0 10.2 20  10   M    M   3        27 310
13  64  38  51  -5  14   0 0.00  0.0    0  4.9 15 130   M    M   0        19 150
14  75  53  64   7   1   0 0.00  0.0    0  8.1 22 190   M    M   3        32 180
15  75  57  66   9   0   1 0.00  0.0    0  6.6 17 190   M    M   8 1      25 200
16  72  63  68  11   0   3 0.01  0.0    0  3.7 13 350   M    M  10 128    16 350
================================================================================
SM 1097  870        83  31  0.50     0.0 127.8          M      131
================================================================================
AV 68.6 54.4                               8.0 FASTST   M    M   8    MAX(MPH)
                                 MISC ---->  # 28 350               # 36  360
================================================================================
NOTES:
# LAST OF SEVERAL OCCURRENCES

COLUMN 17 PEAK WIND IN M.P.H.

PRELIMINARY LOCAL CLIMATOLOGICAL DATA (WS FORM: F-6) , PAGE 2

                                          STATION:  HOUSTON/CLOVER_FIELD
                                          MONTH:    FEBRUARY
                                          YEAR:     2019
                                          LATITUDE:   29 31 N
                                          LONGITUDE:  95 14 W

[TEMPERATURE DATA]      [PRECIPITATION DATA]       SYMBOLS USED IN COLUMN 16

AVERAGE MONTHLY: 61.5   TOTAL FOR MONTH:   0.50    1 = FOG OR MIST
DPTR FM NORMAL:   5.7   DPTR FM NORMAL:   -1.39    2 = FOG REDUCING VISIBILITY
HIGHEST:    79 ON  6    GRTST 24HR  0.48 ON 31- 1      TO 1/4 MILE OR LESS
LOWEST:     38 ON 13                               3 = THUNDER
                        SNOW, ICE PELLETS, HAIL    4 = ICE PELLETS
                        TOTAL MONTH:   0.0 INCH    5 = HAIL
                        GRTST 24HR     0.0         6 = FREEZING RAIN OR DRIZZLE
                        GRTST DEPTH:   0           7 = DUSTSTORM OR SANDSTORM:
                                                       VSBY 1/2 MILE OR LESS
                                                   8 = SMOKE OR HAZE
[NO. OF DAYS WITH]      [WEATHER - DAYS WITH]      9 = BLOWING SNOW
                                                   X = TORNADO
MAX 32 OR BELOW:   0    0.01 INCH OR MORE:   6
MAX 90 OR ABOVE:   0    0.10 INCH OR MORE:   1
MIN 32 OR BELOW:   0    0.50 INCH OR MORE:   0
MIN  0 OR BELOW:   0    1.00 INCH OR MORE:   0

[HDD (BASE 65) ]
TOTAL THIS MO.    83    CLEAR  (SCALE 0-3)   3
DPTR FM NORMAL   -75    PTCLDY (SCALE 4-7)   1
TOTAL FM JUL 1   932    CLOUDY (SCALE 8-10) 12
DPTR FM NORMAL   -96

[CDD (BASE 65) ]
TOTAL THIS MO.    31
DPTR FM NORMAL    19    [PRESSURE DATA]
TOTAL FM JAN 1    36    HIGHEST SLP M ON M
DPTR FM NORMAL    15    LOWEST  SLP 29.65 ON 16

[REMARKS]
