501
CXUS53 KTOP 180800
CF6LWC
PRELIMINARY LOCAL CLIMATOLOGICAL DATA (WS FORM: F-6)

                                          STATION:   Lawrence KS
                                          MONTH:     AUGUST
                                          YEAR:      2019
                                          LATITUDE:   39  0 N
                                          LONGITUDE:  95 13 W

  TEMPERATURE IN F:       :PCPN:    SNOW:  WIND      :SUNSHINE: SKY     :PK WND
================================================================================
1   2   3   4   5  6A  6B    7    8   9   10  11  12  13   14  15   16   17  18
                                     12Z  AVG MX 2MIN
DY MAX MIN AVG DEP HDD CDD  WTR  SNW DPTH SPD SPD DIR MIN PSBL S-S WX    SPD DR
================================================================================

 1  86  69  78  -1   0  13 3.73    M    M  6.8 14  40   M    M   6 13     20 340
 2  85  68  77  -2   0  12 0.05    M    M  6.2 10 110   M    M   7 1       M  M
 3  88  67  78  -1   0  13 0.04    M    M  6.1 10  60   M    M   5         M  M
 4  90  64  77  -2   0  12 0.00    M    M  1.9  9 150   M    M   1 18     12 160
 5  92  68  80   1   0  15 0.00    M    M  2.6  9 270   M    M   1 18     13 190
 6  94  71  83   4   0  18 0.00    M    M  4.5 12 320   M    M   1 1      16 340
 7  84  68  76  -3   0  11    M    M    M  3.6  5 110   M    M   2 13      M  M
 8  88  67  78  -1   0  13 0.00    M    M  3.6 13 320   M    M   1 12     18 330
 9  91  66  79   1   0  14 0.00    M    M  3.4 13 170   M    M   1 1      15 170
10  93  71  82   4   0  17 0.00    M    M  4.1 12 150   M    M   1 1      16 160
11  89  74  82   4   0  17 0.24    M    M  7.9 17  80   M    M   5 13     26  90
12  96  73  85   7   0  20 0.01    M    M  5.8 25 330   M    M   1        31 330
13  93  69  81   3   0  16 0.00    M    M  5.6 16 340   M    M   0 1      22 350
14  88  66  77  -1   0  12 0.00    M    M  5.2 13 320   M    M   0        17 330
15  87  60  74  -4   0   9 0.02    M    M  6.2 18 140   M    M   2 13     26  90
16  86  67  77  -1   0  12 0.44    M    M  8.1 21 170   M    M   3 13     29 190
17  91  67  79   1   0  14 1.73    M    M  9.2 44 340   M    M   3 13     69 350
================================================================================
SM 1521 1155         0 238  6.26    M     90.8          M       40
================================================================================
AV 89.5 67.9                               5.3 FASTST   M    M   2    MAX(MPH)
                                 MISC ---->  # 44 340               # 69  350
================================================================================
NOTES:
# LAST OF SEVERAL OCCURRENCES

COLUMN 17 PEAK WIND IN M.P.H.

PRELIMINARY LOCAL CLIMATOLOGICAL DATA (WS FORM: F-6) , PAGE 2

                                          STATION:  Lawrence KS
                                          MONTH:    AUGUST
                                          YEAR:     2019
                                          LATITUDE:   39  0 N
                                          LONGITUDE:  95 13 W

[TEMPERATURE DATA]      [PRECIPITATION DATA]       SYMBOLS USED IN COLUMN 16

AVERAGE MONTHLY: 78.7   TOTAL FOR MONTH:   6.26    1 = FOG OR MIST
DPTR FM NORMAL:   0.2   DPTR FM NORMAL:    4.16    2 = FOG REDUCING VISIBILITY
HIGHEST:    96 ON 12    GRTST 24HR  3.73 ON  1- 1      TO 1/4 MILE OR LESS
LOWEST:     60 ON 15                               3 = THUNDER
                        SNOW, ICE PELLETS, HAIL    4 = ICE PELLETS
                        TOTAL MONTH:    M          5 = HAIL
                        GRTST 24HR    M  ON   M    6 = FREEZING RAIN OR DRIZZLE
                        GRTST DEPTH:  M  ON   M    7 = DUSTSTORM OR SANDSTORM:
                                                       VSBY 1/2 MILE OR LESS
                                                   8 = SMOKE OR HAZE
[NO. OF DAYS WITH]      [WEATHER - DAYS WITH]      9 = BLOWING SNOW
                                                   X = TORNADO
MAX 32 OR BELOW:   0    0.01 INCH OR MORE:   8
MAX 90 OR ABOVE:   8    0.10 INCH OR MORE:   4
MIN 32 OR BELOW:   0    0.50 INCH OR MORE:   2
MIN  0 OR BELOW:   0    1.00 INCH OR MORE:   2

[HDD (BASE 65) ]
TOTAL THIS MO.     0    CLEAR  (SCALE 0-3)  12
DPTR FM NORMAL     0    PTCLDY (SCALE 4-7)   5
TOTAL FM JUL 1     0    CLOUDY (SCALE 8-10)  0
DPTR FM NORMAL    -1

[CDD (BASE 65) ]
TOTAL THIS MO.   238
DPTR FM NORMAL     8    [PRESSURE DATA]
TOTAL FM JAN 1  1085    HIGHEST SLP M ON M
DPTR FM NORMAL    47    LOWEST  SLP 29.66 ON 17

[REMARKS]
