000
CXUS53 KTOP 240800
CF6LWC
PRELIMINARY LOCAL CLIMATOLOGICAL DATA (WS FORM: F-6)

                                          STATION:   Lawrence KS
                                          MONTH:     APRIL
                                          YEAR:      2019
                                          LATITUDE:   39  0 N
                                          LONGITUDE:  95 13 W

  TEMPERATURE IN F:       :PCPN:    SNOW:  WIND      :SUNSHINE: SKY     :PK WND
================================================================================
1   2   3   4   5  6A  6B    7    8   9   10  11  12  13   14  15   16   17  18
                                     12Z  AVG MX 2MIN
DY MAX MIN AVG DEP HDD CDD  WTR  SNW DPTH SPD SPD DIR MIN PSBL S-S WX    SPD DR
================================================================================

 1  59  27  43  -7  22   0 0.00    M    M  7.8 16 200   M    M   2        23 210
 2  58  34  46  -5  19   0 0.00    M    M  5.7 18 340   M    M   4 8      22 330
 3  69  47  58   7   7   0    T    M    M 10.8 21 150   M    M   6        28 150
 4  60  43  52   1  13   0 0.35    M    M  4.9 14  50   M    M   9 12     17  50
 5  68  41  55   3  10   0 0.00    M    M  7.1 16 140   M    M   6 12     21 150
 6  77  47  62  10   3   0 0.88    M    M 10.0 24 280   M    M   2 13     35 270
 7  76  52  64  12   1   0 0.00    M    M  8.8 24 300   M    M   6 1      32 300
 8  81  41  61   8   4   0 0.00    M    M  5.1 16 300   M    M   0 1      21  20
 9  79  51  65  12   0   0 0.00    M    M 10.0 20 130   M    M   0        25 130
10  87  57  72  19   0   7 0.00    M    M 18.3 30 180   M    M   0        45 190
11  77  36  57   3   8   0 0.00    M    M 20.3 29 250   M    M   8        40 250
12  57  32  45  -9  20   0 0.00    M    M 14.0 26 260   M    M   0        38 270
13  58  26  42 -12  23   0 0.00    M    M  9.3 22 360   M    M   0        31 360
14  60  33  47  -7  18   0 0.00    M    M  9.4 20 340   M    M   1        27  10
15  80  42  61   6   4   0 0.00    M    M 11.7 29 170   M    M   0        37 170
16  84  56  70  15   0   5 0.00    M    M 11.4 23 160   M    M   0        32 160
17  79  55  67  12   0   2 0.56    M    M 12.6 24 200   M    M   8 13     32 360
18  66  48  57   1   8   0 0.01    M    M 14.9 28 330   M    M   5        41  10
19  66  38  52  -4  13   0 0.00    M    M 12.1 23 350   M    M   0        32 340
20  77  33  55  -1  10   0 0.00    M    M  7.5 17 210   M    M   0        25 190
21  85  53  69  12   0   4 0.00    M    M 16.3 35 180   M    M   0        50 170
22  77  52  65   8   0   0    T    M    M 12.3 20 230   M    M   5 3      30 210
23  56  49  53  -4  12   0 0.01    M    M  5.2 13 360   M    M   9 1      16 360
================================================================================
SM 1636  993       195  18  1.81    M    245.5          M       71
================================================================================
AV 71.1 43.2                              10.7 FASTST   M    M   3    MAX(MPH)
                                 MISC ---->  # 35 180               # 50  170
================================================================================
NOTES:
# LAST OF SEVERAL OCCURRENCES

COLUMN 17 PEAK WIND IN M.P.H.

PRELIMINARY LOCAL CLIMATOLOGICAL DATA (WS FORM: F-6) , PAGE 2

                                          STATION:  Lawrence KS
                                          MONTH:    APRIL
                                          YEAR:     2019
                                          LATITUDE:   39  0 N
                                          LONGITUDE:  95 13 W

[TEMPERATURE DATA]      [PRECIPITATION DATA]       SYMBOLS USED IN COLUMN 16

AVERAGE MONTHLY: 57.2   TOTAL FOR MONTH:   1.81    1 = FOG OR MIST
DPTR FM NORMAL:   3.3   DPTR FM NORMAL:   -0.87    2 = FOG REDUCING VISIBILITY
HIGHEST:    87 ON 10    GRTST 24HR  0.88 ON  6- 6      TO 1/4 MILE OR LESS
LOWEST:     26 ON 13                               3 = THUNDER
                        SNOW, ICE PELLETS, HAIL    4 = ICE PELLETS
                        TOTAL MONTH:    M          5 = HAIL
                        GRTST 24HR    M  ON   M    6 = FREEZING RAIN OR DRIZZLE
                        GRTST DEPTH:  M  ON   M    7 = DUSTSTORM OR SANDSTORM:
                                                       VSBY 1/2 MILE OR LESS
                                                   8 = SMOKE OR HAZE
[NO. OF DAYS WITH]      [WEATHER - DAYS WITH]      9 = BLOWING SNOW
                                                   X = TORNADO
MAX 32 OR BELOW:   0    0.01 INCH OR MORE:   5
MAX 90 OR ABOVE:   0    0.10 INCH OR MORE:   3
MIN 32 OR BELOW:   3    0.50 INCH OR MORE:   2
MIN  0 OR BELOW:   0    1.00 INCH OR MORE:   0

[HDD (BASE 65) ]
TOTAL THIS MO.   195    CLEAR  (SCALE 0-3)  13
DPTR FM NORMAL   -77    PTCLDY (SCALE 4-7)   8
TOTAL FM JUL 1  5227    CLOUDY (SCALE 8-10)  2
DPTR FM NORMAL   299

[CDD (BASE 65) ]
TOTAL THIS MO.    18
DPTR FM NORMAL     2    [PRESSURE DATA]
TOTAL FM JAN 1    18    HIGHEST SLP  0.00 ON 18
DPTR FM NORMAL    -1    LOWEST  SLP 29.13 ON 11

[REMARKS]
