000
CXUS53 KDMX 170920
CF6LWD
PRELIMINARY LOCAL CLIMATOLOGICAL DATA (WS FORM: F-6)

                                          STATION:   LAMONI IA
                                          MONTH:     JUNE
                                          YEAR:      2019
                                          LATITUDE:   40 37 N
                                          LONGITUDE:  93 56 W

  TEMPERATURE IN F:       :PCPN:    SNOW:  WIND      :SUNSHINE: SKY     :PK WND
================================================================================
1   2   3   4   5  6A  6B    7    8   9   10  11  12  13   14  15   16   17  18
                                     12Z  AVG MX 2MIN
DY MAX MIN AVG DEP HDD CDD  WTR  SNW DPTH SPD SPD DIR MIN PSBL S-S WX    SPD DR
================================================================================

 1  82  60  71   4   0   6 0.10  0.0    0  8.0 25 360   M    M   0 13     34 360
 2  76  54  65  -2   0   0 0.00  0.0    0  5.2 10  50   M    M   0        15  50
 3  74  58  66  -1   0   1 0.03  0.0    0  6.9 13 150   M    M   2 3      21 120
 4  84  64  74   6   0   9 0.03  0.0    0 10.4 20 200   M    M   2 13     28 180
 5  89  68  79  11   0  14 0.00  0.0    0  6.7 16 290   M    M   0        21 290
 6  86  65  76   8   0  11 0.40  0.0    0  4.3 14 200   M    M   1 38     20 100
 7  85  66  76   8   0  11 0.00  0.0    0  5.1 10  80   M    M   1        18  60
 8  83  63  73   4   0   8 0.00  0.0    0  3.9 13  50   M    M   0        18  50
 9  79  58  69   0   0   4 0.00  0.0    0 10.8 24 330   M    M   3        33 340
10  78  51  65  -5   0   0 0.00  0.0    0  8.8 18 290   M    M   0        25 310
11  79  58  69  -1   0   4    T  0.0    0  9.3 22 200   M    M   1        30 210
12  73  54  64  -6   1   0    T  0.0    0 11.3 29 350   M    M   3 3      38 350
13  74  47  61  -9   4   0 0.00  0.0    0  7.8 14 270   M    M   0        21 350
14  72  60  66  -5   0   1 0.07  0.0    0 11.6 23 190   M    M   4 1      34 190
15  85  66  76   5   0  11 0.01  0.0    0  9.6 26 230   M    M   3 3      38 230
16  83  61  72   1   0   7 0.00  0.0    0  5.6 16  30   M    M   0 1      23 330
================================================================================
SM 1282  953         5  87  0.64     0.0 125.3          M       20
================================================================================
AV 80.1 59.6                               7.8 FASTST   M    M   1    MAX(MPH)
                                 MISC ---->  # 29 350               # 38  350
================================================================================
NOTES:
# LAST OF SEVERAL OCCURRENCES

COLUMN 17 PEAK WIND IN M.P.H.

PRELIMINARY LOCAL CLIMATOLOGICAL DATA (WS FORM: F-6) , PAGE 2

                                          STATION:  LAMONI IA
                                          MONTH:    JUNE
                                          YEAR:     2019
                                          LATITUDE:   40 37 N
                                          LONGITUDE:  93 56 W

[TEMPERATURE DATA]      [PRECIPITATION DATA]       SYMBOLS USED IN COLUMN 16

AVERAGE MONTHLY: 69.8   TOTAL FOR MONTH:   0.64    1 = FOG OR MIST
DPTR FM NORMAL:   0.8   DPTR FM NORMAL:   -2.37    2 = FOG REDUCING VISIBILITY
HIGHEST:    89 ON  5    GRTST 24HR  0.40 ON  6- 6      TO 1/4 MILE OR LESS
LOWEST:     47 ON 13                               3 = THUNDER
                        SNOW, ICE PELLETS, HAIL    4 = ICE PELLETS
                        TOTAL MONTH:   0.0 INCH    5 = HAIL
                        GRTST 24HR     0.0         6 = FREEZING RAIN OR DRIZZLE
                        GRTST DEPTH:   0           7 = DUSTSTORM OR SANDSTORM:
                                                       VSBY 1/2 MILE OR LESS
                                                   8 = SMOKE OR HAZE
[NO. OF DAYS WITH]      [WEATHER - DAYS WITH]      9 = BLOWING SNOW
                                                   X = TORNADO
MAX 32 OR BELOW:   0    0.01 INCH OR MORE:   6
MAX 90 OR ABOVE:   0    0.10 INCH OR MORE:   2
MIN 32 OR BELOW:   0    0.50 INCH OR MORE:   0
MIN  0 OR BELOW:   0    1.00 INCH OR MORE:   0

[HDD (BASE 65) ]
TOTAL THIS MO.     5    CLEAR  (SCALE 0-3)  14
DPTR FM NORMAL   -11    PTCLDY (SCALE 4-7)   2
TOTAL FM JUL 1  6436    CLOUDY (SCALE 8-10)  0
DPTR FM NORMAL   360

[CDD (BASE 65) ]
TOTAL THIS MO.    87
DPTR FM NORMAL     7    [PRESSURE DATA]
TOTAL FM JAN 1   144    HIGHEST SLP 29.89 ON  9
DPTR FM NORMAL    10    LOWEST  SLP 29.60 ON 15

[REMARKS]
