000
CXUS56 KOTX 200900
CF6LWS
PRELIMINARY LOCAL CLIMATOLOGICAL DATA (WS FORM: F-6)

                                          STATION:   LEWISTON ID AIRPORT
                                          MONTH:     FEBRUARY
                                          YEAR:      2019
                                          LATITUDE:   46 22 N
                                          LONGITUDE: 117  1 W

  TEMPERATURE IN F:       :PCPN:    SNOW:  WIND      :SUNSHINE: SKY     :PK WND
================================================================================
1   2   3   4   5  6A  6B    7    8   9   10  11  12  13   14  15   16   17  18
                                     12Z  AVG MX 2MIN
DY MAX MIN AVG DEP HDD CDD  WTR  SNW DPTH SPD SPD DIR MIN PSBL S-S WX    SPD DR
================================================================================

 1  50  37  44   7  21   0 0.00  0.0    0  9.9 20 100   M    M   6        24 120
 2  53  40  47  10  18   0 0.03  0.0    0  4.7 13  70   M    M   9        16  70
 3  45  33  39   2  26   0 0.94  0.1    0  3.5 12 310   M    M  10 1      17  40
 4  43  28  36  -1  29   0 0.07  0.4    0  5.7 17 290   M    M   8 1      23 300
 5  30  24  27 -11  38   0    T  0.2    1  5.1 12 320   M    M  10 1      14 320
 6  27  14  21 -17  44   0    T    T    1  7.0 18 320   M    M   5        22 300
 7  28  12  20 -18  45   0 0.00  0.0    0  7.2 13 100   M    M   2        16 110
 8  34  22  28 -10  37   0 0.00  0.0    0  3.6 14 100   M    M  10        16 140
 9  42  27  35  -3  30   0 0.00  0.0    0 11.5 22  70   M    M   4        29  50
10  28  17  23 -15  42   0 0.31  4.3    T  4.7 16 290   M    M  10 12     21 290
11  34  21  28 -10  37   0 0.17  1.7    4  5.6 13  90   M    M  10 1      16  80
12  44  34  39   1  26   0 0.00  0.0    5  9.8 21 210   M    M   9        26 210
13  40  32  36  -2  29   0 0.22  1.1    1  2.9 20 210   M    M  10 12     24 220
14  40  29  35  -3  30   0 0.03  0.0    T  5.7 16  70   M    M   8 1      20  70
15  41  27  34  -4  31   0 0.32  0.6    1  4.1 14 180   M    M   7 1      16 280
16  37  27  32  -7  33   0 0.02  0.3    0  2.7  8 130   M    M   9 12      8 130
17  35  29  32  -7  33   0 0.02  0.9    0  5.5 14 290   M    M  10 1      16 310
18  30  19  25 -14  40   0    T  0.1    1  4.7 16 290   M    M   6        18 300
19  29  24  27 -12  38   0 0.12  2.4    4  2.5 10  80   M    M  10 18     12  60
================================================================================
SM  710  496       627   0  2.25    12.1 106.4          M      153
================================================================================
AV 37.4 26.1                               5.6 FASTST   M    M   8    MAX(MPH)
                                 MISC ---->  # 22  70               # 29   50
================================================================================
NOTES:
# LAST OF SEVERAL OCCURRENCES

COLUMN 17 PEAK WIND IN M.P.H.

PRELIMINARY LOCAL CLIMATOLOGICAL DATA (WS FORM: F-6) , PAGE 2

                                          STATION:  LEWISTON ID AIRPORT
                                          MONTH:    FEBRUARY
                                          YEAR:     2019
                                          LATITUDE:   46 22 N
                                          LONGITUDE: 117  1 W

[TEMPERATURE DATA]      [PRECIPITATION DATA]       SYMBOLS USED IN COLUMN 16

AVERAGE MONTHLY: 31.7   TOTAL FOR MONTH:   2.25    1 = FOG OR MIST
DPTR FM NORMAL:  -6.3   DPTR FM NORMAL:    1.73    2 = FOG REDUCING VISIBILITY
HIGHEST:    53 ON  2    GRTST 24HR  0.94 ON  3- 3      TO 1/4 MILE OR LESS
LOWEST:     12 ON  7                               3 = THUNDER
                        SNOW, ICE PELLETS, HAIL    4 = ICE PELLETS
                        TOTAL MONTH:  12.1 INCHES  5 = HAIL
                        GRTST 24HR   4.3 ON 10-10  6 = FREEZING RAIN OR DRIZZLE
                        GRTST DEPTH:   5 ON 12     7 = DUSTSTORM OR SANDSTORM:
                                                       VSBY 1/2 MILE OR LESS
                                                   8 = SMOKE OR HAZE
[NO. OF DAYS WITH]      [WEATHER - DAYS WITH]      9 = BLOWING SNOW
                                                   X = TORNADO
MAX 32 OR BELOW:   6    0.01 INCH OR MORE:  11
MAX 90 OR ABOVE:   0    0.10 INCH OR MORE:   6
MIN 32 OR BELOW:  15    0.50 INCH OR MORE:   1
MIN  0 OR BELOW:   0    1.00 INCH OR MORE:   0

[HDD (BASE 65) ]
TOTAL THIS MO.   627    CLEAR  (SCALE 0-3)   1
DPTR FM NORMAL   114    PTCLDY (SCALE 4-7)   6
TOTAL FM JUL 1  3488    CLOUDY (SCALE 8-10) 12
DPTR FM NORMAL  -144

[CDD (BASE 65) ]
TOTAL THIS MO.     0
DPTR FM NORMAL     0    [PRESSURE DATA]
TOTAL FM JAN 1     0    HIGHEST SLP M ON M
DPTR FM NORMAL     0    LOWEST  SLP 29.22 ON 14

[REMARKS]
