000
CXUS56 KTFX 171205
CF6LWT
PRELIMINARY LOCAL CLIMATOLOGICAL DATA (WS FORM: F-6)

                                          STATION:   LEWISTOWN MT
                                          MONTH:     FEBRUARY
                                          YEAR:      2019
                                          LATITUDE:   47  2 N
                                          LONGITUDE: 109 28 W

  TEMPERATURE IN F:       :PCPN:    SNOW:  WIND      :SUNSHINE: SKY     :PK WND
================================================================================
1   2   3   4   5  6A  6B    7    8   9   10  11  12  13   14  15   16   17  18
                                     12Z  AVG MX 2MIN
DY MAX MIN AVG DEP HDD CDD  WTR  SNW DPTH SPD SPD DIR MIN PSBL S-S WX    SPD DR
================================================================================

 1  50  30  40  16  25   0 0.00    M    1  8.4 25 220   M    M   0        31 220
 2  48   4  26   2  39   0    T    M    T 13.8 29 220   M    M   6 1      36 220
 3   4 -11  -3 -27  68   0 0.13    M    2  8.4 15 290   M    M  10 128    19 280
 4  -7 -14 -10 -34  75   0    T    M    6  7.8 15  90   M    M   8 1      17  90
 5  -8 -13 -10 -35  75   0    T    M    7  3.5  8 360   M    M  10 18     10 270
 6  -8 -13 -10 -35  75   0    T    M    8  6.1 12 270   M    M  10 18     14 270
 7  11 -25  -7 -32  72   0 0.00    M    8  4.9 16 220   M    M   1        16 220
 8  22  -9   7 -18  58   0    T    M    8  8.7 17 280   M    M   8 189    22 300
 9  -8 -16 -12 -37  77   0    T    M    9  7.9 13 270   M    M  10 18     15 270
10  -2 -18 -10 -35  75   0    T    M   10  6.4 15 240   M    M   6 18     17 240
11  -1 -16  -8 -33  73   0    T    M   12  4.1 15 270   M    M   4 18     17 280
12  34  -7  14 -11  51   0 0.00    M   10 10.4 30 220   M    M   3        37 210
13  32  -3  15 -10  50   0    T    M    8  7.9 18 220   M    M   8 1      23 220
14  24 -10   7 -18  58   0    T    M    8  9.5 31 100   M    M   3 18     39 100
15  19   2  11 -15  54   0    T    M    9  7.8 31  90   M    M   6 1      39  90
16   5  -3   1 -25  64   0    T    M   11  9.7 16 270   M    M  10 12     19 270
================================================================================
SM  215 -122       989   0  0.13    M    125.3          M      103
================================================================================
AV 13.4 -7.6                               7.8 FASTST   M    M   6    MAX(MPH)
                                 MISC ---->  # 31 100               # 39  100
================================================================================
NOTES:
# LAST OF SEVERAL OCCURRENCES

COLUMN 17 PEAK WIND IN M.P.H.

PRELIMINARY LOCAL CLIMATOLOGICAL DATA (WS FORM: F-6) , PAGE 2

                                          STATION:  LEWISTOWN MT
                                          MONTH:    FEBRUARY
                                          YEAR:     2019
                                          LATITUDE:   47  2 N
                                          LONGITUDE: 109 28 W

[TEMPERATURE DATA]      [PRECIPITATION DATA]       SYMBOLS USED IN COLUMN 16

AVERAGE MONTHLY:  2.9   TOTAL FOR MONTH:   0.13    1 = FOG OR MIST
DPTR FM NORMAL: -22.0   DPTR FM NORMAL:   -0.12    2 = FOG REDUCING VISIBILITY
HIGHEST:    50 ON  1    GRTST 24HR  0.13 ON  3- 3      TO 1/4 MILE OR LESS
LOWEST:    -25 ON  7                               3 = THUNDER
                        SNOW, ICE PELLETS, HAIL    4 = ICE PELLETS
                        TOTAL MONTH:    M          5 = HAIL
                        GRTST 24HR    M  ON   M    6 = FREEZING RAIN OR DRIZZLE
                        GRTST DEPTH:  12 ON 11     7 = DUSTSTORM OR SANDSTORM:
                                                       VSBY 1/2 MILE OR LESS
                                                   8 = SMOKE OR HAZE
[NO. OF DAYS WITH]      [WEATHER - DAYS WITH]      9 = BLOWING SNOW
                                                   X = TORNADO
MAX 32 OR BELOW:  13    0.01 INCH OR MORE:   1
MAX 90 OR ABOVE:   0    0.10 INCH OR MORE:   1
MIN 32 OR BELOW:  16    0.50 INCH OR MORE:   0
MIN  0 OR BELOW:  13    1.00 INCH OR MORE:   0

[HDD (BASE 65) ]
TOTAL THIS MO.   989    CLEAR  (SCALE 0-3)   2
DPTR FM NORMAL   348    PTCLDY (SCALE 4-7)   8
TOTAL FM JUL 1  5573    CLOUDY (SCALE 8-10)  6
DPTR FM NORMAL   227

[CDD (BASE 65) ]
TOTAL THIS MO.     0
DPTR FM NORMAL     0    [PRESSURE DATA]
TOTAL FM JAN 1     0    HIGHEST SLP M ON M
DPTR FM NORMAL     0    LOWEST  SLP 29.36 ON  3

[REMARKS]
