000
CXUS53 KILX 192300
CF6LWV
PRELIMINARY LOCAL CLIMATOLOGICAL DATA (WS FORM: F-6)

                                          STATION:   LAWRENCEVILLE IL AIRPORT
                                          MONTH:     APRIL
                                          YEAR:      2019
                                          LATITUDE:   38 45 N
                                          LONGITUDE:  87 36 W

  TEMPERATURE IN F:       :PCPN:    SNOW:  WIND      :SUNSHINE: SKY     :PK WND
================================================================================
1   2   3   4   5  6A  6B    7    8   9   10  11  12  13   14  15   16   17  18
                                     12Z  AVG MX 2MIN
DY MAX MIN AVG DEP HDD CDD  WTR  SNW DPTH SPD SPD DIR MIN PSBL S-S WX    SPD DR
================================================================================

 1  50  26  38 -13  27   0 0.00    M    M  3.9 14 160   M    M   0        23 220
 2  61  31  46  -5  19   0 0.00    M    M  6.9 21 210   M    M   1        27 210
 3  64  38  51   0  14   0 0.00    M    M  4.2 13  80   M    M   1 18     15 180
 4  71  48  60   8   5   0 0.18    M    M  9.1 21 200   M    M   4 1      26 170
 5  62  52  57   5   8   0 0.02  0.0    0  3.4 10 130   M    M  10 1      15  30
 6  70  44  57   5   8   0 0.00  0.0    0  5.1 14 120   M    M   4 12     18 170
 7  73  57  65  12   0   0 0.23  0.0    0 12.1 26 210   M    M   6 1      33 210
 8  76  56  66  13   0   1 0.03  0.0    0  3.7 15 150   M    M   4        21 300
 9  72  50  61   7   4   0 0.00  0.0    0  6.9 18  20   M    M   0 1      24  40
10  77  47  62   8   3   0 0.00  0.0    0  9.0 18 130   M    M   1        24 130
11  82  59  71  17   0   6 0.22  0.0    0 16.9 35 190   M    M   1 138    49 180
12  66  46  56   1   9   0 0.84    M    M 12.9 26 230   M    M   3 1      36 240
13  62  43  53  -2  12   0 0.52    M    M 10.1 23  30   M    M   2 1      32  30
14  50  36  43 -13  22   0 0.56    M    M 16.7 29  50   M    M  10 1      39  50
15  57  33  45 -11  20   0 0.00    M    M  7.0 14 190   M    M   0        19 210
16  78  44  61   5   4   0 0.00    M    M 13.0 29 210   M    M   0        37 200
17  81  55  68  11   0   3 0.00    M    M 13.7 31 190   M    M   3        41 180
18  70  48  59   2   6   0 1.13    M    M 14.6 24 170   M    M  10 1      35 170
================================================================================
SM 1222  813       161  10  3.73     0.0 169.2          M       60
================================================================================
AV 67.9 45.2                               9.4 FASTST   M    M   3    MAX(MPH)
                                 MISC ---->  # 35 190               # 49  180
================================================================================
NOTES:
# LAST OF SEVERAL OCCURRENCES

COLUMN 17 PEAK WIND IN M.P.H.

PRELIMINARY LOCAL CLIMATOLOGICAL DATA (WS FORM: F-6) , PAGE 2

                                          STATION:  LAWRENCEVILLE IL AIRPORT
                                          MONTH:    APRIL
                                          YEAR:     2019
                                          LATITUDE:   38 45 N
                                          LONGITUDE:  87 36 W

[TEMPERATURE DATA]      [PRECIPITATION DATA]       SYMBOLS USED IN COLUMN 16

AVERAGE MONTHLY: 56.5   TOTAL FOR MONTH:   3.73    1 = FOG OR MIST
DPTR FM NORMAL:   2.7   DPTR FM NORMAL:    1.65    2 = FOG REDUCING VISIBILITY
HIGHEST:    82 ON 11    GRTST 24HR  1.13 ON 18-18      TO 1/4 MILE OR LESS
LOWEST:     26 ON  1                               3 = THUNDER
                        SNOW, ICE PELLETS, HAIL    4 = ICE PELLETS
                        TOTAL MONTH:   0.0 INCH    5 = HAIL
                        GRTST 24HR     0.0         6 = FREEZING RAIN OR DRIZZLE
                        GRTST DEPTH:   0           7 = DUSTSTORM OR SANDSTORM:
                                                       VSBY 1/2 MILE OR LESS
                                                   8 = SMOKE OR HAZE
[NO. OF DAYS WITH]      [WEATHER - DAYS WITH]      9 = BLOWING SNOW
                                                   X = TORNADO
MAX 32 OR BELOW:   0    0.01 INCH OR MORE:   9
MAX 90 OR ABOVE:   0    0.10 INCH OR MORE:   7
MIN 32 OR BELOW:   2    0.50 INCH OR MORE:   4
MIN  0 OR BELOW:   0    1.00 INCH OR MORE:   1

[HDD (BASE 65) ]
TOTAL THIS MO.   161    CLEAR  (SCALE 0-3)  11
DPTR FM NORMAL   -52    PTCLDY (SCALE 4-7)   4
TOTAL FM JUL 1  4595    CLOUDY (SCALE 8-10)  3
DPTR FM NORMAL    85

[CDD (BASE 65) ]
TOTAL THIS MO.    10
DPTR FM NORMAL    -2    [PRESSURE DATA]
TOTAL FM JAN 1    10    HIGHEST SLP M ON M
DPTR FM NORMAL    -4    LOWEST  SLP 29.37 ON 14

[REMARKS]
