000
CXUS53 KILX 220900
CF6LWV
PRELIMINARY LOCAL CLIMATOLOGICAL DATA (WS FORM: F-6)

                                          STATION:   LAWRENCEVILLE IL AIRPORT
                                          MONTH:     FEBRUARY
                                          YEAR:      2019
                                          LATITUDE:   38 45 N
                                          LONGITUDE:  87 36 W

  TEMPERATURE IN F:       :PCPN:    SNOW:  WIND      :SUNSHINE: SKY     :PK WND
================================================================================
1   2   3   4   5  6A  6B    7    8   9   10  11  12  13   14  15   16   17  18
                                     12Z  AVG MX 2MIN
DY MAX MIN AVG DEP HDD CDD  WTR  SNW DPTH SPD SPD DIR MIN PSBL S-S WX    SPD DR
================================================================================

 1  42  20  31  -1  34   0 0.01    M    M  3.1 10  60   M    M   4 18     14  40
 2  52  24  38   6  27   0 0.00  0.0    M  4.1 12 210   M    M   5 128    14 220
 3  65  35  50  17  15   0 0.00  0.0    M  8.0 18 190   M    M   2 1      23 210
 4  59  41  50  17  15   0 0.02    M    M 11.4 17 190   M    M   9 1      23 180
 5  45  32  39   6  26   0 0.43    M    M  7.7 16 340   M    M  10 13     21 320
 6  53  43  48  15  17   0 1.05    M    M  5.8 20 150   M    M  10 123    24 330
 7  61  23  42   8  23   0 3.22    M    0 14.6 31 250   M    M  10 123    44 240
 8  26  18  22 -12  43   0    T    M    0 14.3 25 290   M    M   6        34 290
 9  32  14  23 -11  42   0 0.00  0.0    0  8.0 15 340   M    M   0        18 350
10  37  24  31  -3  34   0 0.15    M    0  6.8 13 130   M    M   8 126    16 190
11  47  35  41   7  24   0 0.57    M    0  6.4 13  90   M    M  10 12     17 100
12  51  30  41   6  24   0 0.35    M    0 15.8 28 280   M    M  10 1      43 280
13  41  26  34  -1  31   0 0.00  0.0    0 11.7 29 280   M    M   0        42 300
14  59  36  48  13  17   0 0.00    M    M 16.2 35 210   M    M   3        44 210
15  47  26  37   1  28   0    T    M    M 12.5 26 300   M    M   7 8      32 290
16  40  24  32  -4  33   0 0.00    M    M 10.9 17  10   M    M   3        23  80
17  36  31  34  -2  31   0 0.01    M    M  8.6 17 280   M    M  10 18     24 280
18  33  25  29  -7  36   0    T    M    M 10.9 24 290   M    M   9 8      32 290
19  37  23  30  -7  35   0 0.09    M    M  9.4 21  70   M    M   2 168    27  70
20  46  33  40   3  25   0 0.53    M    M  9.7 18  70   M    M   8 16     27 270
21  47  27  37   0  28   0 0.00    M    M  5.4 13  30   M    M   0 18     15  20
================================================================================
SM  956  590       588   0  6.43     0.0 201.3          M      126
================================================================================
AV 45.5 28.1                               9.6 FASTST   M    M   6    MAX(MPH)
                                 MISC ---->  # 35 210               # 44  240
================================================================================
NOTES:
# LAST OF SEVERAL OCCURRENCES

COLUMN 17 PEAK WIND IN M.P.H.

PRELIMINARY LOCAL CLIMATOLOGICAL DATA (WS FORM: F-6) , PAGE 2

                                          STATION:  LAWRENCEVILLE IL AIRPORT
                                          MONTH:    FEBRUARY
                                          YEAR:     2019
                                          LATITUDE:   38 45 N
                                          LONGITUDE:  87 36 W

[TEMPERATURE DATA]      [PRECIPITATION DATA]       SYMBOLS USED IN COLUMN 16

AVERAGE MONTHLY: 36.8   TOTAL FOR MONTH:   6.43    1 = FOG OR MIST
DPTR FM NORMAL:   2.2   DPTR FM NORMAL:    4.85    2 = FOG REDUCING VISIBILITY
HIGHEST:    65 ON  3    GRTST 24HR  3.22 ON  7- 7      TO 1/4 MILE OR LESS
LOWEST:     14 ON  9                               3 = THUNDER
                        SNOW, ICE PELLETS, HAIL    4 = ICE PELLETS
                        TOTAL MONTH:   0.0 INCH    5 = HAIL
                        GRTST 24HR     0.0         6 = FREEZING RAIN OR DRIZZLE
                        GRTST DEPTH:   0           7 = DUSTSTORM OR SANDSTORM:
                                                       VSBY 1/2 MILE OR LESS
                                                   8 = SMOKE OR HAZE
[NO. OF DAYS WITH]      [WEATHER - DAYS WITH]      9 = BLOWING SNOW
                                                   X = TORNADO
MAX 32 OR BELOW:   2    0.01 INCH OR MORE:  11
MAX 90 OR ABOVE:   0    0.10 INCH OR MORE:   7
MIN 32 OR BELOW:  15    0.50 INCH OR MORE:   4
MIN  0 OR BELOW:   0    1.00 INCH OR MORE:   2

[HDD (BASE 65) ]
TOTAL THIS MO.   588    CLEAR  (SCALE 0-3)   5
DPTR FM NORMAL   -53    PTCLDY (SCALE 4-7)   6
TOTAL FM JUL 1  3512    CLOUDY (SCALE 8-10) 10
DPTR FM NORMAL    20

[CDD (BASE 65) ]
TOTAL THIS MO.     0
DPTR FM NORMAL     0    [PRESSURE DATA]
TOTAL FM JAN 1     0    HIGHEST SLP M ON M
DPTR FM NORMAL     0    LOWEST  SLP 29.61 ON 14

[REMARKS]
