000
CXUS55 KEAX 250736
CF6LXT
PRELIMINARY LOCAL CLIMATOLOGICAL DATA (WS FORM: F-6)

                                          STATION:   Lee`s Summit MO
                                          MONTH:     APRIL
                                          YEAR:      2019
                                          LATITUDE:   38 57 N
                                          LONGITUDE:  94 22 W

  TEMPERATURE IN F:       :PCPN:    SNOW:  WIND      :SUNSHINE: SKY     :PK WND
================================================================================
1   2   3   4   5  6A  6B    7    8   9   10  11  12  13   14  15   16   17  18
                                     12Z  AVG MX 2MIN
DY MAX MIN AVG DEP HDD CDD  WTR  SNW DPTH SPD SPD DIR MIN PSBL S-S WX    SPD DR
================================================================================

 1  56  32  44  -5  21   0 0.00    M    M 11.6 20 210   M    M   0        24 200
 2  56  39  48  -2  17   0    T    M    M  8.2 16 200   M    M   4        24 290
 3  68  47  58   8   7   0    T    M    M  9.3 21 150   M    M   6        28 150
 4  55  47  51   1  14   0 0.21    M    M  7.5 16 180   M    M  10 1      23 170
 5  62  44  53   2  12   0 0.00    M    M  5.2 12 110   M    M   6 12     16 110
 6  76  48  62  11   3   0 0.31    M    M 12.0 20 210   M    M   2 13     27 180
 7  71  58  65  14   0   0 0.27    M    M 10.4 20 230   M    M   5 1      25 300
 8  79  49  64  12   1   0 0.00    M    M  4.6 14 250   M    M   0 1      19 270
 9  76  55  66  14   0   1 0.00    M    M 10.2 18 110   M    M   0        23 110
10  86  54  70  18   0   5 0.00    M    M 16.1 31 200   M    M   0        43 190
11  74  38  56   3   9   0 0.00    M    M 23.1 32 240   M    M   6        47 250
12  56  32  44  -9  21   0 0.00    M    M 15.3 29 250   M    M   1        47 260
13  56  34  45  -8  20   0 0.00    M    M 10.4 25  30   M    M   1        35  20
14  57  39  48  -6  17   0 0.00    M    M 12.3 24  20   M    M   2        34  30
15  78  44  61   7   4   0 0.00    M    M 14.1 28 200   M    M   1        39 200
16  80  56  68  14   0   3 0.00    M    M 14.0 23 210   M    M   0        33 210
17  76  53  65  10   0   0 1.33    M    M 13.1 28 340   M    M   8 13     39 340
18  59  47  53  -2  12   0 0.17    M    M 15.0 25 360   M    M   8 13     33 360
19  62  43  53  -3  12   0 0.00    M    M 13.3 26  10   M    M   1        34  40
20  73  39  56   0   9   0 0.00    M    M  8.1 18 210   M    M   0        26 210
21  84  56  70  14   0   5 0.00    M    M 17.4 35 190   M    M   0        45 200
22  75  54  65   9   0   0    T    M    M 13.8 24 210   M    M   5        33 190
23  55  51  53  -4  12   0 0.04    M    M  5.4 14  10   M    M   9        18  10
24  62  52  57   0   8   0    T    M    M  3.3  8 160   M    M   9 1      10 170
================================================================================
SM 1632 1111       199  14  2.33    M    273.7          M       84
================================================================================
AV 68.0 46.3                              11.4 FASTST   M    M   4    MAX(MPH)
                                 MISC ---->  # 35 190               # 47  250
================================================================================
NOTES:
# LAST OF SEVERAL OCCURRENCES

COLUMN 17 PEAK WIND IN M.P.H.

PRELIMINARY LOCAL CLIMATOLOGICAL DATA (WS FORM: F-6) , PAGE 2

                                          STATION:  Lee`s Summit MO
                                          MONTH:    APRIL
                                          YEAR:     2019
                                          LATITUDE:   38 57 N
                                          LONGITUDE:  94 22 W

[TEMPERATURE DATA]      [PRECIPITATION DATA]       SYMBOLS USED IN COLUMN 16

AVERAGE MONTHLY: 57.2   TOTAL FOR MONTH:   2.33    1 = FOG OR MIST
DPTR FM NORMAL:   3.9   DPTR FM NORMAL:   -0.46    2 = FOG REDUCING VISIBILITY
HIGHEST:    86 ON 10    GRTST 24HR  1.33 ON 17-17      TO 1/4 MILE OR LESS
LOWEST:     32 ON 12, 1                            3 = THUNDER
                        SNOW, ICE PELLETS, HAIL    4 = ICE PELLETS
                        TOTAL MONTH:    M          5 = HAIL
                        GRTST 24HR    M  ON   M    6 = FREEZING RAIN OR DRIZZLE
                        GRTST DEPTH:  M  ON   M    7 = DUSTSTORM OR SANDSTORM:
                                                       VSBY 1/2 MILE OR LESS
                                                   8 = SMOKE OR HAZE
[NO. OF DAYS WITH]      [WEATHER - DAYS WITH]      9 = BLOWING SNOW
                                                   X = TORNADO
MAX 32 OR BELOW:   0    0.01 INCH OR MORE:   6
MAX 90 OR ABOVE:   0    0.10 INCH OR MORE:   5
MIN 32 OR BELOW:   2    0.50 INCH OR MORE:   1
MIN  0 OR BELOW:   0    1.00 INCH OR MORE:   1

[HDD (BASE 65) ]
TOTAL THIS MO.   199    CLEAR  (SCALE 0-3)  13
DPTR FM NORMAL   -92    PTCLDY (SCALE 4-7)   8
TOTAL FM JUL 1  4671    CLOUDY (SCALE 8-10)  3
DPTR FM NORMAL  -231

[CDD (BASE 65) ]
TOTAL THIS MO.    14
DPTR FM NORMAL    14    [PRESSURE DATA]
TOTAL FM JAN 1    14    HIGHEST SLP  0.00 ON M
DPTR FM NORMAL    14    LOWEST  SLP  0.00 ON M

[REMARKS]
