000
CXUS55 KEAX 200736
CF6LXT
PRELIMINARY LOCAL CLIMATOLOGICAL DATA (WS FORM: F-6)

                                          STATION:   Lee`s Summit MO
                                          MONTH:     FEBRUARY
                                          YEAR:      2019
                                          LATITUDE:   38 57 N
                                          LONGITUDE:  94 22 W

  TEMPERATURE IN F:       :PCPN:    SNOW:  WIND      :SUNSHINE: SKY     :PK WND
================================================================================
1   2   3   4   5  6A  6B    7    8   9   10  11  12  13   14  15   16   17  18
                                     12Z  AVG MX 2MIN
DY MAX MIN AVG DEP HDD CDD  WTR  SNW DPTH SPD SPD DIR MIN PSBL S-S WX    SPD DR
================================================================================

 1  52  19  36   6  29   0 0.00    M    M  6.5 14 190   M    M   0        19 180
 2  56  40  48  18  17   0 0.00    M    M 12.7 20 190   M    M   8 1      27 180
 3  64  51  58  27   7   0 0.00    M    M 16.3 30 200   M    M   7 1      38 200
 4  59  21  40   9  25   0    T    M    M 13.3 25 340   M    M   6 1      34 320
 5  26  20  23  -8  42   0    T    M    M  8.8 15 360   M    M   8 16     19  90
 6  26  22  24  -7  41   0 0.05    M    M  9.9 18  70   M    M  10 136    24  20
 7  26  10  18 -14  47   0 0.27    M    M 17.2 26 300   M    M   6 136    37 290
 8  20   5  13 -19  52   0 0.00    M    M  7.4 22 310   M    M   0        29 300
 9  29  11  20 -12  45   0 0.00    M    M  9.4 17 120   M    M   5        24 130
10  35  28  32   0  33   0 0.02    M    M  7.4 16 160   M    M  10 1268   22 150
11  34  32  33   0  32   0 0.31    M    M  9.5 17  70   M    M  10 126    22  80
12  38  28  33   0  32   0 0.00    M    M 13.1 25 310   M    M   5        37 250
13  54  24  39   6  26   0 0.00    M    M 11.2 25 200   M    M   0        32 210
14  57  19  38   4  27   0 0.00    M    M 13.9 28 340   M    M   2 18     34 190
15  19  14  17 -17  48   0 0.10    M    M 11.0 20 350   M    M   8 12     25 350
16  25  15  20 -14  45   0 0.01    M    M  9.0 16  70   M    M   7 1      22  70
17  28  20  24 -10  41   0    T    M    M 12.2 22 320   M    M   8 1      29 310
18  27  13  20 -15  45   0 0.00    M    M  6.7 13 340   M    M   4 18     16  20
19  29  19  24 -11  41   0 0.22    M    M 12.1 24  70   M    M   6 16     32  70
================================================================================
SM  704  411       675   0  0.98    M    207.6          M      110
================================================================================
AV 37.1 21.6                              10.9 FASTST   M    M   6    MAX(MPH)
                                 MISC ---->  # 30 200               # 38  200
================================================================================
NOTES:
# LAST OF SEVERAL OCCURRENCES

COLUMN 17 PEAK WIND IN M.P.H.

PRELIMINARY LOCAL CLIMATOLOGICAL DATA (WS FORM: F-6) , PAGE 2

                                          STATION:  Lee`s Summit MO
                                          MONTH:    FEBRUARY
                                          YEAR:     2019
                                          LATITUDE:   38 57 N
                                          LONGITUDE:  94 22 W

[TEMPERATURE DATA]      [PRECIPITATION DATA]       SYMBOLS USED IN COLUMN 16

AVERAGE MONTHLY: 29.3   TOTAL FOR MONTH:   0.98    1 = FOG OR MIST
DPTR FM NORMAL:  -3.1   DPTR FM NORMAL:   -0.06    2 = FOG REDUCING VISIBILITY
HIGHEST:    64 ON  3    GRTST 24HR  0.31 ON 11-11      TO 1/4 MILE OR LESS
LOWEST:      5 ON  8                               3 = THUNDER
                        SNOW, ICE PELLETS, HAIL    4 = ICE PELLETS
                        TOTAL MONTH:    M          5 = HAIL
                        GRTST 24HR    M  ON   M    6 = FREEZING RAIN OR DRIZZLE
                        GRTST DEPTH:  M  ON   M    7 = DUSTSTORM OR SANDSTORM:
                                                       VSBY 1/2 MILE OR LESS
                                                   8 = SMOKE OR HAZE
[NO. OF DAYS WITH]      [WEATHER - DAYS WITH]      9 = BLOWING SNOW
                                                   X = TORNADO
MAX 32 OR BELOW:  10    0.01 INCH OR MORE:   7
MAX 90 OR ABOVE:   0    0.10 INCH OR MORE:   4
MIN 32 OR BELOW:  17    0.50 INCH OR MORE:   0
MIN  0 OR BELOW:   0    1.00 INCH OR MORE:   0

[HDD (BASE 65) ]
TOTAL THIS MO.   675    CLEAR  (SCALE 0-3)   4
DPTR FM NORMAL    57    PTCLDY (SCALE 4-7)  11
TOTAL FM JUL 1  3417    CLOUDY (SCALE 8-10)  4
DPTR FM NORMAL  -288

[CDD (BASE 65) ]
TOTAL THIS MO.     0
DPTR FM NORMAL     0    [PRESSURE DATA]
TOTAL FM JAN 1     0    HIGHEST SLP  0.00 ON M
DPTR FM NORMAL     0    LOWEST  SLP  0.00 ON M

[REMARKS]
