000
CXUS55 KPUB 211059
CF6LXV
PRELIMINARY LOCAL CLIMATOLOGICAL DATA (WS FORM: F-6)

                                          STATION:   LEADVILLE CO
                                          MONTH:     JULY
                                          YEAR:      2019
                                          LATITUDE:   39 15 N
                                          LONGITUDE: 106 18 W

  TEMPERATURE IN F:       :PCPN:    SNOW:  WIND      :SUNSHINE: SKY     :PK WND
================================================================================
1   2   3   4   5  6A  6B    7    8   9   10  11  12  13   14  15   16   17  18
                                     12Z  AVG MX 2MIN
DY MAX MIN AVG DEP HDD CDD  WTR  SNW DPTH SPD SPD DIR MIN PSBL S-S WX    SPD DR
================================================================================

 1  69  39  54   1  11   0 0.00  0.0    0  6.4 21 290   M    M   2 3      33 290
 2  70  37  54   1  11   0    T    M    0  6.3 20 240   M    M   2 3      32 200
 3  72  36  54   1  11   0 0.03    M    0  6.7 17 310   M    M   1 3      29 280
 4  73  33  53   0  12   0 0.00  0.0    0  7.1 21 210   M    M   0        34 230
 5  73  37  55   2  10   0 0.00  0.0    0  6.3 23 290   M    M   1        33 300
 6  68  40  54   1  11   0 0.01    M    0  7.8 25 190   M    M   4        33 190
 7  68  37  53  -1  12   0 0.02    M    0  4.3 25 170   M    M   6        32 180
 8  63  34  49  -5  16   0    T  0.0    0  5.7 20  10   M    M   4        28 360
 9  69  28  49  -5  16   0 0.00  0.0    0  7.3 23 310   M    M   0        31 290
10  76  31  54   0  11   0 0.00  0.0    0  3.6 16 290   M    M   1        24 330
11  77  40  59   5   6   0 0.00  0.0    0  6.3 20 310   M    M   1 3      28 310
12  73  36  55   1  10   0 0.01  0.0    0  3.7 20  50   M    M   3 3      33  50
13  77  36  57   3   8   0 0.00  0.0    0  3.7 18 210   M    M   2        26 220
14  76  41  59   5   6   0    T    M    0  6.6 22 190   M    M   4 3      30 180
15  74  36  55   1  10   0    T    M    0  4.8 16 290   M    M   3 3      23  20
16  75  39  57   3   8   0    T    M    0  5.4 23 310   M    M   3 3      36 320
17  76  42  59   4   6   0    T    M    0  8.1 22 270   M    M   1 38     33 250
18  76  37  57   2   8   0 0.00  0.0    0  6.7 18 330   M    M   0 8      30 290
19  78  38  58   3   7   0 0.00  0.0    0  7.0 18 300   M    M   1 8      26 290
20  74  41  58   3   7   0 0.05    M    0  6.1 32 170   M    M   1 3      47 180
================================================================================
SM 1457  738       197   0  0.12     0.0 119.9          M       40
================================================================================
AV 72.9 36.9                               6.0 FASTST   M    M   2    MAX(MPH)
                                 MISC ---->  # 32 170               # 47  180
================================================================================
NOTES:
# LAST OF SEVERAL OCCURRENCES

COLUMN 17 PEAK WIND IN M.P.H.

PRELIMINARY LOCAL CLIMATOLOGICAL DATA (WS FORM: F-6) , PAGE 2

                                          STATION:  LEADVILLE CO
                                          MONTH:    JULY
                                          YEAR:     2019
                                          LATITUDE:   39 15 N
                                          LONGITUDE: 106 18 W

[TEMPERATURE DATA]      [PRECIPITATION DATA]       SYMBOLS USED IN COLUMN 16

AVERAGE MONTHLY: 54.9   TOTAL FOR MONTH:   0.12    1 = FOG OR MIST
DPTR FM NORMAL:   1.0   DPTR FM NORMAL:   -0.96    2 = FOG REDUCING VISIBILITY
HIGHEST:    78 ON 19    GRTST 24HR  0.37 ON 30- 1      TO 1/4 MILE OR LESS
LOWEST:     28 ON  9                               3 = THUNDER
                        SNOW, ICE PELLETS, HAIL    4 = ICE PELLETS
                        TOTAL MONTH:   0.0 INCH    5 = HAIL
                        GRTST 24HR     0.0         6 = FREEZING RAIN OR DRIZZLE
                        GRTST DEPTH:   0           7 = DUSTSTORM OR SANDSTORM:
                                                       VSBY 1/2 MILE OR LESS
                                                   8 = SMOKE OR HAZE
[NO. OF DAYS WITH]      [WEATHER - DAYS WITH]      9 = BLOWING SNOW
                                                   X = TORNADO
MAX 32 OR BELOW:   0    0.01 INCH OR MORE:   5
MAX 90 OR ABOVE:   0    0.10 INCH OR MORE:   0
MIN 32 OR BELOW:   2    0.50 INCH OR MORE:   0
MIN  0 OR BELOW:   0    1.00 INCH OR MORE:   0

[HDD (BASE 65) ]
TOTAL THIS MO.   197    CLEAR  (SCALE 0-3)  15
DPTR FM NORMAL   -24    PTCLDY (SCALE 4-7)   5
TOTAL FM JUL 1   197    CLOUDY (SCALE 8-10)  0
DPTR FM NORMAL   -24

[CDD (BASE 65) ]
TOTAL THIS MO.     0
DPTR FM NORMAL     0    [PRESSURE DATA]
TOTAL FM JAN 1     0    HIGHEST SLP M ON M
DPTR FM NORMAL     0    LOWEST  SLP 29.77 ON 19

[REMARKS]
