000
CXUS55 KPUB 181059
CF6LXV
PRELIMINARY LOCAL CLIMATOLOGICAL DATA (WS FORM: F-6)

                                          STATION:   LEADVILLE CO
                                          MONTH:     APRIL
                                          YEAR:      2019
                                          LATITUDE:   39 15 N
                                          LONGITUDE: 106 18 W

  TEMPERATURE IN F:       :PCPN:    SNOW:  WIND      :SUNSHINE: SKY     :PK WND
================================================================================
1   2   3   4   5  6A  6B    7    8   9   10  11  12  13   14  15   16   17  18
                                     12Z  AVG MX 2MIN
DY MAX MIN AVG DEP HDD CDD  WTR  SNW DPTH SPD SPD DIR MIN PSBL S-S WX    SPD DR
================================================================================

 1  38   4  21  -6  44   0 0.00  0.0    M  8.2 23 290   M    M   5        36 330
 2  41  24  33   5  32   0    T    M    M  6.2 15 190   M    M   9 1      21 330
 3  37  18  28   0  37   0 0.11    M    M  6.2 16 180   M    M   8 12     21 310
 4  45  24  35   7  30   0    T    M    M  4.6 17 310   M    M   5        23 300
 5  44  23  34   6  31   0 0.00  0.0    M  6.0 18 180   M    M   1        29 170
 6   M  18   M   M   M   M    M    M    M   M   M   M   M    M   3 1       M  M
 7  48  17  33   4  32   0    M    M    M   M   M   M   M    M   2 1       M  M
 8  50  26  38   9  27   0 0.00  0.0    M  8.7 23 310   M    M   1        31 330
 9  51  24  38   9  27   0    T    M    M  8.5 36 210   M    M   1 18     53 210
10  36  15  26  -3  39   0 0.29    M    M  8.4 22 180   M    M  10 128    33 360
11  24   8  16 -14  49   0 0.10    M    M  9.5 23  20   M    M   8 128    30  30
12  30   7  19 -11  46   0 0.01    M    M  5.2 15 290   M    M   6 18     21 300
13  31  12  22  -8  43   0 0.02    M    M  6.5 22 280   M    M   8 18     31 270
14  41  11  26  -4  39   0    T    M    M  9.7 23 310   M    M   4        40 290
15  48  29  39   8  26   0 0.00  0.0    0  7.6 20 190   M    M   1        27 280
16  44  26  35   4  30   0 0.00  0.0    0  5.8 20 240   M    M   4        27 250
17  45  26  36   5  29   0 0.02    M    0  8.0 23 300   M    M   5        32 300
================================================================================
SM  653  312       561   0  0.55     0.0 109.1          M       81
================================================================================
AV 40.8 18.4                               7.3 FASTST   M    M   5    MAX(MPH)
                                 MISC ---->  # 36 210               # 53  210
================================================================================
NOTES:
# LAST OF SEVERAL OCCURRENCES

COLUMN 17 PEAK WIND IN M.P.H.

PRELIMINARY LOCAL CLIMATOLOGICAL DATA (WS FORM: F-6) , PAGE 2

                                          STATION:  LEADVILLE CO
                                          MONTH:    APRIL
                                          YEAR:     2019
                                          LATITUDE:   39 15 N
                                          LONGITUDE: 106 18 W

[TEMPERATURE DATA]      [PRECIPITATION DATA]       SYMBOLS USED IN COLUMN 16

AVERAGE MONTHLY: 29.6   TOTAL FOR MONTH:   0.55    1 = FOG OR MIST
DPTR FM NORMAL:   0.4   DPTR FM NORMAL:   -0.06    2 = FOG REDUCING VISIBILITY
HIGHEST:    51 ON  9    GRTST 24HR  0.29 ON 10-10      TO 1/4 MILE OR LESS
LOWEST:      4 ON  1                               3 = THUNDER
                        SNOW, ICE PELLETS, HAIL    4 = ICE PELLETS
                        TOTAL MONTH:   0.0 INCH    5 = HAIL
                        GRTST 24HR     0.0         6 = FREEZING RAIN OR DRIZZLE
                        GRTST DEPTH:   0           7 = DUSTSTORM OR SANDSTORM:
                                                       VSBY 1/2 MILE OR LESS
                                                   8 = SMOKE OR HAZE
[NO. OF DAYS WITH]      [WEATHER - DAYS WITH]      9 = BLOWING SNOW
                                                   X = TORNADO
MAX 32 OR BELOW:   3    0.01 INCH OR MORE:   6
MAX 90 OR ABOVE:   0    0.10 INCH OR MORE:   3
MIN 32 OR BELOW:  17    0.50 INCH OR MORE:   0
MIN  0 OR BELOW:   0    1.00 INCH OR MORE:   0

[HDD (BASE 65) ]
TOTAL THIS MO.   561    CLEAR  (SCALE 0-3)   5
DPTR FM NORMAL   -48    PTCLDY (SCALE 4-7)   9
TOTAL FM JUL 1  9548    CLOUDY (SCALE 8-10)  3
DPTR FM NORMAL   -44

[CDD (BASE 65) ]
TOTAL THIS MO.     0
DPTR FM NORMAL     0    [PRESSURE DATA]
TOTAL FM JAN 1     0    HIGHEST SLP M ON M
DPTR FM NORMAL     0    LOWEST  SLP 29.25 ON 10

[REMARKS]
