000
CXUS55 KPUB 221159
CF6LXV
PRELIMINARY LOCAL CLIMATOLOGICAL DATA (WS FORM: F-6)

                                          STATION:   LEADVILLE CO
                                          MONTH:     FEBRUARY
                                          YEAR:      2019
                                          LATITUDE:   39 15 N
                                          LONGITUDE: 106 18 W

  TEMPERATURE IN F:       :PCPN:    SNOW:  WIND      :SUNSHINE: SKY     :PK WND
================================================================================
1   2   3   4   5  6A  6B    7    8   9   10  11  12  13   14  15   16   17  18
                                     12Z  AVG MX 2MIN
DY MAX MIN AVG DEP HDD CDD  WTR  SNW DPTH SPD SPD DIR MIN PSBL S-S WX    SPD DR
================================================================================

 1  41   6  24   7  41   0 0.00  0.0    M  7.5 14 330   M    M   0        20 330
 2  39   3  21   4  44   0 0.00  0.0    M  7.0 14 300   M    M   0        23 350
 3  35  14  25   8  40   0 0.01    M    M  7.4 28 210   M    M   6 18     41 190
 4  33  15  24   7  41   0 0.04    M    M  9.7 24 190   M    M   6 12     31 190
 5  32  17  25   8  40   0 0.04    M    M  9.8 24 180   M    M   8 18     46 180
 6  22   3  13  -4  52   0 0.09    M    M  7.2 17 170   M    M  10 18     26 300
 7   6  -9  -1 -18  66   0 0.01    M    M 10.2 22 290   M    M   8 189    38 290
 8  25 -14   6 -11  59   0 0.00  0.0    M  6.3 18 220   M    M   0        26 200
 9  24  -6   9  -8  56   0    T    M    M  6.4 28 200   M    M   4 8      36 190
10  27  -3  12  -5  53   0 0.00  0.0    M  7.6 23 190   M    M   1        35 200
11  20   1  11  -6  54   0 0.01    M    M  7.7 22 360   M    M   7 8      33 350
12  29   2  16  -2  49   0 0.00  0.0    M  7.9 16  10   M    M   3        25 350
13  34  17  26   8  39   0 0.06    M    M  7.4 22 210   M    M  10 18     33 170
14  35  24  30  12  35   0 0.12    M    M  8.3 17 360   M    M   9 1      28 360
15  37  13  25   7  40   0 0.21    M    M 10.0 23 290   M    M   5 128    33 280
16  21  -1  10  -8  55   0 0.07    M    M 10.0 25 300   M    M   8 128    35 290
17  17 -10   4 -14  61   0    T    M    M  3.1 12 170   M    M   8 18     18 260
18  11  -4   4 -14  61   0 0.02    M    M  6.4 21 190   M    M   7 19     26 180
19  15  -5   5 -13  60   0 0.04    M    M  5.2 17 310   M    M   8 18     25 320
20  14  -7   4 -15  61   0    T    M    M  7.2 18 360   M    M   7 18     29 310
21  16  -4   6 -13  59   0 0.03    M    M 10.4 20 190   M    M   9 18     25 190
================================================================================
SM  533   52      1066   0  0.75     0.0 162.7          M      124
================================================================================
AV 25.4  2.5                               7.7 FASTST   M    M   6    MAX(MPH)
                                 MISC ---->  # 28 210               # 46  180
================================================================================
NOTES:
# LAST OF SEVERAL OCCURRENCES

COLUMN 17 PEAK WIND IN M.P.H.

PRELIMINARY LOCAL CLIMATOLOGICAL DATA (WS FORM: F-6) , PAGE 2

                                          STATION:  LEADVILLE CO
                                          MONTH:    FEBRUARY
                                          YEAR:     2019
                                          LATITUDE:   39 15 N
                                          LONGITUDE: 106 18 W

[TEMPERATURE DATA]      [PRECIPITATION DATA]       SYMBOLS USED IN COLUMN 16

AVERAGE MONTHLY: 13.9   TOTAL FOR MONTH:   0.75    1 = FOG OR MIST
DPTR FM NORMAL:  -3.6   DPTR FM NORMAL:    0.25    2 = FOG REDUCING VISIBILITY
HIGHEST:    41 ON  1    GRTST 24HR  0.21 ON 15-15      TO 1/4 MILE OR LESS
LOWEST:    -14 ON  8                               3 = THUNDER
                        SNOW, ICE PELLETS, HAIL    4 = ICE PELLETS
                        TOTAL MONTH:   0.0 INCH    5 = HAIL
                        GRTST 24HR     0.0         6 = FREEZING RAIN OR DRIZZLE
                        GRTST DEPTH:  M  ON   M    7 = DUSTSTORM OR SANDSTORM:
                                                       VSBY 1/2 MILE OR LESS
                                                   8 = SMOKE OR HAZE
[NO. OF DAYS WITH]      [WEATHER - DAYS WITH]      9 = BLOWING SNOW
                                                   X = TORNADO
MAX 32 OR BELOW:  14    0.01 INCH OR MORE:  13
MAX 90 OR ABOVE:   0    0.10 INCH OR MORE:   2
MIN 32 OR BELOW:  21    0.50 INCH OR MORE:   0
MIN  0 OR BELOW:  10    1.00 INCH OR MORE:   0

[HDD (BASE 65) ]
TOTAL THIS MO.  1066    CLEAR  (SCALE 0-3)   5
DPTR FM NORMAL    71    PTCLDY (SCALE 4-7)  10
TOTAL FM JUL 1  7366    CLOUDY (SCALE 8-10)  6
DPTR FM NORMAL   -26

[CDD (BASE 65) ]
TOTAL THIS MO.     0
DPTR FM NORMAL     0    [PRESSURE DATA]
TOTAL FM JAN 1     0    HIGHEST SLP M ON M
DPTR FM NORMAL     0    LOWEST  SLP 29.51 ON 16

[REMARKS]
