000
CXUS51 KRNK 180753
CF6LYH
PRELIMINARY LOCAL CLIMATOLOGICAL DATA (WS FORM: F-6)

                                          STATION:   LYNCHBURG VA
                                          MONTH:     APRIL
                                          YEAR:      2019
                                          LATITUDE:   37 19 N
                                          LONGITUDE:  79 12 W

  TEMPERATURE IN F:       :PCPN:    SNOW:  WIND      :SUNSHINE: SKY     :PK WND
================================================================================
1   2   3   4   5  6A  6B    7    8   9   10  11  12  13   14  15   16   17  18
                                     12Z  AVG MX 2MIN
DY MAX MIN AVG DEP HDD CDD  WTR  SNW DPTH SPD SPD DIR MIN PSBL S-S WX    SPD DR
================================================================================

 1  50  25  38 -13  27   0 0.00  0.0    0  3.2 10 350   M    M   0        16 330
 2  45  27  36 -15  29   0 0.00  0.0    0  3.5 10  40   M    M   4        14  30
 3  71  26  49  -3  16   0 0.00  0.0    0  5.6 16 240   M    M   0        23 290
 4  73  40  57   5   8   0 0.00  0.0    0  5.6 15 120   M    M   2        21 130
 5  59  45  52   0  13   0 0.41  0.0    0  8.5 15  30   M    M  10 1      18  30
 6  71  47  59   6   6   0 0.00  0.0    0  3.6 10  60   M    M   7 1      14  60
 7  70  53  62   9   3   0    T  0.0    0  6.0 15 190   M    M   9 12     19 190
 8  80  56  68  15   0   3 0.40  0.0    0  6.4 17 190   M    M   3 13     26 300
 9  77  54  66  12   0   1    T  0.0    0  3.5 14 280   M    M   3 12     20 280
10  74  44  59   5   6   0 0.00  0.0    0  3.9 13 210   M    M   1        18 210
11  75  48  62   8   3   0 0.00  0.0    0  6.7 15 180   M    M   3        20 190
12  66  53  60   6   5   0 0.44  0.0    0  8.0 18 170   M    M   9 1      25 170
13  66  54  60   5   5   0 1.43  0.0    0  2.0 14 180   M    M   7 13     17 180
14  75  59  67  12   0   2 0.19  0.0    0 10.0 26 180   M    M   9 12     37 210
15  70  38  54  -1  11   0 0.05  0.0    0  9.6 21 270   M    M   2 1      32 250
16  71  33  52  -4  13   0 0.00  0.0    0  5.5 17 190   M    M   0        21 190
17  82  48  65   9   0   0 0.00  0.0    0  5.2 14 210   M    M   0        18 160
================================================================================
SM 1175  750       145   6  2.92     0.0  96.8          M       69
================================================================================
AV 69.1 44.1                               5.7 FASTST   M    M   4    MAX(MPH)
                                 MISC ---->  # 26 180               # 37  210
================================================================================
NOTES:
# LAST OF SEVERAL OCCURRENCES

COLUMN 17 PEAK WIND IN M.P.H.

PRELIMINARY LOCAL CLIMATOLOGICAL DATA (WS FORM: F-6) , PAGE 2

                                          STATION:  LYNCHBURG VA
                                          MONTH:    APRIL
                                          YEAR:     2019
                                          LATITUDE:   37 19 N
                                          LONGITUDE:  79 12 W

[TEMPERATURE DATA]      [PRECIPITATION DATA]       SYMBOLS USED IN COLUMN 16

AVERAGE MONTHLY: 56.6   TOTAL FOR MONTH:   2.92    1 = FOG OR MIST
DPTR FM NORMAL:   3.1   DPTR FM NORMAL:    1.03    2 = FOG REDUCING VISIBILITY
HIGHEST:    82 ON 17    GRTST 24HR  1.43 ON 13-13      TO 1/4 MILE OR LESS
LOWEST:     25 ON  1                               3 = THUNDER
                        SNOW, ICE PELLETS, HAIL    4 = ICE PELLETS
                        TOTAL MONTH:   0.0 INCH    5 = HAIL
                        GRTST 24HR     0.0         6 = FREEZING RAIN OR DRIZZLE
                        GRTST DEPTH:   0           7 = DUSTSTORM OR SANDSTORM:
                                                       VSBY 1/2 MILE OR LESS
                                                   8 = SMOKE OR HAZE
[NO. OF DAYS WITH]      [WEATHER - DAYS WITH]      9 = BLOWING SNOW
                                                   X = TORNADO
MAX 32 OR BELOW:   0    0.01 INCH OR MORE:   6
MAX 90 OR ABOVE:   0    0.10 INCH OR MORE:   5
MIN 32 OR BELOW:   3    0.50 INCH OR MORE:   1
MIN  0 OR BELOW:   0    1.00 INCH OR MORE:   1

[HDD (BASE 65) ]
TOTAL THIS MO.   145    CLEAR  (SCALE 0-3)   9
DPTR FM NORMAL   -55    PTCLDY (SCALE 4-7)   4
TOTAL FM JUL 1  3997    CLOUDY (SCALE 8-10)  4
DPTR FM NORMAL  -222

[CDD (BASE 65) ]
TOTAL THIS MO.     6
DPTR FM NORMAL     1    [PRESSURE DATA]
TOTAL FM JAN 1     6    HIGHEST SLP M ON M
DPTR FM NORMAL    -1    LOWEST  SLP 29.48 ON 14

[REMARKS]
