000
CXUS54 KLZK 251130
CF6LZK
PRELIMINARY LOCAL CLIMATOLOGICAL DATA (WS FORM: F-6)

                                          STATION:   North Little Rock
                                          MONTH:     APRIL
                                          YEAR:      2019
                                          LATITUDE:   34 50 N
                                          LONGITUDE:  92 16 W

  TEMPERATURE IN F:       :PCPN:    SNOW:  WIND      :SUNSHINE: SKY     :PK WND
================================================================================
1   2   3   4   5  6A  6B    7    8   9   10  11  12  13   14  15   16   17  18
                                     12Z  AVG MX 2MIN
DY MAX MIN AVG DEP HDD CDD  WTR  SNW DPTH SPD SPD DIR MIN PSBL S-S WX    SPD DR
================================================================================

 1  52  35  44 -15  21   0 0.00  0.0    0  6.0 14  90   M    M   0        19  90
 2  66  35  51  -8  14   0 0.00  0.0    0  5.0 10 220   M    M   0        18 220
 3  69  44  57  -2   8   0 0.00  0.0    0  9.0 16 130   M    M   0        26 110
 4  61  51  56  -4   9   0 1.45  0.0    0  8.0 18 130   M    M   0 3      25 110
 5  71  52  62   2   3   0 0.00  0.0    0  5.0 10 150   M    M   0        17 180
 6  73  51  62   2   3   0 0.82  0.0    0  8.0 14 130   M    M   0 3      19 130
 7  65  59  62   2   3   0 0.26  0.0    0  6.0 18 240   M    M   0 123    35 360
 8  78  58  68   7   0   3 0.01  0.0    0  4.0 12 150   M    M   0        16 110
 9  83  58  71  10   0   6 0.00  0.0    0  7.0 10 130   M    M   0        18  40
10  85  60  73  12   0   8 0.00  0.0    0 11.0 15 200   M    M   0        31 150
11  75  55  65   3   0   0 0.01  0.0    0 12.0 19 200   M    M   0        33 150
12  68  44  56  -6   9   0 0.00  0.0    0  6.0 11 110   M    M   0        16 130
13  55  48  52 -10  13   0 2.17    M    0 15.0 32  90   M    M   0        47  90
14  60  43  52 -10  13   0 0.07  0.0    0  8.0 15 340   M    M   0 1      26 320
15  73  44  59  -4   6   0 0.00  0.0    0  8.0 13 180   M    M   0        24 180
16  76  54  65   2   0   0 0.00  0.0    0 10.0 15 220   M    M   0        27 200
17  71  61  66   3   0   1 0.00  0.0    0  9.0 13 200   M    M   0        24 150
18  66  48  57  -7   8   0 4.45  0.0    0  8.0 21 360   M    M   0 3      33 360
19  61  47  54 -10  11   0 0.00  0.0    0  9.0 16 360   M    M   0        27 340
20  72  46  59  -5   6   0 0.00  0.0    0  6.0 10 340   M    M   0        19 340
21  80  50  65   1   0   0 0.00  0.0    0  7.0 11 200   M    M   0        23 180
22  80  57  69   4   0   4 0.00  0.0    0  7.1 14 220   M    M   M        23 230
23  77  59  68   3   0   3 0.00  0.0    0  6.0 11 220   M    M   M        20 220
24  76  63  70   5   0   5 0.02  0.0    0  4.6  9 220   M    M   0 1       M  M
================================================================================
SM 1693 1222       127  30  9.26     0.0 184.7          M        0
================================================================================
AV 70.5 50.9                               7.7 FASTST   M    M   0    MAX(MPH)
                                 MISC ---->  # 32  90               # 47   90
================================================================================
NOTES:
# LAST OF SEVERAL OCCURRENCES

COLUMN 17 PEAK WIND IN M.P.H.

PRELIMINARY LOCAL CLIMATOLOGICAL DATA (WS FORM: F-6) , PAGE 2

                                          STATION:  North Little Rock
                                          MONTH:    APRIL
                                          YEAR:     2019
                                          LATITUDE:   34 50 N
                                          LONGITUDE:  92 16 W

[TEMPERATURE DATA]      [PRECIPITATION DATA]       SYMBOLS USED IN COLUMN 16

AVERAGE MONTHLY: 60.7   TOTAL FOR MONTH:   9.26    1 = FOG OR MIST
DPTR FM NORMAL:  -1.3   DPTR FM NORMAL:    5.48    2 = FOG REDUCING VISIBILITY
HIGHEST:    85 ON 10    GRTST 24HR  4.45 ON 18-18      TO 1/4 MILE OR LESS
LOWEST:     35 ON  2, 1                            3 = THUNDER
                        SNOW, ICE PELLETS, HAIL    4 = ICE PELLETS
                        TOTAL MONTH:   0.0 INCH    5 = HAIL
                        GRTST 24HR     0.0         6 = FREEZING RAIN OR DRIZZLE
                        GRTST DEPTH:   0           7 = DUSTSTORM OR SANDSTORM:
                                                       VSBY 1/2 MILE OR LESS
                                                   8 = SMOKE OR HAZE
[NO. OF DAYS WITH]      [WEATHER - DAYS WITH]      9 = BLOWING SNOW
                                                   X = TORNADO
MAX 32 OR BELOW:   0    0.01 INCH OR MORE:   9
MAX 90 OR ABOVE:   0    0.10 INCH OR MORE:   5
MIN 32 OR BELOW:   0    0.50 INCH OR MORE:   4
MIN  0 OR BELOW:   0    1.00 INCH OR MORE:   3

[HDD (BASE 65) ]
TOTAL THIS MO.   127    CLEAR  (SCALE 0-3)  22
DPTR FM NORMAL     4    PTCLDY (SCALE 4-7)   0
TOTAL FM JUL 1  3203    CLOUDY (SCALE 8-10)  0
DPTR FM NORMAL   234

[CDD (BASE 65) ]
TOTAL THIS MO.    30
DPTR FM NORMAL   -18    [PRESSURE DATA]
TOTAL FM JAN 1    35    HIGHEST SLP M ON M
DPTR FM NORMAL   -32    LOWEST  SLP 29.56 ON 13

[REMARKS]
