000
CXUS54 KLZK 171130
CF6LZK
PRELIMINARY LOCAL CLIMATOLOGICAL DATA (WS FORM: F-6)

                                          STATION:   North Little Rock
                                          MONTH:     AUGUST
                                          YEAR:      2019
                                          LATITUDE:   34 50 N
                                          LONGITUDE:  92 16 W

  TEMPERATURE IN F:       :PCPN:    SNOW:  WIND      :SUNSHINE: SKY     :PK WND
================================================================================
1   2   3   4   5  6A  6B    7    8   9   10  11  12  13   14  15   16   17  18
                                     12Z  AVG MX 2MIN
DY MAX MIN AVG DEP HDD CDD  WTR  SNW DPTH SPD SPD DIR MIN PSBL S-S WX    SPD DR
================================================================================

 1  87  73  80  -3   0  15 0.00  0.0    0  2.0  7 110   M    M   0         M  M
 2  89  71  80  -3   0  15 0.00  0.0    0  3.8  9  90   M    M   0         M  M
 3  90  68  79  -4   0  14 0.00  0.0    0  3.0 14  40   M    M   0        16  40
 4  93  73  83   0   0  18 0.00  0.0    0  4.0 12  90   M    M   0        16  40
 5  92  71  82  -1   0  17 0.00  0.0    0  4.0 13 130   M    M   0        15 130
 6  95  76  86   3   0  21 0.00  0.0    0  5.0 12 220   M    M   0        18 220
 7  96  72  84   1   0  19 0.22  0.0    0  4.0 20 340   M    M   M 13     29 340
 8  87  74  81  -2   0  16    T  0.0    0  5.0 15  60   M    M   M        21  60
 9  87  74  81  -2   0  16 0.04  0.0    0  1.5  9  30   M    M   M        12 360
10  82  73  78  -5   0  13 2.15  0.0    0  3.0 14  60   M    M   M 1      18  60
11  92  76  84   1   0  19 0.01  0.0    0  4.0 17  40   M    M   M 12     22  40
12  95  78  87   4   0  22 0.00  0.0    0  5.0 13 220   M    M   0        17 220
13  96  78  87   4   0  22    T  0.0    0  3.0 10 360   M    M   0 3      14 320
14  92  75  84   2   0  19 0.00  0.0    0  5.0 13  90   M    M   M        17 110
15  92  74  83   1   0  18 0.00  0.0    0  5.0 11  90   M    M   M        13  90
16  93  74  84   2   0  19 0.00  0.0    0  3.0  9 220   M    M   M        14 220
================================================================================
SM 1458 1180         0 283  2.42     0.0  60.3          M        0
================================================================================
AV 91.1 73.8                               3.8 FASTST   M    M   0    MAX(MPH)
                                 MISC ---->  # 20 340               # 29  340
================================================================================
NOTES:
# LAST OF SEVERAL OCCURRENCES

COLUMN 17 PEAK WIND IN M.P.H.

PRELIMINARY LOCAL CLIMATOLOGICAL DATA (WS FORM: F-6) , PAGE 2

                                          STATION:  North Little Rock
                                          MONTH:    AUGUST
                                          YEAR:     2019
                                          LATITUDE:   34 50 N
                                          LONGITUDE:  92 16 W

[TEMPERATURE DATA]      [PRECIPITATION DATA]       SYMBOLS USED IN COLUMN 16

AVERAGE MONTHLY: 82.4   TOTAL FOR MONTH:   2.42    1 = FOG OR MIST
DPTR FM NORMAL:  -0.4   DPTR FM NORMAL:    0.96    2 = FOG REDUCING VISIBILITY
HIGHEST:    96 ON 13, 7 GRTST 24HR  2.15 ON 10-10      TO 1/4 MILE OR LESS
LOWEST:     68 ON  3                               3 = THUNDER
                        SNOW, ICE PELLETS, HAIL    4 = ICE PELLETS
                        TOTAL MONTH:   0.0 INCH    5 = HAIL
                        GRTST 24HR     0.0         6 = FREEZING RAIN OR DRIZZLE
                        GRTST DEPTH:   0           7 = DUSTSTORM OR SANDSTORM:
                                                       VSBY 1/2 MILE OR LESS
                                                   8 = SMOKE OR HAZE
[NO. OF DAYS WITH]      [WEATHER - DAYS WITH]      9 = BLOWING SNOW
                                                   X = TORNADO
MAX 32 OR BELOW:   0    0.01 INCH OR MORE:   4
MAX 90 OR ABOVE:  11    0.10 INCH OR MORE:   2
MIN 32 OR BELOW:   0    0.50 INCH OR MORE:   1
MIN  0 OR BELOW:   0    1.00 INCH OR MORE:   1

[HDD (BASE 65) ]
TOTAL THIS MO.     0    CLEAR  (SCALE 0-3)   8
DPTR FM NORMAL     0    PTCLDY (SCALE 4-7)   0
TOTAL FM JUL 1     0    CLOUDY (SCALE 8-10)  0
DPTR FM NORMAL     0

[CDD (BASE 65) ]
TOTAL THIS MO.   283
DPTR FM NORMAL    -3    [PRESSURE DATA]
TOTAL FM JAN 1  1364    HIGHEST SLP M ON M
DPTR FM NORMAL  -172    LOWEST  SLP 29.87 ON 12

[REMARKS]
