000
CXUS54 KLZK 211130
CF6LZK
PRELIMINARY LOCAL CLIMATOLOGICAL DATA (WS FORM: F-6)

                                          STATION:   North Little Rock
                                          MONTH:     APRIL
                                          YEAR:      2018
                                          LATITUDE:   34 50 N
                                          LONGITUDE:  92 16 W

  TEMPERATURE IN F:       :PCPN:    SNOW:  WIND      :SUNSHINE: SKY     :PK WND
================================================================================
1   2   3   4   5  6A  6B    7    8   9   10  11  12  13   14  15   16   17  18
                                     12Z  AVG MX 2MIN
DY MAX MIN AVG DEP HDD CDD  WTR  SNW DPTH SPD SPD DIR MIN PSBL S-S WX    SPD DR
================================================================================

 1  63  40  52  -7  13   0 0.01  0.0    0  8.9 12  60   M    M   M        18  40
 2  54  37  46 -13  19   0 0.01  0.0    0  5.9 14 130   M    M   M 1      19  40
 3  78  44  61   2   4   0    T  0.0    0 11.6 18 340   M    M   M 3      36 330
 4  55  35  45 -15  20   0 0.00  0.0    0  5.1 14 330   M    M   M        24 320
 5  58  37  48 -12  17   0    T  0.0    0  5.6 14 130   M    M   M        22 150
 6  55  46  51  -9  14   0 1.44  0.0    0  6.7 22  60   M    M   M 3      31  20
 7  46  29  38 -22  27   0 0.08    T    0  8.1 17  40   M    M   M 4      34 360
 8  49  31  40 -21  25   0 0.00  0.0    0  7.5 17  90   M    M   M        24  90
 9  64  37  51 -10  14   0 0.00  0.0    0  5.1 11  90   M    M   M        17  60
10  61  41  51 -10  14   0 0.00  0.0    0  5.9 12 340   M    M   M        19 340
11  74  43  59  -3   6   0 0.00  0.0    0  9.0 14 200   M    M   M        26 180
12  81  56  69   7   0   4 0.00  0.0    M 12.3 18 200   M    M   M        33 150
13  71  58  65   3   0   0 1.98  0.0    0 10.2 16 200   M    M   M 3      26 300
14  59  41  50 -12  15   0 0.69  0.0    M  8.6 18  90   M    M   M        23 300
15  48  37  43 -20  22   0 0.00  0.0    M  8.3 15 300   M    M   0        30 300
16  65  31  48 -15  17   0 0.00  0.0    M  5.0 10 330   M    M   M        19 270
17  81  49  65   2   0   0 0.00  0.0    0  9.5 18 220   M    M   M        23 220
18  79  54  67   3   0   2 0.00  0.0    0  9.6 16 220   M    M   M        23 360
19  60  43  52 -12  13   0 0.00  0.0    0  7.8 13 360   M    M   M        16  90
20  67  39  53 -11  12   0 0.00  0.0    0  9.3 17  39   M    M   M        25  40
================================================================================
SM 1268  828       252   6  4.21    T    160.0          M        0
================================================================================
AV 63.4 41.4                               8.0 FASTST   M    M   0    MAX(MPH)
                                 MISC ---->  # 22  60               # 36  330
================================================================================
NOTES:
# LAST OF SEVERAL OCCURRENCES

COLUMN 17 PEAK WIND IN M.P.H.

PRELIMINARY LOCAL CLIMATOLOGICAL DATA (WS FORM: F-6) , PAGE 2

                                          STATION:  North Little Rock
                                          MONTH:    APRIL
                                          YEAR:     2018
                                          LATITUDE:   34 50 N
                                          LONGITUDE:  92 16 W

[TEMPERATURE DATA]      [PRECIPITATION DATA]       SYMBOLS USED IN COLUMN 16

AVERAGE MONTHLY: 52.4   TOTAL FOR MONTH:   4.21    1 = FOG OR MIST
DPTR FM NORMAL:  -9.0   DPTR FM NORMAL:    1.11    2 = FOG REDUCING VISIBILITY
HIGHEST:    81 ON 17,12 GRTST 24HR  1.98 ON 13-13      TO 1/4 MILE OR LESS
LOWEST:     29 ON  7                               3 = THUNDER
                        SNOW, ICE PELLETS, HAIL    4 = ICE PELLETS
                        TOTAL MONTH:    T          5 = HAIL
                        GRTST 24HR    T  ON  7- 7  6 = FREEZING RAIN OR DRIZZLE
                        GRTST DEPTH:   0           7 = DUSTSTORM OR SANDSTORM:
                                                       VSBY 1/2 MILE OR LESS
                                                   8 = SMOKE OR HAZE
[NO. OF DAYS WITH]      [WEATHER - DAYS WITH]      9 = BLOWING SNOW
                                                   X = TORNADO
MAX 32 OR BELOW:   0    0.01 INCH OR MORE:   6
MAX 90 OR ABOVE:   0    0.10 INCH OR MORE:   3
MIN 32 OR BELOW:   3    0.50 INCH OR MORE:   3
MIN  0 OR BELOW:   0    1.00 INCH OR MORE:   2

[HDD (BASE 65) ]
TOTAL THIS MO.   252    CLEAR  (SCALE 0-3)   1
DPTR FM NORMAL   141    PTCLDY (SCALE 4-7)   0
TOTAL FM JUL 1  2997    CLOUDY (SCALE 8-10)  0
DPTR FM NORMAL    40

[CDD (BASE 65) ]
TOTAL THIS MO.     6
DPTR FM NORMAL   -30    [PRESSURE DATA]
TOTAL FM JAN 1    21    HIGHEST SLP M ON M
DPTR FM NORMAL   -34    LOWEST  SLP M ON M

[REMARKS]
