000
CXUS52 KFFC 221110
CF6LZU
PRELIMINARY LOCAL CLIMATOLOGICAL DATA (WS FORM: F-6)

                                          STATION:   LAWRENCEVILLE
                                          MONTH:     FEBRUARY
                                          YEAR:      2019
                                          LATITUDE:   33 58 N
                                          LONGITUDE:  83 58 W

  TEMPERATURE IN F:       :PCPN:    SNOW:  WIND      :SUNSHINE: SKY     :PK WND
================================================================================
1   2   3   4   5  6A  6B    7    8   9   10  11  12  13   14  15   16   17  18
                                     12Z  AVG MX 2MIN
DY MAX MIN AVG DEP HDD CDD  WTR  SNW DPTH SPD SPD DIR MIN PSBL S-S WX    SPD DR
================================================================================

 1  60  24  42   M  23   0 0.00  0.0    0  1.3  6 250   M    M   0         M  M
 2  67  29  48   M  17   0 0.00  0.0    0  1.9  9 110   M    M   3         M  M
 3  64  43  54   M  11   0    T    M    0  2.4  7  99   M    M   7         M  M
 4  64  36  50   M  15   0    T    M    0  2.0  8 220   M    M   3 1       M  M
 5  73  52  63   M   2   0    T  0.0    0  3.7 10 260   M    M   6 12     16 260
 6  70  49  60   M   5   0 0.03    M    0  5.7 14 220   M    M   8 128     M  M
 7  80  61  71   M   0   6 0.00  0.0    0 10.1 20 210   M    M   5        27 210
 8  66  42  54   M  11   0    T    M    0  8.8 16 280   M    M   4        24 280
 9  53  38  46   M  19   0    T    M    M  6.9 10  70   M    M   6         M  M
10  43  35  39   M  26   0 0.04    M    M  9.7 16  70   M    M   8 1      21  70
11  51  35  43   M  22   0 0.04    M    0  3.5  7  70   M    M  10 1       M  M
12  67  46  57   M   8   0 0.67    M    0  7.9 14 260   M    M   9 12     23 290
13  56  34  45   M  20   0 0.01    M    0  7.4 14 290   M    M   0        24 290
14  62  27  45   M  20   0 0.00  0.0    0  3.5  8 190   M    M   1         M  M
15   M   M   M   M   M   M 0.21    M    0  7.7 13 240   M    M   9 1       M  M
16  61  47  54   M  11   0 0.04    M    0  7.7 14 220   M    M   4 8       M  M
17   M   M   M   M   M   M 0.12    M    0  7.6 14 100   M    M  10 1      17 100
18  61  41  51   M  14   0 0.06    M    0  7.0 10 280   M    M   4 1      21 290
19  46  36  41   M  24   0 1.42    M    0 10.4 17  70   M    M  10 13     27  60
20   M   M   M   M   M   M 0.49    M    0 11.7 18  70   M    M  10 13     27  70
21   M   M   M   M   M   M 0.92    M    0  1.7  8  50   M    M   9 123     M  M
================================================================================
SM 1044  675       248   6  4.05     0.0 128.6          M      126
================================================================================
AV 61.4 39.7                               6.1 FASTST   M    M   6    MAX(MPH)
                                 MISC ---->  # 20 210               # 27  210
================================================================================
NOTES:
# LAST OF SEVERAL OCCURRENCES

COLUMN 17 PEAK WIND IN M.P.H.

PRELIMINARY LOCAL CLIMATOLOGICAL DATA (WS FORM: F-6) , PAGE 2

                                          STATION:  LAWRENCEVILLE
                                          MONTH:    FEBRUARY
                                          YEAR:     2019
                                          LATITUDE:   33 58 N
                                          LONGITUDE:  83 58 W

[TEMPERATURE DATA]      [PRECIPITATION DATA]       SYMBOLS USED IN COLUMN 16

AVERAGE MONTHLY: 50.6   TOTAL FOR MONTH:   4.05    1 = FOG OR MIST
DPTR FM NORMAL:     M   DPTR FM NORMAL:       M    2 = FOG REDUCING VISIBILITY
HIGHEST:    80 ON  7    GRTST 24HR  1.42 ON 19-19      TO 1/4 MILE OR LESS
LOWEST:     24 ON  1                               3 = THUNDER
                        SNOW, ICE PELLETS, HAIL    4 = ICE PELLETS
                        TOTAL MONTH:   0.0 INCH    5 = HAIL
                        GRTST 24HR     0.0         6 = FREEZING RAIN OR DRIZZLE
                        GRTST DEPTH:   0           7 = DUSTSTORM OR SANDSTORM:
                                                       VSBY 1/2 MILE OR LESS
                                                   8 = SMOKE OR HAZE
[NO. OF DAYS WITH]      [WEATHER - DAYS WITH]      9 = BLOWING SNOW
                                                   X = TORNADO
MAX 32 OR BELOW:   0    0.01 INCH OR MORE:  12
MAX 90 OR ABOVE:   0    0.10 INCH OR MORE:   6
MIN 32 OR BELOW:   3    0.50 INCH OR MORE:   3
MIN  0 OR BELOW:   0    1.00 INCH OR MORE:   1

[HDD (BASE 65) ]
TOTAL THIS MO.   248    CLEAR  (SCALE 0-3)   5
DPTR FM NORMAL     M    PTCLDY (SCALE 4-7)   8
TOTAL FM JUL 1  1240    CLOUDY (SCALE 8-10)  8
DPTR FM NORMAL     M

[CDD (BASE 65) ]
TOTAL THIS MO.     6
DPTR FM NORMAL     M    [PRESSURE DATA]
TOTAL FM JAN 1     6    HIGHEST SLP M ON M
DPTR FM NORMAL     M    LOWEST  SLP 29.67 ON 16

[REMARKS]
