000
CXUS52 KFFC 181110
CF6LZU
PRELIMINARY LOCAL CLIMATOLOGICAL DATA (WS FORM: F-6)

                                          STATION:   LAWRENCEVILLE
                                          MONTH:     AUGUST
                                          YEAR:      2019
                                          LATITUDE:   33 58 N
                                          LONGITUDE:  83 58 W

  TEMPERATURE IN F:       :PCPN:    SNOW:  WIND      :SUNSHINE: SKY     :PK WND
================================================================================
1   2   3   4   5  6A  6B    7    8   9   10  11  12  13   14  15   16   17  18
                                     12Z  AVG MX 2MIN
DY MAX MIN AVG DEP HDD CDD  WTR  SNW DPTH SPD SPD DIR MIN PSBL S-S WX    SPD DR
================================================================================

 1  91  67  79   M   0  14    T  0.0    0  2.7 10  70   M    M   3 13      M  M
 2  84  68  76   M   0  11    T  0.0    0  4.7  9  80   M    M   6 13      M  M
 3  88  69  79   M   0  14 0.00  0.0    0  3.3  7 280   M    M   3 3       M  M
 4  85  70  78   M   0  13    T  0.0    0  1.3  6 270   M    M   4 13      M  M
 5  88  69  79   M   0  14    T  0.0    0  2.2  7 220   M    M   5 13      M  M
 6  90  68  79   M   0  14 0.00  0.0    0  1.9  8 270   M    M   3         M  M
 7  92  69  81   M   0  16 0.00  0.0    0  4.4  9 280   M    M   1 3      21 280
 8  92  73  83   M   0  18 0.00  0.0    0  4.9 10 270   M    M   1 8      17 270
 9  94  71  83   M   0  18 0.00  0.0    0  3.7  7  99   M    M   0         M  M
10  94  73  84   M   0  19 0.00  0.0    0  2.6  9 270   M    M   1 8       M  M
11  93  73  83   M   0  18 0.00  0.0    0  4.2 10  70   M    M   2         M  M
12  92  75  84   M   0  19 0.01  0.0    0  3.4  7 100   M    M   1 18      M  M
13  97  75  86   M   0  21 0.01  0.0    0  4.0  9 270   M    M   2 13      M  M
14  93  73  83   M   0  18 0.00  0.0    0  3.6  9 250   M    M   3 13      M  M
15  92  71  82   M   0  17 0.01  0.0    0  2.2  9 280   M    M   1         M  M
16  93  66  80   M   0  15 0.00  0.0    0  1.4  8 110   M    M   0         M  M
17  95  67  81   M   0  16 0.00  0.0    0  1.6  6  80   M    M   0         M  M
================================================================================
SM 1553 1197         0 275  0.03     0.0  52.1          M       36
================================================================================
AV 91.4 70.4                               3.1 FASTST   M    M   2    MAX(MPH)
                                 MISC ---->  # 10  70               # 21  280
================================================================================
NOTES:
# LAST OF SEVERAL OCCURRENCES

COLUMN 17 PEAK WIND IN M.P.H.

PRELIMINARY LOCAL CLIMATOLOGICAL DATA (WS FORM: F-6) , PAGE 2

                                          STATION:  LAWRENCEVILLE
                                          MONTH:    AUGUST
                                          YEAR:     2019
                                          LATITUDE:   33 58 N
                                          LONGITUDE:  83 58 W

[TEMPERATURE DATA]      [PRECIPITATION DATA]       SYMBOLS USED IN COLUMN 16

AVERAGE MONTHLY: 80.9   TOTAL FOR MONTH:   0.03    1 = FOG OR MIST
DPTR FM NORMAL:     M   DPTR FM NORMAL:       M    2 = FOG REDUCING VISIBILITY
HIGHEST:    97 ON 13    GRTST 24HR  0.37 ON 31- 1      TO 1/4 MILE OR LESS
LOWEST:     66 ON 16                               3 = THUNDER
                        SNOW, ICE PELLETS, HAIL    4 = ICE PELLETS
                        TOTAL MONTH:   0.0 INCH    5 = HAIL
                        GRTST 24HR     0.0         6 = FREEZING RAIN OR DRIZZLE
                        GRTST DEPTH:   0           7 = DUSTSTORM OR SANDSTORM:
                                                       VSBY 1/2 MILE OR LESS
                                                   8 = SMOKE OR HAZE
[NO. OF DAYS WITH]      [WEATHER - DAYS WITH]      9 = BLOWING SNOW
                                                   X = TORNADO
MAX 32 OR BELOW:   0    0.01 INCH OR MORE:   3
MAX 90 OR ABOVE:  13    0.10 INCH OR MORE:   0
MIN 32 OR BELOW:   0    0.50 INCH OR MORE:   0
MIN  0 OR BELOW:   0    1.00 INCH OR MORE:   0

[HDD (BASE 65) ]
TOTAL THIS MO.     0    CLEAR  (SCALE 0-3)  12
DPTR FM NORMAL     M    PTCLDY (SCALE 4-7)   5
TOTAL FM JUL 1     0    CLOUDY (SCALE 8-10)  0
DPTR FM NORMAL     M

[CDD (BASE 65) ]
TOTAL THIS MO.   275
DPTR FM NORMAL     M    [PRESSURE DATA]
TOTAL FM JAN 1  1405    HIGHEST SLP M ON M
DPTR FM NORMAL     M    LOWEST  SLP 29.82 ON M

[REMARKS]
