000
CXUS52 KFFC 191110
CF6LZU
PRELIMINARY LOCAL CLIMATOLOGICAL DATA (WS FORM: F-6)

                                          STATION:   LAWRENCEVILLE
                                          MONTH:     APRIL
                                          YEAR:      2019
                                          LATITUDE:   33 58 N
                                          LONGITUDE:  83 58 W

  TEMPERATURE IN F:       :PCPN:    SNOW:  WIND      :SUNSHINE: SKY     :PK WND
================================================================================
1   2   3   4   5  6A  6B    7    8   9   10  11  12  13   14  15   16   17  18
                                     12Z  AVG MX 2MIN
DY MAX MIN AVG DEP HDD CDD  WTR  SNW DPTH SPD SPD DIR MIN PSBL S-S WX    SPD DR
================================================================================

 1  60  31  46   M  19   0 0.00  0.0    0  4.4 13  60   M    M   0        18  90
 2  62  41  52   M  13   0 0.00  0.0    0  5.2  8  70   M    M   3         M  M
 3  73  36  55   M  10   0 0.00  0.0    0  2.1  7 230   M    M   0         M  M
 4  70  40  55   M  10   0    T    M    0  5.0 13 150   M    M   2 1      21 120
 5  71  54  63   M   2   0 0.13  0.0    0  4.6 10 120   M    M   7 1       M  M
 6  73  56  65   M   0   0 0.00  0.0    0  5.5 10  70   M    M   8 1       M  M
 7  79  59  69   M   0   4 0.50  0.0    0  4.7  9 180   M    M   5 13      M  M
 8  75  60  68   M   0   3 0.00  0.0    0  4.0 12 210   M    M   6 13     17 200
 9  73  58  66   M   0   1 0.01  0.0    0  3.8  9 150   M    M   6 138     M  M
10  82  52  67   M   0   2 0.00  0.0    0  1.9  8  80   M    M   0 1      17  80
11  81  54  68   M   0   3 0.00  0.0    0  6.9 14 130   M    M   2        22 140
12  79  60  70   M   0   5    T  0.0    0  6.8 15 120   M    M   6 1      20 120
13  81  57  69   M   0   4    M  0.0    0  4.3 10 160   M    M   5        16 180
14  77  56  67   M   0   2 0.21  0.0    0 12.8 22 200   M    M   8 1      36 210
15  65  43  54   M  11   0 0.00  0.0    0  8.7 16 290   M    M   2        25 300
16  75  41  58   M   7   0 0.00  0.0    0  2.7  9 190   M    M   0         M  M
17  80  46  63   M   2   0 0.00  0.0    0  3.5  9 210   M    M   0         M  M
18  79  57  68   M   0   3 0.00  0.0    0  7.3 13 160   M    M   5        23 160
================================================================================
SM 1335  901        74  27  0.85     0.0  94.2          M       65
================================================================================
AV 74.2 50.1                               5.2 FASTST   M    M   4    MAX(MPH)
                                 MISC ---->  # 22 200               # 36  210
================================================================================
NOTES:
# LAST OF SEVERAL OCCURRENCES

COLUMN 17 PEAK WIND IN M.P.H.

PRELIMINARY LOCAL CLIMATOLOGICAL DATA (WS FORM: F-6) , PAGE 2

                                          STATION:  LAWRENCEVILLE
                                          MONTH:    APRIL
                                          YEAR:     2019
                                          LATITUDE:   33 58 N
                                          LONGITUDE:  83 58 W

[TEMPERATURE DATA]      [PRECIPITATION DATA]       SYMBOLS USED IN COLUMN 16

AVERAGE MONTHLY: 62.1   TOTAL FOR MONTH:   0.85    1 = FOG OR MIST
DPTR FM NORMAL:     M   DPTR FM NORMAL:       M    2 = FOG REDUCING VISIBILITY
HIGHEST:    82 ON 10    GRTST 24HR  0.50 ON  7- 7      TO 1/4 MILE OR LESS
LOWEST:     31 ON  1                               3 = THUNDER
                        SNOW, ICE PELLETS, HAIL    4 = ICE PELLETS
                        TOTAL MONTH:   0.0 INCH    5 = HAIL
                        GRTST 24HR     0.0         6 = FREEZING RAIN OR DRIZZLE
                        GRTST DEPTH:   0           7 = DUSTSTORM OR SANDSTORM:
                                                       VSBY 1/2 MILE OR LESS
                                                   8 = SMOKE OR HAZE
[NO. OF DAYS WITH]      [WEATHER - DAYS WITH]      9 = BLOWING SNOW
                                                   X = TORNADO
MAX 32 OR BELOW:   0    0.01 INCH OR MORE:   4
MAX 90 OR ABOVE:   0    0.10 INCH OR MORE:   3
MIN 32 OR BELOW:   1    0.50 INCH OR MORE:   1
MIN  0 OR BELOW:   0    1.00 INCH OR MORE:   0

[HDD (BASE 65) ]
TOTAL THIS MO.    74    CLEAR  (SCALE 0-3)   9
DPTR FM NORMAL     M    PTCLDY (SCALE 4-7)   9
TOTAL FM JUL 1  1784    CLOUDY (SCALE 8-10)  0
DPTR FM NORMAL     M

[CDD (BASE 65) ]
TOTAL THIS MO.    27
DPTR FM NORMAL     M    [PRESSURE DATA]
TOTAL FM JAN 1    33    HIGHEST SLP M ON M
DPTR FM NORMAL     M    LOWEST  SLP 29.54 ON 14

[REMARKS]
