000
CXUS54 KLZK 211130
CF6M19
PRELIMINARY LOCAL CLIMATOLOGICAL DATA (WS FORM: F-6)

                                          STATION:   Newport Airport
                                          MONTH:     OCTOBER
                                          YEAR:      2019
                                          LATITUDE:   35 35 N
                                          LONGITUDE:  91 16 W

  TEMPERATURE IN F:       :PCPN:    SNOW:  WIND      :SUNSHINE: SKY     :PK WND
================================================================================
1   2   3   4   5  6A  6B    7    8   9   10  11  12  13   14  15   16   17  18
                                     12Z  AVG MX 2MIN
DY MAX MIN AVG DEP HDD CDD  WTR  SNW DPTH SPD SPD DIR MIN PSBL S-S WX    SPD DR
================================================================================

 1  92  67  80  14   0  15 0.00    M    M  7.3 16 210   M    M   0        23 210
 2  93  66  80  14   0  15 0.00    M    M  7.6 15 210   M    M   0         M  M
 3  92  69  81  15   0  16 0.00    M    M  6.2 13  10   M    M   0        21 360
 4  77  58  68   3   0   3 0.00    M    M 12.0 16  30   M    M   0 8      22  20
 5  85  55  70   5   0   5 0.00    M    M  4.9  9 150   M    M   1 8       M  M
 6  78  56  67   3   0   2 0.80    M    M  6.9 15  10   M    M   7 138    17  80
 7  71  52  62  -2   3   0 0.03    M    M 11.6 20  20   M    M   3 1      25  20
 8  74  47  61  -3   4   0    T    M    M  6.7 12  20   M    M   0        16  50
 9  77  48  63   0   2   0 0.00    M    M  4.9 10 170   M    M   1         M  M
10  86  59  73  10   0   8 0.00    M    M 10.9 22 180   M    M   2        31 170
11  74  41  58  -5   7   0 0.09    M    M 13.3 25 310   M    M   6        35 310
12  62  35  49 -13  16   0 0.00    M    M  3.8  8 320   M    M   0         M  M
13  70  36  53  -9  12   0 0.00    M    M  5.7 13 200   M    M   0         M  M
14  72  42  57  -5   8   0 0.00    M    M  5.2  9 160   M    M   2 12      M  M
15  70  53  62   1   3   0 0.24    M    M  7.2 22 330   M    M   9 1      29 330
16  64  45  55  -6  10   0 0.00    M    M 10.0 18 350   M    M   0         M  M
17  64  39  52  -9  13   0 0.00    M    M  4.6  8  30   M    M   0 8       M  M
18  70  40  55  -5  10   0 0.00    M    M  5.2 10 100   M    M   0 1       M  M
19  74  41  58  -2   7   0 0.00    M    M  3.5  9  60   M    M   1 8       M  M
20  80  56  68   8   0   3 0.00    M    M  7.7 24 150   M    M   7 8      31 150
================================================================================
SM 1525 1005        95  67  1.16    M    145.2          M       39
================================================================================
AV 76.3 50.3                               7.3 FASTST   M    M   2    MAX(MPH)
                                 MISC ---->  # 25 310               # 35  310
================================================================================
NOTES:
# LAST OF SEVERAL OCCURRENCES

COLUMN 17 PEAK WIND IN M.P.H.

PRELIMINARY LOCAL CLIMATOLOGICAL DATA (WS FORM: F-6) , PAGE 2

                                          STATION:  Newport Airport
                                          MONTH:    OCTOBER
                                          YEAR:     2019
                                          LATITUDE:   35 35 N
                                          LONGITUDE:  91 16 W

[TEMPERATURE DATA]      [PRECIPITATION DATA]       SYMBOLS USED IN COLUMN 16

AVERAGE MONTHLY: 63.3   TOTAL FOR MONTH:   1.16    1 = FOG OR MIST
DPTR FM NORMAL:   0.3   DPTR FM NORMAL:   -1.34    2 = FOG REDUCING VISIBILITY
HIGHEST:    93 ON  2    GRTST 24HR  0.80 ON  6- 6      TO 1/4 MILE OR LESS
LOWEST:     35 ON 12                               3 = THUNDER
                        SNOW, ICE PELLETS, HAIL    4 = ICE PELLETS
                        TOTAL MONTH:    M          5 = HAIL
                        GRTST 24HR    M  ON   M    6 = FREEZING RAIN OR DRIZZLE
                        GRTST DEPTH:  M  ON   M    7 = DUSTSTORM OR SANDSTORM:
                                                       VSBY 1/2 MILE OR LESS
                                                   8 = SMOKE OR HAZE
[NO. OF DAYS WITH]      [WEATHER - DAYS WITH]      9 = BLOWING SNOW
                                                   X = TORNADO
MAX 32 OR BELOW:   0    0.01 INCH OR MORE:   4
MAX 90 OR ABOVE:   3    0.10 INCH OR MORE:   2
MIN 32 OR BELOW:   0    0.50 INCH OR MORE:   1
MIN  0 OR BELOW:   0    1.00 INCH OR MORE:   0

[HDD (BASE 65) ]
TOTAL THIS MO.    95    CLEAR  (SCALE 0-3)  15
DPTR FM NORMAL     9    PTCLDY (SCALE 4-7)   4
TOTAL FM JUL 1    95    CLOUDY (SCALE 8-10)  1
DPTR FM NORMAL   -13

[CDD (BASE 65) ]
TOTAL THIS MO.    67
DPTR FM NORMAL    24    [PRESSURE DATA]
TOTAL FM JAN 1  2033    HIGHEST SLP M ON M
DPTR FM NORMAL   166    LOWEST  SLP M ON M

[REMARKS]
