000
CXUS54 KLZK 231130
CF6M19
PRELIMINARY LOCAL CLIMATOLOGICAL DATA (WS FORM: F-6)

                                          STATION:   Newport Airport
                                          MONTH:     APRIL
                                          YEAR:      2019
                                          LATITUDE:   35 35 N
                                          LONGITUDE:  91 16 W

  TEMPERATURE IN F:       :PCPN:    SNOW:  WIND      :SUNSHINE: SKY     :PK WND
================================================================================
1   2   3   4   5  6A  6B    7    8   9   10  11  12  13   14  15   16   17  18
                                     12Z  AVG MX 2MIN
DY MAX MIN AVG DEP HDD CDD  WTR  SNW DPTH SPD SPD DIR MIN PSBL S-S WX    SPD DR
================================================================================

 1  53  29  41 -15  24   0 0.00    M    M  6.6 10  60   M    M   1 8       M  M
 2  67  35  51  -5  14   0 0.00    M    M  7.9 16 190   M    M   0 8      21 220
 3  73  41  57   1   8   0 0.00    M    M 10.4 17 170   M    M   0        23 170
 4  60  52  56  -1   9   0 0.88    M    M  8.1 27 120   M    M   9 13     35 120
 5  69  53  61   4   4   0 0.00    M    M  4.2  8  90   M    M   6 1       M  M
 6  75  49  62   4   3   0 0.20    M    M  6.8 14 110   M    M   4 13     18 110
 7  66  59  63   5   2   0 0.51    M    M  8.2 17 170   M    M   6 13      M  M
 8  73  58  66   8   0   1 0.00    M    M  5.3 10 140   M    M   3 1       M  M
 9  81  55  68  10   0   3 0.00    M    M  6.0 10  40   M    M   0 128    18  60
10  83  57  70  11   0   5 0.00    M    M 13.5 23 170   M    M   1        28 160
11  78  63  71  12   0   6    T    M    M 18.0 29 180   M    M   4        39 200
12  69  46  58  -1   7   0 0.00    M    M  7.2 13 310   M    M   0         M  M
13   M   M   M   M   M   M 1.80    M    M 14.8 31  30   M    M   8 13     40  60
14  55  44  50 -10  15   0 0.05    M    M 12.8 21 310   M    M   6 1      32 320
15  70  41  56  -4   9   0 0.00    M    M 10.4 17 170   M    M   0         M  M
16  75  53  64   3   1   0 0.00    M    M 15.2 23 200   M    M   0        30 190
17  73  59  66   5   0   1    T    M    M 13.9 23 210   M    M   6        30 210
18  66  48  57  -4   8   0 2.24    M    M 15.9 29 330   M    M   8 13     39 340
19  56  47  52 -10  13   0 0.01    M    M 11.3 17 320   M    M   8        30 330
20  72  44  58  -4   7   0 0.00    M    M 11.2 16 310   M    M   0        21 310
21  78  47  63   1   2   0 0.00    M    M 10.2 17 180   M    M   0         M  M
22  79  55  67   5   0   2 0.00    M    M 12.0 20 210   M    M   0        24 210
================================================================================
SM 1471 1035       126  18  5.69    M    229.9          M       70
================================================================================
AV 70.1 49.3                              10.4 FASTST   M    M   3    MAX(MPH)
                                 MISC ---->  # 31  30               # 40   60
================================================================================
NOTES:
# LAST OF SEVERAL OCCURRENCES

COLUMN 17 PEAK WIND IN M.P.H.

PRELIMINARY LOCAL CLIMATOLOGICAL DATA (WS FORM: F-6) , PAGE 2

                                          STATION:  Newport Airport
                                          MONTH:    APRIL
                                          YEAR:     2019
                                          LATITUDE:   35 35 N
                                          LONGITUDE:  91 16 W

[TEMPERATURE DATA]      [PRECIPITATION DATA]       SYMBOLS USED IN COLUMN 16

AVERAGE MONTHLY: 59.7   TOTAL FOR MONTH:   5.69    1 = FOG OR MIST
DPTR FM NORMAL:   0.5   DPTR FM NORMAL:    2.19    2 = FOG REDUCING VISIBILITY
HIGHEST:    83 ON 10    GRTST 24HR  2.24 ON 18-18      TO 1/4 MILE OR LESS
LOWEST:     29 ON  1                               3 = THUNDER
                        SNOW, ICE PELLETS, HAIL    4 = ICE PELLETS
                        TOTAL MONTH:    M          5 = HAIL
                        GRTST 24HR    M  ON   M    6 = FREEZING RAIN OR DRIZZLE
                        GRTST DEPTH:  M  ON   M    7 = DUSTSTORM OR SANDSTORM:
                                                       VSBY 1/2 MILE OR LESS
                                                   8 = SMOKE OR HAZE
[NO. OF DAYS WITH]      [WEATHER - DAYS WITH]      9 = BLOWING SNOW
                                                   X = TORNADO
MAX 32 OR BELOW:   0    0.01 INCH OR MORE:   7
MAX 90 OR ABOVE:   0    0.10 INCH OR MORE:   5
MIN 32 OR BELOW:   1    0.50 INCH OR MORE:   4
MIN  0 OR BELOW:   0    1.00 INCH OR MORE:   2

[HDD (BASE 65) ]
TOTAL THIS MO.   126    CLEAR  (SCALE 0-3)  12
DPTR FM NORMAL   -29    PTCLDY (SCALE 4-7)   9
TOTAL FM JUL 1  3487    CLOUDY (SCALE 8-10)  1
DPTR FM NORMAL   -71

[CDD (BASE 65) ]
TOTAL THIS MO.    18
DPTR FM NORMAL   -10    [PRESSURE DATA]
TOTAL FM JAN 1    18    HIGHEST SLP M ON M
DPTR FM NORMAL   -17    LOWEST  SLP M ON M

[REMARKS]
