000
CXUS54 KLZK 191130
CF6M19
PRELIMINARY LOCAL CLIMATOLOGICAL DATA (WS FORM: F-6)

                                          STATION:   Newport Airport
                                          MONTH:     FEBRUARY
                                          YEAR:      2019
                                          LATITUDE:   35 35 N
                                          LONGITUDE:  91 16 W

  TEMPERATURE IN F:       :PCPN:    SNOW:  WIND      :SUNSHINE: SKY     :PK WND
================================================================================
1   2   3   4   5  6A  6B    7    8   9   10  11  12  13   14  15   16   17  18
                                     12Z  AVG MX 2MIN
DY MAX MIN AVG DEP HDD CDD  WTR  SNW DPTH SPD SPD DIR MIN PSBL S-S WX    SPD DR
================================================================================

 1  43  34  39   1  26   0 0.12    M    M  2.9 10 340   M    M   9 12      M  M
 2  63  39  51  13  14   0 0.00    M    M  5.5 15 190   M    M   6 12      M  M
 3  70  39  55  16  10   0 0.00    M    M 10.3 17 170   M    M   3         M  M
 4  74  56  65  26   0   0    T    M    M 14.1 28 200   M    M   6 1      31 200
 5  61  49  55  16  10   0    T    M    M  4.8 13  60   M    M  10 1       M  M
 6  68  54  61  22   4   0 0.69    M    M  8.4 16 180   M    M  10 13      M  M
 7  68  23  46   7  19   0 0.80    M    M 17.8 24 310   M    M   8 13     41 250
 8  32  19  26 -14  39   0 0.00    M    M 11.4 22 330   M    M   0        32 330
 9  36  22  29 -11  36   0 0.03    M    M 13.0 21  50   M    M   3        27  50
10  43  31  37  -3  28   0 2.23    M    M  5.7 13 180   M    M  10 1       M  M
11  51  41  46   6  19   0 3.59    M    M  6.4 10 320   M    M  10 1      20 320
12  53  38  46   5  19   0 0.14    M    M 13.5 27 300   M    M   5 12     37 300
13  58  30  44   3  21   0 0.00    M    M  9.6 20 190   M    M   0 8       M  M
14  60  45  53  12  12   0 0.00    M    M 15.1 28 200   M    M   4        43 200
15  50  31  41  -1  24   0 0.10    M    M 12.7 21  30   M    M   6 16     25  30
16  35  27  31 -11  34   0 0.03    M    M 11.6 18  20   M    M  10 1      28  20
17  42  33  38  -4  27   0 0.12    M    M  9.7 18 320   M    M   7 13     28 320
18  40  26  33  -9  32   0 0.03    M    M 10.5 15  60   M    M   0         M  M
================================================================================
SM  947  637       374   0  7.88    M    183.0          M      107
================================================================================
AV 52.6 35.4                              10.2 FASTST   M    M   6    MAX(MPH)
                                 MISC ---->  # 28 200               # 43  200
================================================================================
NOTES:
# LAST OF SEVERAL OCCURRENCES

COLUMN 17 PEAK WIND IN M.P.H.

PRELIMINARY LOCAL CLIMATOLOGICAL DATA (WS FORM: F-6) , PAGE 2

                                          STATION:  Newport Airport
                                          MONTH:    FEBRUARY
                                          YEAR:     2019
                                          LATITUDE:   35 35 N
                                          LONGITUDE:  91 16 W

[TEMPERATURE DATA]      [PRECIPITATION DATA]       SYMBOLS USED IN COLUMN 16

AVERAGE MONTHLY: 44.0   TOTAL FOR MONTH:   7.88    1 = FOG OR MIST
DPTR FM NORMAL:   3.9   DPTR FM NORMAL:    5.59    2 = FOG REDUCING VISIBILITY
HIGHEST:    74 ON  4    GRTST 24HR  3.59 ON 11-11      TO 1/4 MILE OR LESS
LOWEST:     19 ON  8                               3 = THUNDER
                        SNOW, ICE PELLETS, HAIL    4 = ICE PELLETS
                        TOTAL MONTH:    M          5 = HAIL
                        GRTST 24HR    M  ON   M    6 = FREEZING RAIN OR DRIZZLE
                        GRTST DEPTH:  M  ON   M    7 = DUSTSTORM OR SANDSTORM:
                                                       VSBY 1/2 MILE OR LESS
                                                   8 = SMOKE OR HAZE
[NO. OF DAYS WITH]      [WEATHER - DAYS WITH]      9 = BLOWING SNOW
                                                   X = TORNADO
MAX 32 OR BELOW:   1    0.01 INCH OR MORE:  11
MAX 90 OR ABOVE:   0    0.10 INCH OR MORE:   8
MIN 32 OR BELOW:   8    0.50 INCH OR MORE:   4
MIN  0 OR BELOW:   0    1.00 INCH OR MORE:   2

[HDD (BASE 65) ]
TOTAL THIS MO.   374    CLEAR  (SCALE 0-3)   5
DPTR FM NORMAL   -74    PTCLDY (SCALE 4-7)   7
TOTAL FM JUL 1  2632    CLOUDY (SCALE 8-10)  6
DPTR FM NORMAL  -113

[CDD (BASE 65) ]
TOTAL THIS MO.     0
DPTR FM NORMAL     0    [PRESSURE DATA]
TOTAL FM JAN 1     0    HIGHEST SLP M ON M
DPTR FM NORMAL     0    LOWEST  SLP M ON M

[REMARKS]
