000
CXUS56 KHNX 171146
CF6MAE
PRELIMINARY LOCAL CLIMATOLOGICAL DATA (WS FORM: F-6)

                                          STATION:   MADERA CA AIRPORT
                                          MONTH:     FEBRUARY
                                          YEAR:      2019
                                          LATITUDE:   36 58 N
                                          LONGITUDE: 120  7 W

  TEMPERATURE IN F:       :PCPN:    SNOW:  WIND      :SUNSHINE: SKY     :PK WND
================================================================================
1   2   3   4   5  6A  6B    7    8   9   10  11  12  13   14  15   16   17  18
                                     12Z  AVG MX 2MIN
DY MAX MIN AVG DEP HDD CDD  WTR  SNW DPTH SPD SPD DIR MIN PSBL S-S WX    SPD DR
================================================================================

 1  64  46  55   7  10   0 0.08  0.0    0  8.4 17 100   M    M   4 18     28 340
 2  64  53  59  11   6   0 0.56  0.0    0 14.7 23 120   M    M   7 3      34 250
 3  65  51  58  10   7   0 0.03  0.0    0 13.7 25 160   M    M   8 3      32 120
 4  60  46  53   5  12   0 0.39  0.0    0 10.3 24 130   M    M   8 3      32 150
 5  54  36  45  -4  20   0 0.03  0.0    0  6.9 21 350   M    M   4 1      27 290
 6  55  31  43  -6  22   0 0.00  0.0    0  2.3  8 290   M    M   0        14 340
 7  58  34  46  -3  19   0 0.00  0.0    0  2.8 12  90   M    M   0        40 150
 8  60  32  46  -3  19   0 0.09  0.0    0  7.4 20 120   M    M   3        28 210
 9  60  40  50   0  15   0 0.08  0.0    0  6.8 15 110   M    M   8 128    20 110
10  53  36  45  -5  20   0 0.28  0.0    0  9.4 20 340   M    M   6        24 310
11  57  31  44  -6  21   0 0.00  0.0    0  3.6 12 140   M    M   0        14 170
12  60  35  48  -2  17   0    T  0.0    0  7.8 22  90   M    M   2        26 110
13  66  52  59   9   6   0 0.06  0.0    0 15.1 28 120   M    M  10        42 120
14  71  45  58   8   7   0 0.02  0.0    0 13.7 31 170   M    M   5        40 170
15  59  43  51   0  14   0 0.32    M    0  6.7 24 280   M    M   8 18     33 270
16  55  39  47  -4  18   0 0.22  0.0    0  6.0 30 360   M    M   7 1238   34 360
================================================================================
SM  961  650       233   0  2.16     0.0 135.6          M       80
================================================================================
AV 60.1 40.6                               8.5 FASTST   M    M   5    MAX(MPH)
                                 MISC ---->  # 31 170               # 42  120
================================================================================
NOTES:
# LAST OF SEVERAL OCCURRENCES

COLUMN 17 PEAK WIND IN M.P.H.

PRELIMINARY LOCAL CLIMATOLOGICAL DATA (WS FORM: F-6) , PAGE 2

                                          STATION:  MADERA CA AIRPORT
                                          MONTH:    FEBRUARY
                                          YEAR:     2019
                                          LATITUDE:   36 58 N
                                          LONGITUDE: 120  7 W

[TEMPERATURE DATA]      [PRECIPITATION DATA]       SYMBOLS USED IN COLUMN 16

AVERAGE MONTHLY: 50.3   TOTAL FOR MONTH:   2.16    1 = FOG OR MIST
DPTR FM NORMAL:   1.0   DPTR FM NORMAL:    1.06    2 = FOG REDUCING VISIBILITY
HIGHEST:    71 ON 14    GRTST 24HR  0.56 ON  2- 2      TO 1/4 MILE OR LESS
LOWEST:     31 ON 11, 6                            3 = THUNDER
                        SNOW, ICE PELLETS, HAIL    4 = ICE PELLETS
                        TOTAL MONTH:   0.0 INCH    5 = HAIL
                        GRTST 24HR     0.0         6 = FREEZING RAIN OR DRIZZLE
                        GRTST DEPTH:   0           7 = DUSTSTORM OR SANDSTORM:
                                                       VSBY 1/2 MILE OR LESS
                                                   8 = SMOKE OR HAZE
[NO. OF DAYS WITH]      [WEATHER - DAYS WITH]      9 = BLOWING SNOW
                                                   X = TORNADO
MAX 32 OR BELOW:   0    0.01 INCH OR MORE:  12
MAX 90 OR ABOVE:   0    0.10 INCH OR MORE:   5
MIN 32 OR BELOW:   3    0.50 INCH OR MORE:   1
MIN  0 OR BELOW:   0    1.00 INCH OR MORE:   0

[HDD (BASE 65) ]
TOTAL THIS MO.   233    CLEAR  (SCALE 0-3)   5
DPTR FM NORMAL   -16    PTCLDY (SCALE 4-7)   9
TOTAL FM JUL 1  1271    CLOUDY (SCALE 8-10)  2
DPTR FM NORMAL  -654

[CDD (BASE 65) ]
TOTAL THIS MO.     0
DPTR FM NORMAL     0    [PRESSURE DATA]
TOTAL FM JAN 1     0    HIGHEST SLP M ON M
DPTR FM NORMAL     0    LOWEST  SLP 29.53 ON 14

[REMARKS]
