000
CXUS54 KMAF 221100
CF6MAF
PRELIMINARY LOCAL CLIMATOLOGICAL DATA (WS FORM: F-6)

                                          STATION:   Midland International Airport
                                          MONTH:     APRIL
                                          YEAR:      2019
                                          LATITUDE:   31 57 N
                                          LONGITUDE: 102 11 W

  TEMPERATURE IN F:       :PCPN:    SNOW:  WIND      :SUNSHINE: SKY     :PK WND
================================================================================
1   2   3   4   5  6A  6B    7    8   9   10  11  12  13   14  15   16   17  18
                                     12Z  AVG MX 2MIN
DY MAX MIN AVG DEP HDD CDD  WTR  SNW DPTH SPD SPD DIR MIN PSBL S-S WX    SPD DR
================================================================================

 1  64  35  50 -10  15   0 0.00  0.0    0  8.6 17 200   M    M   1        19 220
 2  78  40  59  -1   6   0 0.00  0.0    0 15.7 23 170   M    M   0        29 170
 3  85  51  68   8   0   3 0.00  0.0    0 15.1 26 250   M    M   0        33 180
 4  84  48  66   5   0   1 0.00  0.0    0  8.0 18 330   M    M   0 1      24 340
 5  84  52  68   7   0   3 0.00  0.0    0 12.9 24 160   M    M   1 3      31 190
 6  82  56  69   8   0   4    T  0.0    0  9.2 21 240   M    M   1 3      28 260
 7  86  49  68   6   0   3 0.00  0.0    0  7.3 16 350   M    M   0        23 340
 8  88  47  68   6   0   3 0.00  0.0    0  6.1 16 210   M    M   0 18     19 180
 9  96  56  76  14   0  11 0.00  0.0    0 10.6 23 240   M    M   0        30 240
10  97  61  79  17   0  14 0.00  0.0    0 20.7 37 240   M    M   3 8      47 250
11  74  51  63   0   2   0 0.00  0.0    0 16.1 30 270   M    M   0        37 220
12  76  41  59  -4   6   0 0.08  0.0    0 12.7 37  70   M    M   2 3      44  70
13  51  41  46 -17  19   0 1.55  0.0    0 18.1 36  30   M    M   7 13     44  30
14  74  37  56  -8   9   0 0.00  0.0    0  9.8 20 190   M    M   0 1      25 180
15  85  54  70   6   0   5 0.00  0.0    0 14.3 23 160   M    M   0        29 170
16  84  60  72   8   0   7 0.00  0.0    0 14.8 26 190   M    M   0        32 190
17  81  55  68   3   0   3 0.00  0.0    0 17.1 36 270   M    M   1 8      47 260
18  74  52  63  -2   2   0 0.00  0.0    0 13.7 31  20   M    M   1        36  20
19  75  44  60  -5   5   0 0.00  0.0    0  6.5 21  60   M    M   0        25  60
20  88  49  69   3   0   4 0.00  0.0    0 14.3 29 170   M    M   0        34 160
21  91  61  76  10   0  11 0.00  0.0    0 13.0 23 290   M    M   0        32 270
================================================================================
SM 1697 1040        64  72  1.63     0.0 264.6          M       17
================================================================================
AV 80.8 49.5                              12.6 FASTST   M    M   1    MAX(MPH)
                                 MISC ---->  # 37 240               # 47  250
================================================================================
NOTES:
# LAST OF SEVERAL OCCURRENCES

COLUMN 17 PEAK WIND IN M.P.H.

PRELIMINARY LOCAL CLIMATOLOGICAL DATA (WS FORM: F-6) , PAGE 2

                                          STATION:  Midland International Airport
                                          MONTH:    APRIL
                                          YEAR:     2019
                                          LATITUDE:   31 57 N
                                          LONGITUDE: 102 11 W

[TEMPERATURE DATA]      [PRECIPITATION DATA]       SYMBOLS USED IN COLUMN 16

AVERAGE MONTHLY: 65.2   TOTAL FOR MONTH:   1.63    1 = FOG OR MIST
DPTR FM NORMAL:   2.4   DPTR FM NORMAL:    1.19    2 = FOG REDUCING VISIBILITY
HIGHEST:    97 ON 10    GRTST 24HR  1.55 ON 13-13      TO 1/4 MILE OR LESS
LOWEST:     35 ON  1                               3 = THUNDER
                        SNOW, ICE PELLETS, HAIL    4 = ICE PELLETS
                        TOTAL MONTH:   0.0 INCH    5 = HAIL
                        GRTST 24HR     0.0         6 = FREEZING RAIN OR DRIZZLE
                        GRTST DEPTH:   0           7 = DUSTSTORM OR SANDSTORM:
                                                       VSBY 1/2 MILE OR LESS
                                                   8 = SMOKE OR HAZE
[NO. OF DAYS WITH]      [WEATHER - DAYS WITH]      9 = BLOWING SNOW
                                                   X = TORNADO
MAX 32 OR BELOW:   0    0.01 INCH OR MORE:   2
MAX 90 OR ABOVE:   3    0.10 INCH OR MORE:   1
MIN 32 OR BELOW:   0    0.50 INCH OR MORE:   1
MIN  0 OR BELOW:   0    1.00 INCH OR MORE:   1

[HDD (BASE 65) ]
TOTAL THIS MO.    64    CLEAR  (SCALE 0-3)  19
DPTR FM NORMAL   -31    PTCLDY (SCALE 4-7)   2
TOTAL FM JUL 1  2532    CLOUDY (SCALE 8-10)  0
DPTR FM NORMAL  -107

[CDD (BASE 65) ]
TOTAL THIS MO.    72
DPTR FM NORMAL    23    [PRESSURE DATA]
TOTAL FM JAN 1    98    HIGHEST SLP M ON M
DPTR FM NORMAL    31    LOWEST  SLP 29.27 ON 10

[REMARKS]
