000
CXUS54 KMAF 201100
CF6MAF
PRELIMINARY LOCAL CLIMATOLOGICAL DATA (WS FORM: F-6)

                                          STATION:   Midland International Airport
                                          MONTH:     FEBRUARY
                                          YEAR:      2019
                                          LATITUDE:   31 57 N
                                          LONGITUDE: 102 11 W

  TEMPERATURE IN F:       :PCPN:    SNOW:  WIND      :SUNSHINE: SKY     :PK WND
================================================================================
1   2   3   4   5  6A  6B    7    8   9   10  11  12  13   14  15   16   17  18
                                     12Z  AVG MX 2MIN
DY MAX MIN AVG DEP HDD CDD  WTR  SNW DPTH SPD SPD DIR MIN PSBL S-S WX    SPD DR
================================================================================

 1  70  42  56  10   9   0 0.03  0.0    0  8.9 17 250   M    M   5 12     23 180
 2  72  50  61  15   4   0 0.00  0.0    0 10.8 21 240   M    M   3 1      28 210
 3  76  48  62  16   3   0 0.00  0.0    0 13.9 29 240   M    M   0        34 240
 4  78  46  62  16   3   0 0.00  0.0    0 11.3 23 170   M    M   0        32 230
 5  76  49  63  17   2   0 0.00  0.0    0  8.6 22 250   M    M   1        25 250
 6  79  54  67  21   0   2    T  0.0    0 11.2 29 210   M    M   2        41 210
 7  58  32  45  -2  20   0 0.00  0.0    0 13.9 30 310   M    M   0        40 310
 8  37  23  30 -17  35   0 0.00  0.0    0 12.8 20 120   M    M   4        23 120
 9  39  30  35 -12  30   0 0.00  0.0    0 12.4 20 120   M    M   8        23 120
10  53  37  45  -2  20   0 0.01    M    0  8.1 20 160   M    M   8        26 160
11  67  42  55   7  10   0    T    M    0 13.7 38 260   M    M   4 8      49 260
12  57  27  42  -6  23   0 0.00  0.0    0  7.9 20 330   M    M   0        26 340
13  68  30  49   1  16   0 0.00  0.0    0 11.5 23 200   M    M   0        30 190
14  80  50  65  17   0   0 0.00  0.0    0 13.5 25 240   M    M   0        31 250
15  82  49  66  18   0   1 0.00  0.0    0 15.6 36 270   M    M   0 8      44 260
16  80  36  58   9   7   0 0.00  0.0    0 13.9 38 250   M    M   0        47 250
17  57  32  45  -4  20   0 0.00  0.0    0  9.1 18 340   M    M   0        25 340
18  46  30  38 -11  27   0 0.00  0.0    0 16.4 25  70   M    M   0        30  80
19  39  30  35 -14  30   0 0.00  0.0    0  9.4 21  60   M    M   7        23  50
================================================================================
SM 1214  737       259   3  0.04     0.0 222.9          M       42
================================================================================
AV 63.9 38.8                              11.7 FASTST   M    M   2    MAX(MPH)
                                 MISC ---->  # 38 260               # 49  260
================================================================================
NOTES:
# LAST OF SEVERAL OCCURRENCES

COLUMN 17 PEAK WIND IN M.P.H.

PRELIMINARY LOCAL CLIMATOLOGICAL DATA (WS FORM: F-6) , PAGE 2

                                          STATION:  Midland International Airport
                                          MONTH:    FEBRUARY
                                          YEAR:     2019
                                          LATITUDE:   31 57 N
                                          LONGITUDE: 102 11 W

[TEMPERATURE DATA]      [PRECIPITATION DATA]       SYMBOLS USED IN COLUMN 16

AVERAGE MONTHLY: 51.3   TOTAL FOR MONTH:   0.04    1 = FOG OR MIST
DPTR FM NORMAL:   4.0   DPTR FM NORMAL:   -0.45    2 = FOG REDUCING VISIBILITY
HIGHEST:    82 ON 15    GRTST 24HR  0.03 ON  1- 1      TO 1/4 MILE OR LESS
LOWEST:     23 ON  8                               3 = THUNDER
                        SNOW, ICE PELLETS, HAIL    4 = ICE PELLETS
                        TOTAL MONTH:   0.0 INCH    5 = HAIL
                        GRTST 24HR     0.0         6 = FREEZING RAIN OR DRIZZLE
                        GRTST DEPTH:   0           7 = DUSTSTORM OR SANDSTORM:
                                                       VSBY 1/2 MILE OR LESS
                                                   8 = SMOKE OR HAZE
[NO. OF DAYS WITH]      [WEATHER - DAYS WITH]      9 = BLOWING SNOW
                                                   X = TORNADO
MAX 32 OR BELOW:   0    0.01 INCH OR MORE:   2
MAX 90 OR ABOVE:   0    0.10 INCH OR MORE:   0
MIN 32 OR BELOW:   8    0.50 INCH OR MORE:   0
MIN  0 OR BELOW:   0    1.00 INCH OR MORE:   0

[HDD (BASE 65) ]
TOTAL THIS MO.   259    CLEAR  (SCALE 0-3)  13
DPTR FM NORMAL   -76    PTCLDY (SCALE 4-7)   6
TOTAL FM JUL 1  1991    CLOUDY (SCALE 8-10)  0
DPTR FM NORMAL  -116

[CDD (BASE 65) ]
TOTAL THIS MO.     3
DPTR FM NORMAL     3    [PRESSURE DATA]
TOTAL FM JAN 1     3    HIGHEST SLP M ON M
DPTR FM NORMAL     3    LOWEST  SLP 29.49 ON 16

[REMARKS]
