000
CXUS52 KTAE 210800
CF6MAI
PRELIMINARY LOCAL CLIMATOLOGICAL DATA (WS FORM: F-6)

                                          STATION:   MARIANNA
                                          MONTH:     APRIL
                                          YEAR:      2019
                                          LATITUDE:   30 50 N
                                          LONGITUDE:  85 11 W

  TEMPERATURE IN F:       :PCPN:    SNOW:  WIND      :SUNSHINE: SKY     :PK WND
================================================================================
1   2   3   4   5  6A  6B    7    8   9   10  11  12  13   14  15   16   17  18
                                     12Z  AVG MX 2MIN
DY MAX MIN AVG DEP HDD CDD  WTR  SNW DPTH SPD SPD DIR MIN PSBL S-S WX    SPD DR
================================================================================

 1  66  48  57  -6   8   0    T    M    0  8.5 16  60   M    M   6        21  60
 2  72  48  60  -3   5   0 0.05    M    0  4.1 15 300   M    M   4        20 300
 3  75  44  60  -4   5   0 0.00  0.0    0  3.9 14  80   M    M   0        19  70
 4  76  50  63  -1   2   0 0.88  0.0    0  6.4 18 310   M    M   5 13     25 150
 5  71  62  67   3   0   2 0.03  0.0    0  4.1 12 190   M    M   7 1      14 100
 6  84  68  76  12   0  11 0.00  0.0    0  4.9 16 230   M    M   7 13     20 220
 7  84  67  76  12   0  11 0.00  0.0    0  5.2 14 200   M    M   5 1      18 200
 8  77  66  72   7   0   7 0.10  0.0    0  8.4 24 210   M    M   6 13     32 190
 9  79  62  71   6   0   6 0.06  0.0    0  7.8 18 240   M    M   7 1      24 220
10  85  60  73   8   0   8 0.00  0.0    0  4.2 12 360   M    M   3 12     16  90
11  86  63  75  10   0  10 0.00  0.0    0  5.9 16 150   M    M   1 1      23 140
12  84  64  74   8   0   9 0.00  0.0    0  3.4  8 180   M    M   4         M  M
13  88  62  75   9   0  10 0.00  0.0    M  7.7 21 150   M    M   5 1      29 180
14  79  56  68   2   0   3 1.37  0.0    0 13.1 33 230   M    M   5 13     46 230
15  74  50  62  -4   3   0 0.00  0.0    0  9.7 21 350   M    M   1        25 360
16  79  47  63  -4   2   0 0.00  0.0    0  3.5 13  70   M    M   0        15  70
17  84  55  70   3   0   5 0.00  0.0    0  4.3 13 190   M    M   0        19 160
18  85  58  72   5   0   7 0.00  0.0    0 10.6 20 200   M    M   3        26 180
19  76  51  64  -3   1   0 0.84  0.0    0 15.6 31 260   M    M   7 13     42 240
20  72  47  60  -8   5   0 0.00    M    0 11.8 28 280   M    M   1        36 250
================================================================================
SM 1576 1128        31  89  3.33     0.0 143.1          M       77
================================================================================
AV 78.8 56.4                               7.2 FASTST   M    M   4    MAX(MPH)
                                 MISC ---->  # 33 230               # 46  230
================================================================================
NOTES:
# LAST OF SEVERAL OCCURRENCES

COLUMN 17 PEAK WIND IN M.P.H.

PRELIMINARY LOCAL CLIMATOLOGICAL DATA (WS FORM: F-6) , PAGE 2

                                          STATION:  MARIANNA
                                          MONTH:    APRIL
                                          YEAR:     2019
                                          LATITUDE:   30 50 N
                                          LONGITUDE:  85 11 W

[TEMPERATURE DATA]      [PRECIPITATION DATA]       SYMBOLS USED IN COLUMN 16

AVERAGE MONTHLY: 67.6   TOTAL FOR MONTH:   3.33    1 = FOG OR MIST
DPTR FM NORMAL:   2.3   DPTR FM NORMAL:    0.37    2 = FOG REDUCING VISIBILITY
HIGHEST:    88 ON 13    GRTST 24HR  1.37 ON 14-14      TO 1/4 MILE OR LESS
LOWEST:     44 ON  3                               3 = THUNDER
                        SNOW, ICE PELLETS, HAIL    4 = ICE PELLETS
                        TOTAL MONTH:   0.0 INCH    5 = HAIL
                        GRTST 24HR     0.0         6 = FREEZING RAIN OR DRIZZLE
                        GRTST DEPTH:   0           7 = DUSTSTORM OR SANDSTORM:
                                                       VSBY 1/2 MILE OR LESS
                                                   8 = SMOKE OR HAZE
[NO. OF DAYS WITH]      [WEATHER - DAYS WITH]      9 = BLOWING SNOW
                                                   X = TORNADO
MAX 32 OR BELOW:   0    0.01 INCH OR MORE:   7
MAX 90 OR ABOVE:   0    0.10 INCH OR MORE:   4
MIN 32 OR BELOW:   0    0.50 INCH OR MORE:   3
MIN  0 OR BELOW:   0    1.00 INCH OR MORE:   1

[HDD (BASE 65) ]
TOTAL THIS MO.    31    CLEAR  (SCALE 0-3)   8
DPTR FM NORMAL   -23    PTCLDY (SCALE 4-7)  12
TOTAL FM JUL 1  1248    CLOUDY (SCALE 8-10)  0
DPTR FM NORMAL  -391

[CDD (BASE 65) ]
TOTAL THIS MO.    89
DPTR FM NORMAL    29    [PRESSURE DATA]
TOTAL FM JAN 1   209    HIGHEST SLP M ON M
DPTR FM NORMAL   102    LOWEST  SLP 29.55 ON 19

[REMARKS]
