000
CXUS55 KABR 201400
CF6MBG
PRELIMINARY LOCAL CLIMATOLOGICAL DATA (WS FORM: F-6)

                                          STATION:   MOBRIDGE SD
                                          MONTH:     APRIL
                                          YEAR:      2019
                                          LATITUDE:   45 32 N
                                          LONGITUDE: 100 25 W

  TEMPERATURE IN F:       :PCPN:    SNOW:  WIND      :SUNSHINE: SKY     :PK WND
================================================================================
1   2   3   4   5  6A  6B    7    8   9   10  11  12  13   14  15   16   17  18
                                     12Z  AVG MX 2MIN
DY MAX MIN AVG DEP HDD CDD  WTR  SNW DPTH SPD SPD DIR MIN PSBL S-S WX    SPD DR
================================================================================

 1  38  27  33  -6  32   0 0.03    T    2  4.8 12 210   M    M   6 18     15 210
 2  50  28  39  -1  26   0 0.00  0.0    1  7.5 25 310   M    M   3        34 320
 3  45  26  36  -4  29   0    T  0.0    T 10.0 20 110   M    M   4        28 110
 4  51  37  44   4  21   0 0.02  0.0    T 13.1 21 180   M    M   5 1      27 170
 5  63  36  50   9  15   0 0.00  0.0    T  9.9 21  80   M    M   1 18     32  80
 6  59  40  50   9  15   0    T  0.0    0  8.2 18 300   M    M  10 128    25 310
 7  71  45  58  16   7   0 0.00  0.0    0  9.2 25 290   M    M   3 12     34 310
 8  69  38  54  12  11   0 0.00  0.0    0 10.9 23 310   M    M   2        31 320
 9  53  32  43   0  22   0    T  0.0    0 10.2 23  80   M    M   7        32  70
10  32  26  29 -14  36   0 0.79  3.0    2 16.2 22  50   M    M  10 2      30  60
11  30  26  28 -16  37   0 0.28  6.6    4 21.1 33  20   M    M   9 128    44  20
12  38  26  32 -12  33   0 0.03  1.0    8 14.9 25 330   M    M  10 1      32 330
13  41  18  30 -14  35   0 0.00  0.0    6  5.8 12 140   M    M   0        14 180
14  41  23  32 -13  33   0 0.00  0.0    5 15.5 24 150   M    M   0        33 140
15  56  30  43  -2  22   0    T  0.0    4  6.7 12 150   M    M   4         M  M
16  59  33  46   0  19   0 0.09  0.0    3  8.2 20 110   M    M   4 3      25 100
17  52  34  43  -3  22   0 0.26  0.0    0  8.4 21  90   M    M   8 138    30  90
18  58  32  45  -1  20   0 0.00  0.0    0  7.0 20  10   M    M   3 12     27  20
19  76  33  55   8  10   0 0.00  0.0    0 10.6 21 190   M    M   1 1      29 180
================================================================================
SM  982  590       445   0  1.50    10.6 198.2          M       90
================================================================================
AV 51.7 31.1                              10.4 FASTST   M    M   5    MAX(MPH)
                                 MISC ---->  # 33  20               # 44   20
================================================================================
NOTES:
# LAST OF SEVERAL OCCURRENCES

COLUMN 17 PEAK WIND IN M.P.H.

PRELIMINARY LOCAL CLIMATOLOGICAL DATA (WS FORM: F-6) , PAGE 2

                                          STATION:  MOBRIDGE SD
                                          MONTH:    APRIL
                                          YEAR:     2019
                                          LATITUDE:   45 32 N
                                          LONGITUDE: 100 25 W

[TEMPERATURE DATA]      [PRECIPITATION DATA]       SYMBOLS USED IN COLUMN 16

AVERAGE MONTHLY: 41.4   TOTAL FOR MONTH:   1.50    1 = FOG OR MIST
DPTR FM NORMAL:  -1.7   DPTR FM NORMAL:    0.75    2 = FOG REDUCING VISIBILITY
HIGHEST:    76 ON 19    GRTST 24HR  0.79 ON 10-10      TO 1/4 MILE OR LESS
LOWEST:     18 ON 13                               3 = THUNDER
                        SNOW, ICE PELLETS, HAIL    4 = ICE PELLETS
                        TOTAL MONTH:  10.6 INCHES  5 = HAIL
                        GRTST 24HR   6.6 ON 11-11  6 = FREEZING RAIN OR DRIZZLE
                        GRTST DEPTH:   8 ON 12     7 = DUSTSTORM OR SANDSTORM:
                                                       VSBY 1/2 MILE OR LESS
                                                   8 = SMOKE OR HAZE
[NO. OF DAYS WITH]      [WEATHER - DAYS WITH]      9 = BLOWING SNOW
                                                   X = TORNADO
MAX 32 OR BELOW:   2    0.01 INCH OR MORE:   7
MAX 90 OR ABOVE:   0    0.10 INCH OR MORE:   3
MIN 32 OR BELOW:  11    0.50 INCH OR MORE:   1
MIN  0 OR BELOW:   0    1.00 INCH OR MORE:   0

[HDD (BASE 65) ]
TOTAL THIS MO.   445    CLEAR  (SCALE 0-3)   7
DPTR FM NORMAL    26    PTCLDY (SCALE 4-7)   8
TOTAL FM JUL 1  7979    CLOUDY (SCALE 8-10)  4
DPTR FM NORMAL   558

[CDD (BASE 65) ]
TOTAL THIS MO.     0
DPTR FM NORMAL     0    [PRESSURE DATA]
TOTAL FM JAN 1     0    HIGHEST SLP M ON M
DPTR FM NORMAL     0    LOWEST  SLP 29.59 ON 12

[REMARKS]
