074
CXUS55 KABR 231100
CF6MBG
PRELIMINARY LOCAL CLIMATOLOGICAL DATA (WS FORM: F-6)

                                          STATION:   MOBRIDGE SD
                                          MONTH:     AUGUST
                                          YEAR:      2019
                                          LATITUDE:   45 32 N
                                          LONGITUDE: 100 25 W

  TEMPERATURE IN F:       :PCPN:    SNOW:  WIND      :SUNSHINE: SKY     :PK WND
================================================================================
1   2   3   4   5  6A  6B    7    8   9   10  11  12  13   14  15   16   17  18
                                     12Z  AVG MX 2MIN
DY MAX MIN AVG DEP HDD CDD  WTR  SNW DPTH SPD SPD DIR MIN PSBL S-S WX    SPD DR
================================================================================

 1  82  67  75   1   0  10    T  0.0    0  6.8 13 160   M    M   5 1      16 160
 2  86  67  77   4   0  12 0.03  0.0    0  7.8 18 110   M    M   6 18     25 100
 3  83  65  74   1   0   9    T  0.0    0  6.1 16 150   M    M   6 18     21 140
 4  90  63  77   4   0  12 0.01  0.0    0  7.7 20  10   M    M   1 18     29  10
 5  86  61  74   1   0   9 0.00  0.0    0  7.2 23  50   M    M   1 1      31  50
 6  93  59  76   3   0  11 0.28  0.0    0  7.2 40 270   M    M   1 13     51 260
 7  81  57  69  -4   0   4 0.00  0.0    0  7.1 15 360   M    M   0        21 350
 8  83  56  70  -3   0   5 0.00  0.0    0  5.0 12 120   M    M   2        15 110
 9  75  64  70  -3   0   5 1.02  0.0    0 10.8 22 130   M    M   6 13     29 130
10  82  67  75   2   0  10 0.00  0.0    0  5.6 12  70   M    M   6        16  70
11  76  66  71  -2   0   6 0.62  0.0    0 10.9 23  80   M    M   7 13     36  80
12  83  62  73   1   0   8 0.38  0.0    0  7.6 23 270   M    M   4 1      32 270
13  67  55  61 -11   4   0 0.00  0.0    0 13.1 28 310   M    M   5        37 310
14  77  53  65  -7   0   0 0.00  0.0    0  5.8 12 220   M    M   2        15 230
15  75  57  66  -6   0   1 0.02  0.0    0  7.0 32 320   M    M   2        45 310
16  85  52  69  -3   0   4 0.00  0.0    0  5.4 13 130   M    M   0        17 180
17  80  58  69  -3   0   4 0.10  0.0    0 10.2 25 350   M    M   3 13     36 350
18  76  52  64  -7   1   0 0.00  0.0    0  7.3 15 160   M    M   0        21 360
19  89  59  74   3   0   9 0.00  0.0    0  9.2 17 170   M    M   1 1      23 170
20  82  63  73   2   0   8 0.00  0.0    0  9.7 23  10   M    M   1 12     30  10
21  81  58  70  -1   0   5 0.01  0.0    0  5.0 16  90   M    M   0        21 100
22  81  59  70   0   0   5 0.00  0.0    0 15.4 25 120   M    M   6        32 110
================================================================================
SM 1793 1320         5 137  2.47     0.0 177.9          M       65
================================================================================
AV 81.5 60.0                               8.1 FASTST   M    M   3    MAX(MPH)
                                 MISC ---->  # 40 270               # 51  260
================================================================================
NOTES:
# LAST OF SEVERAL OCCURRENCES

COLUMN 17 PEAK WIND IN M.P.H.

PRELIMINARY LOCAL CLIMATOLOGICAL DATA (WS FORM: F-6) , PAGE 2

                                          STATION:  MOBRIDGE SD
                                          MONTH:    AUGUST
                                          YEAR:     2019
                                          LATITUDE:   45 32 N
                                          LONGITUDE: 100 25 W

[TEMPERATURE DATA]      [PRECIPITATION DATA]       SYMBOLS USED IN COLUMN 16

AVERAGE MONTHLY: 70.8   TOTAL FOR MONTH:   2.47    1 = FOG OR MIST
DPTR FM NORMAL:  -1.5   DPTR FM NORMAL:    0.97    2 = FOG REDUCING VISIBILITY
HIGHEST:    93 ON  6    GRTST 24HR  1.02 ON  9- 9      TO 1/4 MILE OR LESS
LOWEST:     52 ON 18,16                            3 = THUNDER
                        SNOW, ICE PELLETS, HAIL    4 = ICE PELLETS
                        TOTAL MONTH:   0.0 INCH    5 = HAIL
                        GRTST 24HR     0.0         6 = FREEZING RAIN OR DRIZZLE
                        GRTST DEPTH:   0           7 = DUSTSTORM OR SANDSTORM:
                                                       VSBY 1/2 MILE OR LESS
                                                   8 = SMOKE OR HAZE
[NO. OF DAYS WITH]      [WEATHER - DAYS WITH]      9 = BLOWING SNOW
                                                   X = TORNADO
MAX 32 OR BELOW:   0    0.01 INCH OR MORE:   9
MAX 90 OR ABOVE:   2    0.10 INCH OR MORE:   5
MIN 32 OR BELOW:   0    0.50 INCH OR MORE:   2
MIN  0 OR BELOW:   0    1.00 INCH OR MORE:   1

[HDD (BASE 65) ]
TOTAL THIS MO.     5    CLEAR  (SCALE 0-3)  12
DPTR FM NORMAL     0    PTCLDY (SCALE 4-7)  10
TOTAL FM JUL 1     5    CLOUDY (SCALE 8-10)  0
DPTR FM NORMAL   -12

[CDD (BASE 65) ]
TOTAL THIS MO.   137
DPTR FM NORMAL   -34    [PRESSURE DATA]
TOTAL FM JAN 1   544    HIGHEST SLP M ON M
DPTR FM NORMAL     9    LOWEST  SLP 29.62 ON 17

[REMARKS]
