000
CXUS55 KABR 181552
CF6MBG
PRELIMINARY LOCAL CLIMATOLOGICAL DATA (WS FORM: F-6)

                                          STATION:   MOBRIDGE SD
                                          MONTH:     FEBRUARY
                                          YEAR:      2019
                                          LATITUDE:   45 32 N
                                          LONGITUDE: 100 25 W

  TEMPERATURE IN F:       :PCPN:    SNOW:  WIND      :SUNSHINE: SKY     :PK WND
================================================================================
1   2   3   4   5  6A  6B    7    8   9   10  11  12  13   14  15   16   17  18
                                     12Z  AVG MX 2MIN
DY MAX MIN AVG DEP HDD CDD  WTR  SNW DPTH SPD SPD DIR MIN PSBL S-S WX    SPD DR
================================================================================

 1  33  12  23   6  42   0 0.00  0.0    6 10.2 16 140   M    M   2        19 140
 2  30  16  23   5  42   0 0.00  0.0    6  5.9 14 100   M    M   0 18     18 100
 3  19  -3   8 -10  57   0 0.14  3.8    6 15.8 25 350   M    M   8 189    32 360
 4   0  -8  -4 -22  69   0 0.05  0.7    8 13.0 23 330   M    M   3 8      29 330
 5   2  -5  -1 -19  66   0 0.01  0.1    8  7.3 12  60   M    M   9 8      14  50
 6   1  -3  -1 -19  66   0 0.33  7.6    8 12.9 22 340   M    M  10 8      31 340
 7  -3 -17 -10 -28  75   0 0.10  0.9   15 19.6 29 320   M    M  10 189    36 330
 8  -5 -29 -17 -36  82   0 0.00  0.0   13  6.7 18 100   M    M   2        22 110
 9   7  -7   0 -19  65   0 0.01  0.1   13 15.2 29 100   M    M   9 8      40  90
10   5  -8  -1 -20  66   0 0.08  2.1   14  8.2 16  50   M    M   8 8      19  50
11  20  -2   9 -10  56   0 0.06  1.4   15 11.5 24 110   M    M   9 18     30 110
12   6 -10  -2 -22  67   0 0.00  0.0   16 10.0 20 310   M    M   0        27 310
13  17  -8   5 -15  60   0 0.00  0.0   16  5.4 17 360   M    M   0        22 360
14   7 -15  -4 -24  69   0 0.04  1.2   17 14.9 26 330   M    M   3 9      35 340
15   6 -21  -7 -27  72   0    T    T   17  5.6 20 120   M    M   3        23 120
16  16   6  11 -10  54   0 0.25  4.5   17 17.5 28 110   M    M  10 8      33 110
17  14   2   8 -13  57   0 0.11  1.9   23 12.9 18 350   M    M   7        28  70
================================================================================
SM  175 -100      1065   0  1.18    24.3 192.6          M       93
================================================================================
AV 10.3 -5.9                              11.3 FASTST   M    M   5    MAX(MPH)
                                 MISC ---->  # 29 320               # 40   90
================================================================================
NOTES:
# LAST OF SEVERAL OCCURRENCES

COLUMN 17 PEAK WIND IN M.P.H.

PRELIMINARY LOCAL CLIMATOLOGICAL DATA (WS FORM: F-6) , PAGE 2

                                          STATION:  MOBRIDGE SD
                                          MONTH:    FEBRUARY
                                          YEAR:     2019
                                          LATITUDE:   45 32 N
                                          LONGITUDE: 100 25 W

[TEMPERATURE DATA]      [PRECIPITATION DATA]       SYMBOLS USED IN COLUMN 16

AVERAGE MONTHLY:  2.2   TOTAL FOR MONTH:   1.18    1 = FOG OR MIST
DPTR FM NORMAL: -16.8   DPTR FM NORMAL:    0.94    2 = FOG REDUCING VISIBILITY
HIGHEST:    33 ON  1    GRTST 24HR  0.33 ON  6- 6      TO 1/4 MILE OR LESS
LOWEST:    -29 ON  8                               3 = THUNDER
                        SNOW, ICE PELLETS, HAIL    4 = ICE PELLETS
                        TOTAL MONTH:  24.3 INCHES  5 = HAIL
                        GRTST 24HR   7.6 ON  6- 6  6 = FREEZING RAIN OR DRIZZLE
                        GRTST DEPTH:  23 ON 17     7 = DUSTSTORM OR SANDSTORM:
                                                       VSBY 1/2 MILE OR LESS
                                                   8 = SMOKE OR HAZE
[NO. OF DAYS WITH]      [WEATHER - DAYS WITH]      9 = BLOWING SNOW
                                                   X = TORNADO
MAX 32 OR BELOW:  16    0.01 INCH OR MORE:  11
MAX 90 OR ABOVE:   0    0.10 INCH OR MORE:   5
MIN 32 OR BELOW:  17    0.50 INCH OR MORE:   0
MIN  0 OR BELOW:  13    1.00 INCH OR MORE:   0

[HDD (BASE 65) ]
TOTAL THIS MO.  1065    CLEAR  (SCALE 0-3)   8
DPTR FM NORMAL   284    PTCLDY (SCALE 4-7)   3
TOTAL FM JUL 1  5574    CLOUDY (SCALE 8-10)  6
DPTR FM NORMAL    60

[CDD (BASE 65) ]
TOTAL THIS MO.     0
DPTR FM NORMAL     0    [PRESSURE DATA]
TOTAL FM JAN 1     0    HIGHEST SLP M ON M
DPTR FM NORMAL     0    LOWEST  SLP 29.63 ON 13

[REMARKS]
