000
CXUS53 KDTX 170800
CF6MBS
PRELIMINARY LOCAL CLIMATOLOGICAL DATA (WS FORM: F-6)

                                          STATION:   TRI CITIES MI
                                          MONTH:     FEBRUARY
                                          YEAR:      2019
                                          LATITUDE:   43 31 N
                                          LONGITUDE:  84  5 W

  TEMPERATURE IN F:       :PCPN:    SNOW:  WIND      :SUNSHINE: SKY     :PK WND
================================================================================
1   2   3   4   5  6A  6B    7    8   9   10  11  12  13   14  15   16   17  18
                                     12Z  AVG MX 2MIN
DY MAX MIN AVG DEP HDD CDD  WTR  SNW DPTH SPD SPD DIR MIN PSBL S-S WX    SPD DR
================================================================================

 1  12  -5   4 -18  61   0 0.00  0.0    3  5.4 12 210   M    M   3        16 180
 2  39  11  25   3  40   0 0.00  0.0    3 10.8 22 230   M    M   9 18     26 220
 3  45  38  42  20  23   0    T  0.0    3 11.1 18 230   M    M  10 12     23 230
 4  50  39  45  23  20   0 0.14  0.0    T 11.5 24 270   M    M   9 12     29 280
 5  39  24  32   9  33   0    T  0.0    0 11.7 23 270   M    M   7 1      29 270
 6  33  25  29   6  36   0 0.37  0.4    1 11.5 22  90   M    M  10 16     26  90
 7  41  27  34  11  31   0 0.15    T    T 12.9 41 250   M    M  10 1268   48 250
 8  32  11  22  -1  43   0    T    T    T 24.3 39 250   M    M   9 8      50 250
 9  20  12  16  -7  49   0    T    T    T  8.8 20 270   M    M   6        24 280
10  25  17  21  -2  44   0 0.01  0.2    1  7.6 16  40   M    M   8 1      18  80
11  28  21  25   1  40   0 0.01  0.1    T 12.9 21  70   M    M   9 1       M  M
12  29  24  27   3  38   0 0.41  6.8    3 13.4 24  70   M    M  10 126    30  70
13  28  18  23  -1  42   0 0.07  1.3    6 18.5 32 280   M    M   9 189    40 270
14  39  17  28   4  37   0 0.01  0.0    6  8.3 15 170   M    M   6 18     20 160
15  39  16  28   4  37   0    T    T    4 19.9 33 260   M    M   8 8      43 260
16  26  10  18  -6  47   0 0.00  0.0    4  7.1 20 330   M    M   7        22 320
================================================================================
SM  525  305       621   0  1.17     8.8 195.7          M      130
================================================================================
AV 32.8 19.1                              12.2 FASTST   M    M   8    MAX(MPH)
                                 MISC ---->  # 41 250               # 50  250
================================================================================
NOTES:
# LAST OF SEVERAL OCCURRENCES

COLUMN 17 PEAK WIND IN M.P.H.

PRELIMINARY LOCAL CLIMATOLOGICAL DATA (WS FORM: F-6) , PAGE 2

                                          STATION:  TRI CITIES MI
                                          MONTH:    FEBRUARY
                                          YEAR:     2019
                                          LATITUDE:   43 31 N
                                          LONGITUDE:  84  5 W

[TEMPERATURE DATA]      [PRECIPITATION DATA]       SYMBOLS USED IN COLUMN 16

AVERAGE MONTHLY: 25.9   TOTAL FOR MONTH:   1.17    1 = FOG OR MIST
DPTR FM NORMAL:   2.8   DPTR FM NORMAL:    0.37    2 = FOG REDUCING VISIBILITY
HIGHEST:    50 ON  4    GRTST 24HR  0.41 ON 12-12      TO 1/4 MILE OR LESS
LOWEST:     -5 ON  1                               3 = THUNDER
                        SNOW, ICE PELLETS, HAIL    4 = ICE PELLETS
                        TOTAL MONTH:   8.8 INCHES  5 = HAIL
                        GRTST 24HR   6.8 ON 12-12  6 = FREEZING RAIN OR DRIZZLE
                        GRTST DEPTH:   6 ON 14,13  7 = DUSTSTORM OR SANDSTORM:
                                                       VSBY 1/2 MILE OR LESS
                                                   8 = SMOKE OR HAZE
[NO. OF DAYS WITH]      [WEATHER - DAYS WITH]      9 = BLOWING SNOW
                                                   X = TORNADO
MAX 32 OR BELOW:   8    0.01 INCH OR MORE:   8
MAX 90 OR ABOVE:   0    0.10 INCH OR MORE:   4
MIN 32 OR BELOW:  14    0.50 INCH OR MORE:   0
MIN  0 OR BELOW:   1    1.00 INCH OR MORE:   0

[HDD (BASE 65) ]
TOTAL THIS MO.   621    CLEAR  (SCALE 0-3)   1
DPTR FM NORMAL   -48    PTCLDY (SCALE 4-7)   4
TOTAL FM JUL 1  4558    CLOUDY (SCALE 8-10) 11
DPTR FM NORMAL   -76

[CDD (BASE 65) ]
TOTAL THIS MO.     0
DPTR FM NORMAL     0    [PRESSURE DATA]
TOTAL FM JAN 1     0    HIGHEST SLP M ON M
DPTR FM NORMAL     0    LOWEST  SLP 29.42 ON 15

[REMARKS]
