000
CXUS53 KDTX 220800
CF6MBS
PRELIMINARY LOCAL CLIMATOLOGICAL DATA (WS FORM: F-6)

                                          STATION:   TRI CITIES MI
                                          MONTH:     AUGUST
                                          YEAR:      2019
                                          LATITUDE:   43 31 N
                                          LONGITUDE:  84  5 W

  TEMPERATURE IN F:       :PCPN:    SNOW:  WIND      :SUNSHINE: SKY     :PK WND
================================================================================
1   2   3   4   5  6A  6B    7    8   9   10  11  12  13   14  15   16   17  18
                                     12Z  AVG MX 2MIN
DY MAX MIN AVG DEP HDD CDD  WTR  SNW DPTH SPD SPD DIR MIN PSBL S-S WX    SPD DR
================================================================================

 1  79  54  67  -3   0   2 0.00  0.0    0  3.5 12  60   M    M   0        15  40
 2  84  54  69  -1   0   4 0.00  0.0    0  2.8 10 320   M    M   0        12  90
 3  86  60  73   3   0   8    T  0.0    0  5.5 20 260   M    M   2        23 250
 4  82  64  73   3   0   8 0.14  0.0    0  4.5 16  30   M    M   4 1      20 150
 5  87  63  75   5   0  10 0.22  0.0    0  6.6 22 310   M    M   2 123    28 310
 6  81  66  74   4   0   9 0.03  0.0    0  6.6 16 310   M    M   7 13     20 310
 7  84  63  74   4   0   9 0.00  0.0    0  5.7 17 220   M    M   1        21 220
 8  81  61  71   1   0   6 0.26  0.0    0 12.8 23 270   M    M   4        28 290
 9  80  56  68  -2   0   3 0.00  0.0    0 10.9 22 270   M    M   1        29 260
10  80  54  67  -3   0   2 0.00  0.0    0  4.9 14 290   M    M   2        18 280
11  82  56  69  -1   0   4 0.00  0.0    0  4.3 13 250   M    M   4        17 250
12  84  68  76   6   0  11 0.00  0.0    0  3.5  9  30   M    M   6        11  80
13  82  62  72   3   0   7 0.00  0.0    0  8.6 17  40   M    M   1        21  40
14  78  58  68  -1   0   3    T  0.0    0  8.5 14  50   M    M   7        17  50
15  70  57  64  -5   1   0 0.56  0.0    0  5.1 12  50   M    M   8 12     15  50
16  78  58  68  -1   0   3 0.00  0.0    0  4.4 12 180   M    M   4 12     15 200
17  84  62  73   4   0   8 0.00  0.0    0  7.2 17 260   M    M   2 13     22 250
18  85  67  76   7   0  11    T  0.0    0 10.0 23 240   M    M   2 1      30 250
19  84  63  74   5   0   9 0.00  0.0    0  4.8 14 220   M    M   1        17 210
20  85  63  74   5   0   9 0.03  0.0    0  4.0 24 250   M    M   5 3      29 260
21  87  61  74   6   0   9 0.02  0.0    0  9.5 23 300   M    M   5 128    27 300
================================================================================
SM 1723 1270         1 135  1.26     0.0 133.7          M       68
================================================================================
AV 82.1 60.5                               6.4 FASTST   M    M   3    MAX(MPH)
                                 MISC ---->  # 24 250               # 30  250
================================================================================
NOTES:
# LAST OF SEVERAL OCCURRENCES

COLUMN 17 PEAK WIND IN M.P.H.

PRELIMINARY LOCAL CLIMATOLOGICAL DATA (WS FORM: F-6) , PAGE 2

                                          STATION:  TRI CITIES MI
                                          MONTH:    AUGUST
                                          YEAR:     2019
                                          LATITUDE:   43 31 N
                                          LONGITUDE:  84  5 W

[TEMPERATURE DATA]      [PRECIPITATION DATA]       SYMBOLS USED IN COLUMN 16

AVERAGE MONTHLY: 71.3   TOTAL FOR MONTH:   1.26    1 = FOG OR MIST
DPTR FM NORMAL:   1.7   DPTR FM NORMAL:   -0.92    2 = FOG REDUCING VISIBILITY
HIGHEST:    87 ON 21, 5 GRTST 24HR  0.56 ON 15-15      TO 1/4 MILE OR LESS
LOWEST:     54 ON 10, 2                            3 = THUNDER
                        SNOW, ICE PELLETS, HAIL    4 = ICE PELLETS
                        TOTAL MONTH:   0.0 INCH    5 = HAIL
                        GRTST 24HR     0.0         6 = FREEZING RAIN OR DRIZZLE
                        GRTST DEPTH:   0           7 = DUSTSTORM OR SANDSTORM:
                                                       VSBY 1/2 MILE OR LESS
                                                   8 = SMOKE OR HAZE
[NO. OF DAYS WITH]      [WEATHER - DAYS WITH]      9 = BLOWING SNOW
                                                   X = TORNADO
MAX 32 OR BELOW:   0    0.01 INCH OR MORE:   7
MAX 90 OR ABOVE:   0    0.10 INCH OR MORE:   4
MIN 32 OR BELOW:   0    0.50 INCH OR MORE:   1
MIN  0 OR BELOW:   0    1.00 INCH OR MORE:   0

[HDD (BASE 65) ]
TOTAL THIS MO.     1    CLEAR  (SCALE 0-3)  11
DPTR FM NORMAL   -18    PTCLDY (SCALE 4-7)  10
TOTAL FM JUL 1     1    CLOUDY (SCALE 8-10)  0
DPTR FM NORMAL   -31

[CDD (BASE 65) ]
TOTAL THIS MO.   135
DPTR FM NORMAL    25    [PRESSURE DATA]
TOTAL FM JAN 1   521    HIGHEST SLP M ON M
DPTR FM NORMAL    53    LOWEST  SLP 29.73 ON  6

[REMARKS]
