000
CXAK56 PAFG 171433
CF6MCG
PRELIMINARY LOCAL CLIMATOLOGICAL DATA (WS FORM: F-6)

                                          STATION:   MCGRATH AK
                                          MONTH:     AUGUST
                                          YEAR:      2019
                                          LATITUDE:   62 57 N
                                          LONGITUDE: 155 36 W

  TEMPERATURE IN F:       :PCPN:    SNOW:  WIND      :SUNSHINE: SKY     :PK WND
================================================================================
1   2   3   4   5  6A  6B    7    8   9   10  11  12  13   14  15   16   17  18
                                     12Z  AVG MX 2MIN
DY MAX MIN AVG DEP HDD CDD  WTR  SNW DPTH SPD SPD DIR MIN PSBL S-S WX    SPD DR
================================================================================

 1  68  53  61   3   4   0 0.07  0.0    0  7.6 13 200   M    M   6 1      19 200
 2  68  58  63   5   2   0 0.08  0.0    0 15.7 28 200   M    M   8 1      39 190
 3  64  58  61   4   4   0 0.18  0.0    0 13.3 29 200   M    M   9 1      42 210
 4  61  53  57   0   8   0 1.25  0.0    0  3.3 10 350   M    M  10 1      13  30
 5  62  57  60   3   5   0 0.19  0.0    0  5.6 14 200   M    M  10 1      18 180
 6  66  58  62   5   3   0    T  0.0    0  6.4 13 250   M    M  10        18 240
 7  72  54  63   6   2   0    T  0.0    0  2.2  9 320   M    M   8        12 310
 8  71  50  61   5   4   0 0.00  0.0    0  4.7 14 310   M    M   4        22 300
 9  66  48  57   1   8   0 0.00  0.0    0  2.2 10 320   M    M   7        14 310
10  68  52  60   4   5   0 0.00  0.0    0  2.9  8  30   M    M   9        11  40
11  71  44  58   2   7   0 0.00  0.0    0  1.0  7 350   M    M   0         9  10
12  72  48  60   4   5   0 0.01  0.0    0  5.4 25 200   M    M   7        35 210
13  68  57  63   8   2   0 0.14  0.0    0  9.9 22 200   M    M   8 1      31 180
14  63  52  58   3   7   0 0.02  0.0    0  4.1 13 260   M    M   6        17 270
15  61  55  58   3   7   0 0.17  0.0    0  5.5 16 250   M    M   9 1      21 250
16  60  50  55   0  10   0    T  0.0    0  8.5 16 310   M    M   8 1      23 260
================================================================================
SM 1061  847        83   0  2.11     0.0  98.3          M      119
================================================================================
AV 66.3 52.9                               6.1 FASTST   M    M   7    MAX(MPH)
                                 MISC ---->  # 29 200               # 42  210
================================================================================
NOTES:
# LAST OF SEVERAL OCCURRENCES

COLUMN 17 PEAK WIND IN M.P.H.

PRELIMINARY LOCAL CLIMATOLOGICAL DATA (WS FORM: F-6) , PAGE 2

                                          STATION:  MCGRATH AK
                                          MONTH:    AUGUST
                                          YEAR:     2019
                                          LATITUDE:   62 57 N
                                          LONGITUDE: 155 36 W

[TEMPERATURE DATA]      [PRECIPITATION DATA]       SYMBOLS USED IN COLUMN 16

AVERAGE MONTHLY: 59.6   TOTAL FOR MONTH:   2.11    1 = FOG OR MIST
DPTR FM NORMAL:   3.3   DPTR FM NORMAL:    0.65    2 = FOG REDUCING VISIBILITY
HIGHEST:    72 ON 12, 7 GRTST 24HR  1.25 ON  4- 4      TO 1/4 MILE OR LESS
LOWEST:     44 ON 11                               3 = THUNDER
                        SNOW, ICE PELLETS, HAIL    4 = ICE PELLETS
                        TOTAL MONTH:   0.0 INCH    5 = HAIL
                        GRTST 24HR     0.0         6 = FREEZING RAIN OR DRIZZLE
                        GRTST DEPTH:   0           7 = DUSTSTORM OR SANDSTORM:
                                                       VSBY 1/2 MILE OR LESS
                                                   8 = SMOKE OR HAZE
[NO. OF DAYS WITH]      [WEATHER - DAYS WITH]      9 = BLOWING SNOW
                                                   X = TORNADO
MAX 32 OR BELOW:   0    0.01 INCH OR MORE:   9
MAX 90 OR ABOVE:   0    0.10 INCH OR MORE:   5
MIN 32 OR BELOW:   0    0.50 INCH OR MORE:   1
MIN  0 OR BELOW:   0    1.00 INCH OR MORE:   1

[HDD (BASE 65) ]
TOTAL THIS MO.    83    CLEAR  (SCALE 0-3)   1
DPTR FM NORMAL   -59    PTCLDY (SCALE 4-7)   9
TOTAL FM JUL 1   158    CLOUDY (SCALE 8-10)  6
DPTR FM NORMAL  -151

[CDD (BASE 65) ]
TOTAL THIS MO.     0
DPTR FM NORMAL     0    [PRESSURE DATA]
TOTAL FM JAN 1    82    HIGHEST SLP M ON M
DPTR FM NORMAL    64    LOWEST  SLP 29.35 ON  1

[REMARKS]
