000
CXAK56 PAFG 210952
CF6MCG
PRELIMINARY LOCAL CLIMATOLOGICAL DATA (WS FORM: F-6)

                                          STATION:   MCGRATH AK
                                          MONTH:     FEBRUARY
                                          YEAR:      2019
                                          LATITUDE:   62 57 N
                                          LONGITUDE: 155 36 W

  TEMPERATURE IN F:       :PCPN:    SNOW:  WIND      :SUNSHINE: SKY     :PK WND
================================================================================
1   2   3   4   5  6A  6B    7    8   9   10  11  12  13   14  15   16   17  18
                                     12Z  AVG MX 2MIN
DY MAX MIN AVG DEP HDD CDD  WTR  SNW DPTH SPD SPD DIR MIN PSBL S-S WX    SPD DR
================================================================================

 1   2 -26 -12  -9  77   0 0.00  0.0   23  1.7 10  40   M    M   2        12 350
 2   9   2   6   9  59   0 0.24  2.6   23  4.8 12  80   M    M  10 1      16  80
 3  18   9  14  17  51   0 0.44  5.1   29  2.2 12 340   M    M  10 12     15 340
 4  17  11  14  16  51   0 0.09  1.4   30  3.1 15  40   M    M   7 12     16  40
 5  23  15  19  21  46   0 0.23  2.9   31  1.2  8  70   M    M  10 1      12  50
 6  19  -1   9  11  56   0 0.03  0.5   31  2.8  9  60   M    M   5 1      13 140
 7  36  19  28  29  37   0 0.11  1.1   31  4.7 12  40   M    M  10 1      15  40
 8  42  18  30  31  35   0    M    M    M  7.2 23 210   M    M   9 12     35 210
 9  29  20  25  25  40   0    M    M    M  5.1 10 120   M    M  10 1      14  90
10  30  13  22  22  43   0    M    M    M  5.1 15 290   M    M   7 1      20 260
11  34  -3  16  16  49   0 0.17  1.4   28 10.1 24 200   M    M   6 12     36 190
12  35  17  26  25  39   0    T  0.3   28 15.1 31 210   M    M   8 1      45 200
13  18 -14   2   1  63   0    T    T   28  9.1 18 300   M    M   4        23 310
14  -1 -25 -13 -14  78   0 0.00  0.0   28  2.6 13 320   M    M   2        20 330
15   3 -23 -10 -12  75   0 0.00  0.0   28  2.3 16 350   M    M   1        21 330
16  11  -1   5   3  60   0 0.12  1.2   28  2.9 14 330   M    M  10 12     17 330
17  29  10  20  17  45   0 0.46  5.5   32  5.5 23 210   M    M   9 12     30 200
18  29  18  24  21  41   0 0.01  0.2   32  6.8 22 210   M    M   7 1      31 190
19  23  -9   7   4  58   0 0.00  0.0   32  5.8 16 320   M    M   1 8      23 310
20  16 -11   3  -1  62   0 0.13  1.9   32  2.1 10 310   M    M   7 1      20 330
================================================================================
SM  422   39      1065   0  2.03    24.1 100.2          M      135
================================================================================
AV 21.1  2.0                               5.0 FASTST   M    M   7    MAX(MPH)
                                 MISC ---->  # 31 210               # 45  200
================================================================================
NOTES:
# LAST OF SEVERAL OCCURRENCES

COLUMN 17 PEAK WIND IN M.P.H.

PRELIMINARY LOCAL CLIMATOLOGICAL DATA (WS FORM: F-6) , PAGE 2

                                          STATION:  MCGRATH AK
                                          MONTH:    FEBRUARY
                                          YEAR:     2019
                                          LATITUDE:   62 57 N
                                          LONGITUDE: 155 36 W

[TEMPERATURE DATA]      [PRECIPITATION DATA]       SYMBOLS USED IN COLUMN 16

AVERAGE MONTHLY: 11.5   TOTAL FOR MONTH:   2.03    1 = FOG OR MIST
DPTR FM NORMAL:     M   DPTR FM NORMAL:    1.35    2 = FOG REDUCING VISIBILITY
HIGHEST:    42 ON  8    GRTST 24HR  0.46 ON 17-17      TO 1/4 MILE OR LESS
LOWEST:    -26 ON  1                               3 = THUNDER
                        SNOW, ICE PELLETS, HAIL    4 = ICE PELLETS
                        TOTAL MONTH:  24.1 INCHES  5 = HAIL
                        GRTST 24HR   5.5 ON 17-17  6 = FREEZING RAIN OR DRIZZLE
                        GRTST DEPTH:  32 ON 20,19  7 = DUSTSTORM OR SANDSTORM:
                                                       VSBY 1/2 MILE OR LESS
                                                   8 = SMOKE OR HAZE
[NO. OF DAYS WITH]      [WEATHER - DAYS WITH]      9 = BLOWING SNOW
                                                   X = TORNADO
MAX 32 OR BELOW:  16    0.01 INCH OR MORE:  11
MAX 90 OR ABOVE:   0    0.10 INCH OR MORE:   8
MIN 32 OR BELOW:  20    0.50 INCH OR MORE:   0
MIN  0 OR BELOW:   9    1.00 INCH OR MORE:   0

[HDD (BASE 65) ]
TOTAL THIS MO.  1065    CLEAR  (SCALE 0-3)   4
DPTR FM NORMAL  -234    PTCLDY (SCALE 4-7)   7
TOTAL FM JUL 1  8410    CLOUDY (SCALE 8-10)  9
DPTR FM NORMAL -1342

[CDD (BASE 65) ]
TOTAL THIS MO.     0
DPTR FM NORMAL     0    [PRESSURE DATA]
TOTAL FM JAN 1     0    HIGHEST SLP M ON M
DPTR FM NORMAL     0    LOWEST  SLP 29.14 ON 12

[REMARKS]
