000
CXAK56 PAFG 250941
CF6MCG
PRELIMINARY LOCAL CLIMATOLOGICAL DATA (WS FORM: F-6)

                                          STATION:   MCGRATH AK
                                          MONTH:     APRIL
                                          YEAR:      2019
                                          LATITUDE:   62 57 N
                                          LONGITUDE: 155 36 W

  TEMPERATURE IN F:       :PCPN:    SNOW:  WIND      :SUNSHINE: SKY     :PK WND
================================================================================
1   2   3   4   5  6A  6B    7    8   9   10  11  12  13   14  15   16   17  18
                                     12Z  AVG MX 2MIN
DY MAX MIN AVG DEP HDD CDD  WTR  SNW DPTH SPD SPD DIR MIN PSBL S-S WX    SPD DR
================================================================================

 1  50  16  33  14  32   0 0.00  0.0   22  6.4 14 240   M    M   0 1      21 220
 2  48  22  35  15  30   0 0.00  0.0   22  6.3 16  10   M    M   3        25  60
 3  35  19  27   6  38   0 0.00  0.0   22 11.3 22  10   M    M   0        30  30
 4  29  13  21   0  44   0 0.00  0.0   22  9.7 16  30   M    M   0        23  30
 5  37   3  20  -2  45   0 0.00  0.0   22  7.6 14  30   M    M   3        18  30
 6  34  17  26   3  39   0    T    T   22  2.3  9  30   M    M   8        14  30
 7  44  28  36  12  29   0 0.00  0.0   22  0.9  7  20   M    M   9        13  30
 8  51  21  36  12  29   0 0.00  0.0   22  2.1  9 310   M    M   0        11 330
 9  47  20  34   9  31   0 0.00  0.0   21  5.7 14 300   M    M   6        18 210
10  49  27  38  12  27   0    T    T   19  1.9 12  30   M    M   7        19  30
11  47  23  35   8  30   0 0.00  0.0   19 10.5 22  60   M    M   1        32  90
12  52  30  41  14  24   0    T  0.0   17  4.7 10 300   M    M   9         M  M
13  39  32  36   8  29   0 0.13    T   17  7.3 15 270   M    M  10 1      20 220
14  45  32  39  10  26   0    T    T   17  7.3 14  40   M    M   7 1      18 340
15  42  31  37   7  28   0 0.08  0.2   14  6.5 15 320   M    M  10 1      19 270
16  33  21  27  -3  38   0 0.02  0.3   14 11.7 21 310   M    M   8 1      25 320
17  28  19  24  -7  41   0    M    M    M  2.8 13  40   M    M   9        19  10
18  32  21  27  -5  38   0    T    T   14  4.7 12  20   M    M  10        20  20
19  32  21  27  -5  38   0    T    T   14  1.9 12 220   M    M   9        15 300
20  37  10  24  -9  41   0 0.00  0.0   14  3.7 14 320   M    M   3        15 320
21  40  25  33  -1  32   0 0.00  0.0   14  7.9 17  10   M    M   8        24  10
22  34  26  30  -5  35   0 0.08  0.3   14  6.0 15 220   M    M   9 18     19 210
23  36  20  28  -7  37   0    T    T   14  4.0 10 210   M    M   0        14 230
24  43  15  29  -7  36   0 0.00  0.0   14  7.8 16  50   M    M   1        21  20
================================================================================
SM  964  512       817   0  0.31     0.8 141.0          M      130
================================================================================
AV 40.2 21.3                               5.9 FASTST   M    M   5    MAX(MPH)
                                 MISC ---->  # 22  10               # 32   90
================================================================================
NOTES:
# LAST OF SEVERAL OCCURRENCES

COLUMN 17 PEAK WIND IN M.P.H.

PRELIMINARY LOCAL CLIMATOLOGICAL DATA (WS FORM: F-6) , PAGE 2

                                          STATION:  MCGRATH AK
                                          MONTH:    APRIL
                                          YEAR:     2019
                                          LATITUDE:   62 57 N
                                          LONGITUDE: 155 36 W

[TEMPERATURE DATA]      [PRECIPITATION DATA]       SYMBOLS USED IN COLUMN 16

AVERAGE MONTHLY: 30.8   TOTAL FOR MONTH:   0.31    1 = FOG OR MIST
DPTR FM NORMAL:   3.1   DPTR FM NORMAL:   -0.27    2 = FOG REDUCING VISIBILITY
HIGHEST:    52 ON 12    GRTST 24HR  0.13 ON 13-13      TO 1/4 MILE OR LESS
LOWEST:      3 ON  5                               3 = THUNDER
                        SNOW, ICE PELLETS, HAIL    4 = ICE PELLETS
                        TOTAL MONTH:   0.8 INCH    5 = HAIL
                        GRTST 24HR   0.3 ON 22-22  6 = FREEZING RAIN OR DRIZZLE
                        GRTST DEPTH:  22 ON  8, 7  7 = DUSTSTORM OR SANDSTORM:
                                                       VSBY 1/2 MILE OR LESS
                                                   8 = SMOKE OR HAZE
[NO. OF DAYS WITH]      [WEATHER - DAYS WITH]      9 = BLOWING SNOW
                                                   X = TORNADO
MAX 32 OR BELOW:   4    0.01 INCH OR MORE:   4
MAX 90 OR ABOVE:   0    0.10 INCH OR MORE:   1
MIN 32 OR BELOW:  24    0.50 INCH OR MORE:   0
MIN  0 OR BELOW:   0    1.00 INCH OR MORE:   0

[HDD (BASE 65) ]
TOTAL THIS MO.   817    CLEAR  (SCALE 0-3)  10
DPTR FM NORMAL   -81    PTCLDY (SCALE 4-7)   4
TOTAL FM JUL 1 10825    CLOUDY (SCALE 8-10) 10
DPTR FM NORMAL -1960

[CDD (BASE 65) ]
TOTAL THIS MO.     0
DPTR FM NORMAL     0    [PRESSURE DATA]
TOTAL FM JAN 1     0    HIGHEST SLP M ON M
DPTR FM NORMAL     0    LOWEST  SLP 29.79 ON M

[REMARKS]
