000
CXUS55 KEAX 230736
CF6MCI
PRELIMINARY LOCAL CLIMATOLOGICAL DATA (WS FORM: F-6)

                                          STATION:   Kansas City International MO
                                          MONTH:     APRIL
                                          YEAR:      2019
                                          LATITUDE:   39 19 N
                                          LONGITUDE:  94 43 W

  TEMPERATURE IN F:       :PCPN:    SNOW:  WIND      :SUNSHINE: SKY     :PK WND
================================================================================
1   2   3   4   5  6A  6B    7    8   9   10  11  12  13   14  15   16   17  18
                                     12Z  AVG MX 2MIN
DY MAX MIN AVG DEP HDD CDD  WTR  SNW DPTH SPD SPD DIR MIN PSBL S-S WX    SPD DR
================================================================================

 1  56  28  42  -8  23   0 0.00  0.0    0 11.2 18 210   M    M   4        24 200
 2  56  34  45  -5  20   0    T  0.0    0  7.1 17 360   M    M   7        22 350
 3  67  47  57   6   8   0    T  0.0    0 11.8 21 140   M    M  10        29 150
 4  55  46  51   0  14   0 0.32  0.0    0  8.0 16 170   M    M  10 1      23 170
 5  64  43  54   3  11   0 0.00  0.0    0  7.2 14 150   M    M   8 128    19 140
 6  77  48  63  11   2   0 0.50    M    0 12.2 22 270   M    M   6 13     36 290
 7  73  56  65  13   0   0 0.00  0.0    0  9.8 21 320   M    M   6 1      30 320
 8  78  47  63  11   2   0 0.00  0.0    0  6.1 16 220   M    M   1 1      22 230
 9  76  52  64  11   1   0 0.00  0.0    0 11.1 21 130   M    M   5        29 100
10  84  56  70  17   0   5 0.00  0.0    0 18.1 33 190   M    M   9        45 180
11  74  36  55   2  10   0 0.00  0.0    0 19.3 31 240   M    M   9        46 240
12  55  31  43 -11  22   0 0.00  0.0    0 14.3 26 250   M    M   2        39 250
13  56  28  42 -12  23   0 0.00  0.0    0 10.2 25  30   M    M   6        35  20
14  57  37  47  -7  18   0 0.00  0.0    0 11.2 23  30   M    M   4        28  40
15  78  42  60   5   5   0 0.00  0.0    0 14.8 25 180   M    M   4        48 170
16  82   M   M   M   M   M 0.00  0.0    0 14.8 22 200   M    M   6        35 180
17  74  52  63   8   2   0 0.40  0.0    0 13.8 25 360   M    M  10 138    34 350
18  62  47  55  -1  10   0    T  0.0    0 15.3 23 350   M    M   8        35 360
19  64  42  53  -3  12   0 0.00  0.0    0 12.3 24  10   M    M   1        31  10
20  74  37  56   0   9   0 0.00  0.0    0  9.0 18 180   M    M   0        26 180
21  85  58  72  15   0   7 0.00  0.0    0 19.7 35 180   M    M   4        48 190
22  77  51  64   7   1   0 0.01  0.0    0 13.0 24 200   M    M   7 3      32 190
================================================================================
SM 1524  918       193  12  1.23     0.0 270.3          M      127
================================================================================
AV 69.3 43.7                              12.3 FASTST   M    M   6    MAX(MPH)
                                 MISC ---->  # 35 180               # 48  170
================================================================================
NOTES:
# LAST OF SEVERAL OCCURRENCES

COLUMN 17 PEAK WIND IN M.P.H.

PRELIMINARY LOCAL CLIMATOLOGICAL DATA (WS FORM: F-6) , PAGE 2

                                          STATION:  Kansas City International MO
                                          MONTH:    APRIL
                                          YEAR:     2019
                                          LATITUDE:   39 19 N
                                          LONGITUDE:  94 43 W

[TEMPERATURE DATA]      [PRECIPITATION DATA]       SYMBOLS USED IN COLUMN 16

AVERAGE MONTHLY: 56.5   TOTAL FOR MONTH:   1.23    1 = FOG OR MIST
DPTR FM NORMAL:   3.0   DPTR FM NORMAL:   -1.27    2 = FOG REDUCING VISIBILITY
HIGHEST:    85 ON 21    GRTST 24HR  0.50 ON  6- 6      TO 1/4 MILE OR LESS
LOWEST:     28 ON 13, 1                            3 = THUNDER
                        SNOW, ICE PELLETS, HAIL    4 = ICE PELLETS
                        TOTAL MONTH:   0.0 INCH    5 = HAIL
                        GRTST 24HR     0.0         6 = FREEZING RAIN OR DRIZZLE
                        GRTST DEPTH:   0           7 = DUSTSTORM OR SANDSTORM:
                                                       VSBY 1/2 MILE OR LESS
                                                   8 = SMOKE OR HAZE
[NO. OF DAYS WITH]      [WEATHER - DAYS WITH]      9 = BLOWING SNOW
                                                   X = TORNADO
MAX 32 OR BELOW:   0    0.01 INCH OR MORE:   4
MAX 90 OR ABOVE:   0    0.10 INCH OR MORE:   3
MIN 32 OR BELOW:   3    0.50 INCH OR MORE:   1
MIN  0 OR BELOW:   0    1.00 INCH OR MORE:   0

[HDD (BASE 65) ]
TOTAL THIS MO.   193    CLEAR  (SCALE 0-3)   4
DPTR FM NORMAL   -75    PTCLDY (SCALE 4-7)  13
TOTAL FM JUL 1  5301    CLOUDY (SCALE 8-10)  5
DPTR FM NORMAL   342

[CDD (BASE 65) ]
TOTAL THIS MO.    12
DPTR FM NORMAL    -4    [PRESSURE DATA]
TOTAL FM JAN 1    12    HIGHEST SLP  0.00 ON M
DPTR FM NORMAL    -7    LOWEST  SLP  0.00 ON M

[REMARKS]
