000
CXUS55 KEAX 230736
CF6MCI
PRELIMINARY LOCAL CLIMATOLOGICAL DATA (WS FORM: F-6)

                                          STATION:   Kansas City International MO
                                          MONTH:     FEBRUARY
                                          YEAR:      2019
                                          LATITUDE:   39 19 N
                                          LONGITUDE:  94 43 W

  TEMPERATURE IN F:       :PCPN:    SNOW:  WIND      :SUNSHINE: SKY     :PK WND
================================================================================
1   2   3   4   5  6A  6B    7    8   9   10  11  12  13   14  15   16   17  18
                                     12Z  AVG MX 2MIN
DY MAX MIN AVG DEP HDD CDD  WTR  SNW DPTH SPD SPD DIR MIN PSBL S-S WX    SPD DR
================================================================================

 1  51  17  34   4  31   0 0.00  0.0    0  7.3 14 190   M    M   1 1      17 190
 2  55  34  45  15  20   0 0.00  0.0    0 13.8 24 190   M    M   8 1      35 190
 3  64  53  59  29   6   0 0.00  0.0    0 16.5 25 180   M    M   8 1      34 170
 4  59  20  40  10  25   0    T  0.0    0 13.2 24 320   M    M   7 16     33 320
 5  24  19  22  -9  43   0    T  0.0    0  9.1 15 350   M    M   8 168    18 360
 6  24  20  22  -9  43   0 0.02    T    T  9.9 18  10   M    M  10 1346   23 360
 7  24   9  17 -14  48   0 0.21  1.1    1 16.4 24 300   M    M   7 13469  40 290
 8  21   4  13 -18  52   0 0.00  0.0    1  7.0 14 320   M    M   0        22 290
 9  29  11  20 -12  45   0 0.00  0.0    1 12.9 21 120   M    M   5        28 110
10  35  28  32   0  33   0 0.02  0.1    T  7.5 16 170   M    M  10 128    20 140
11  33  31  32   0  33   0 0.42    T    T 10.5 18  80   M    M  10 126    25 100
12  35  27  31  -1  34   0 0.00  0.0    T 12.2 25 320   M    M   5 1      37 320
13  52  23  38   5  27   0 0.00  0.0    0 11.4 26 180   M    M   7        35 190
14  53  17  35   2  30   0 0.00  0.0    0 15.7 25 340   M    M   7 8      36 310
15  17  12  15 -18  50   0 0.33  3.8    4 10.7 20  10   M    M  10 12     24 360
16  25  14  20 -14  45   0 0.05  0.5    4  9.6 20 100   M    M   9 16     24 100
17  26  17  22 -12  43   0 0.01  0.2    4  9.5 18 290   M    M   9 168    27 310
18  27   9  18 -16  47   0    T    T    3  7.0 12 350   M    M   6 1      17 300
19  29  16  23 -12  42   0 0.35  2.4    3 11.6 22  70   M    M   9 19     31  70
20  36  25  31  -4  34   0 0.03  0.6    5 12.7 23 240   M    M   6 16     32 270
21  39  19  29  -7  36   0 0.00  0.0    4  7.6 18 110   M    M   6 18     23  90
22  36  28  32  -4  33   0 0.03  0.0    4 12.7 20  90   M    M   9 18     26 130
================================================================================
SM  794  453       800   0  1.47     8.7 244.8          M      157
================================================================================
AV 36.1 20.6                              11.1 FASTST   M    M   7    MAX(MPH)
                                 MISC ---->  # 26 180               # 40  290
================================================================================
NOTES:
# LAST OF SEVERAL OCCURRENCES

COLUMN 17 PEAK WIND IN M.P.H.

PRELIMINARY LOCAL CLIMATOLOGICAL DATA (WS FORM: F-6) , PAGE 2

                                          STATION:  Kansas City International MO
                                          MONTH:    FEBRUARY
                                          YEAR:     2019
                                          LATITUDE:   39 19 N
                                          LONGITUDE:  94 43 W

[TEMPERATURE DATA]      [PRECIPITATION DATA]       SYMBOLS USED IN COLUMN 16

AVERAGE MONTHLY: 28.3   TOTAL FOR MONTH:   1.47    1 = FOG OR MIST
DPTR FM NORMAL:  -4.2   DPTR FM NORMAL:    0.36    2 = FOG REDUCING VISIBILITY
HIGHEST:    64 ON  3    GRTST 24HR  0.42 ON 11-11      TO 1/4 MILE OR LESS
LOWEST:      4 ON  8                               3 = THUNDER
                        SNOW, ICE PELLETS, HAIL    4 = ICE PELLETS
                        TOTAL MONTH:   8.7 INCHES  5 = HAIL
                        GRTST 24HR   3.8 ON 15-15  6 = FREEZING RAIN OR DRIZZLE
                        GRTST DEPTH:   5 ON 20     7 = DUSTSTORM OR SANDSTORM:
                                                       VSBY 1/2 MILE OR LESS
                                                   8 = SMOKE OR HAZE
[NO. OF DAYS WITH]      [WEATHER - DAYS WITH]      9 = BLOWING SNOW
                                                   X = TORNADO
MAX 32 OR BELOW:  10    0.01 INCH OR MORE:  10
MAX 90 OR ABOVE:   0    0.10 INCH OR MORE:   4
MIN 32 OR BELOW:  20    0.50 INCH OR MORE:   0
MIN  0 OR BELOW:   0    1.00 INCH OR MORE:   0

[HDD (BASE 65) ]
TOTAL THIS MO.   800    CLEAR  (SCALE 0-3)   2
DPTR FM NORMAL    85    PTCLDY (SCALE 4-7)  10
TOTAL FM JUL 1  4107    CLOUDY (SCALE 8-10) 10
DPTR FM NORMAL   228

[CDD (BASE 65) ]
TOTAL THIS MO.     0
DPTR FM NORMAL     0    [PRESSURE DATA]
TOTAL FM JAN 1     0    HIGHEST SLP  0.00 ON M
DPTR FM NORMAL     0    LOWEST  SLP  0.00 ON M

[REMARKS]
