000
CXUS55 KEAX 200736
CF6MCI
PRELIMINARY LOCAL CLIMATOLOGICAL DATA (WS FORM: F-6)

                                          STATION:   Kansas City International MO
                                          MONTH:     AUGUST
                                          YEAR:      2019
                                          LATITUDE:   39 19 N
                                          LONGITUDE:  94 43 W

  TEMPERATURE IN F:       :PCPN:    SNOW:  WIND      :SUNSHINE: SKY     :PK WND
================================================================================
1   2   3   4   5  6A  6B    7    8   9   10  11  12  13   14  15   16   17  18
                                     12Z  AVG MX 2MIN
DY MAX MIN AVG DEP HDD CDD  WTR  SNW DPTH SPD SPD DIR MIN PSBL S-S WX    SPD DR
================================================================================

 1  86  68  77  -1   0  12 0.02  0.0    0  9.6 17 130   M    M   8 13     25 110
 2  82  69  76  -2   0  11 0.00  0.0    0  9.6 18 120   M    M   9        25 120
 3  87  70  79   1   0  14    T  0.0    0  6.3 15  70   M    M   4        20  70
 4  90  67  79   1   0  14 0.00  0.0    0  5.7 10 110   M    M   5 18     18 110
 5  89  67  78   0   0  13 0.00  0.0    0  5.1 12 230   M    M   6 1      17 240
 6  91  71  81   3   0  16 0.00  0.0    0  6.7 13 340   M    M   3 1      21 340
 7  84  68  76  -2   0  11 0.36  0.0    0  6.2 20 180   M    M   6 13     34 310
 8  86  65  76  -2   0  11 0.00  0.0    0  5.4 13 230   M    M   6 1      17 230
 9  89  67  78   0   0  13 0.00  0.0    0  6.2 12 100   M    M   5 1      18 110
10  92  71  82   4   0  17 0.00  0.0    0  6.5 14 170   M    M   5        21 160
11  87  73  80   2   0  15 0.13  0.0    0  9.1 20 280   M    M   8 1      27 260
12  94  71  83   5   0  18 0.04  0.0    0  8.7 26 310   M    M   7 13     40 310
13  92  68  80   2   0  15 0.00  0.0    0  6.9 17 340   M    M   4 1      24 340
14  85  66  76  -2   0  11 0.00  0.0    0  7.4 14 310   M    M   4        19 340
15  81  60  71  -7   0   6 0.26  0.0    0  7.5 30  20   M    M   6 13     43 340
16  82  67  75  -3   0  10 0.81  0.0    0  9.0 26 200   M    M   8 13     37 190
17  87  66  77   0   0  12 0.72  0.0    0 10.4 25  30   M    M   6 13     33  30
18  88  70  79   2   0  14 0.52  0.0    0  9.4 32 270   M    M   5 13     51 260
19  93  70  82   5   0  17 0.00  0.0    0  7.0 14 170   M    M   3        19 160
================================================================================
SM 1665 1294         0 250  2.86     0.0 142.7          M      108
================================================================================
AV 87.6 68.1                               7.5 FASTST   M    M   6    MAX(MPH)
                                 MISC ---->  # 32 270               # 51  260
================================================================================
NOTES:
# LAST OF SEVERAL OCCURRENCES

COLUMN 17 PEAK WIND IN M.P.H.

PRELIMINARY LOCAL CLIMATOLOGICAL DATA (WS FORM: F-6) , PAGE 2

                                          STATION:  Kansas City International MO
                                          MONTH:    AUGUST
                                          YEAR:     2019
                                          LATITUDE:   39 19 N
                                          LONGITUDE:  94 43 W

[TEMPERATURE DATA]      [PRECIPITATION DATA]       SYMBOLS USED IN COLUMN 16

AVERAGE MONTHLY: 77.9   TOTAL FOR MONTH:   2.86    1 = FOG OR MIST
DPTR FM NORMAL:   0.0   DPTR FM NORMAL:    0.56    2 = FOG REDUCING VISIBILITY
HIGHEST:    94 ON 12    GRTST 24HR  0.81 ON 16-16      TO 1/4 MILE OR LESS
LOWEST:     60 ON 15                               3 = THUNDER
                        SNOW, ICE PELLETS, HAIL    4 = ICE PELLETS
                        TOTAL MONTH:   0.0 INCH    5 = HAIL
                        GRTST 24HR     0.0         6 = FREEZING RAIN OR DRIZZLE
                        GRTST DEPTH:   0           7 = DUSTSTORM OR SANDSTORM:
                                                       VSBY 1/2 MILE OR LESS
                                                   8 = SMOKE OR HAZE
[NO. OF DAYS WITH]      [WEATHER - DAYS WITH]      9 = BLOWING SNOW
                                                   X = TORNADO
MAX 32 OR BELOW:   0    0.01 INCH OR MORE:   8
MAX 90 OR ABOVE:   6    0.10 INCH OR MORE:   6
MIN 32 OR BELOW:   0    0.50 INCH OR MORE:   3
MIN  0 OR BELOW:   0    1.00 INCH OR MORE:   0

[HDD (BASE 65) ]
TOTAL THIS MO.     0    CLEAR  (SCALE 0-3)   2
DPTR FM NORMAL     0    PTCLDY (SCALE 4-7)  14
TOTAL FM JUL 1     0    CLOUDY (SCALE 8-10)  3
DPTR FM NORMAL     0

[CDD (BASE 65) ]
TOTAL THIS MO.   250
DPTR FM NORMAL     5    [PRESSURE DATA]
TOTAL FM JAN 1  1024    HIGHEST SLP  0.00 ON M
DPTR FM NORMAL   -17    LOWEST  SLP  0.00 ON M

[REMARKS]
