000
CXUS53 KGLD 220800
CF6MCK
PRELIMINARY LOCAL CLIMATOLOGICAL DATA (WS FORM: F-6)

                                          STATION:   MCCOOK NE
                                          MONTH:     AUGUST
                                          YEAR:      2019
                                          LATITUDE:   40 13 N
                                          LONGITUDE: 100 35 W

  TEMPERATURE IN F:       :PCPN:    SNOW:  WIND      :SUNSHINE: SKY     :PK WND
================================================================================
1   2   3   4   5  6A  6B    7    8   9   10  11  12  13   14  15   16   17  18
                                     12Z  AVG MX 2MIN
DY MAX MIN AVG DEP HDD CDD  WTR  SNW DPTH SPD SPD DIR MIN PSBL S-S WX    SPD DR
================================================================================

 1  82  66  74  -2   0   9    T    M    M  9.6 17  80   M    M   6 18     23  80
 2  86  65  76   0   0  11 0.08    M    M  6.8 35  40   M    M   5 13     45  30
 3  87  64  76   1   0  11 0.00    M    M  3.7  9  80   M    M   5 18     13  90
 4  94  62  78   3   0  13 0.00    M    M  5.8 14 120   M    M   0 18     19 150
 5  83  67  75   0   0  10 0.17    M    M  7.7 31 290   M    M   5 1      44 290
 6  94  64  79   4   0  14 0.00  0.0    0  6.8 13 150   M    M   1 1      19 120
 7  91  65  78   3   0  13 0.00  0.0    0  9.0 18 140   M    M   0 1      26 130
 8  88  66  77   2   0  12 0.08    M    M  6.8 22  30   M    M   2 13     29 240
 9  90  68  79   4   0  14 0.00    M    M  9.2 17 150   M    M   4        24 130
10  97  71  84   9   0  19 0.01    M    M  9.2 31 320   M    M   2 138    44 330
11  89  66  78   3   0  13 1.23  0.0    0 11.0 49 220   M    M   2 13     68 230
12  89  66  78   3   0  13 0.02  0.0    0  7.5 17 330   M    M   1 1      23 350
13  87  62  75   1   0  10 0.19    M    M  8.1 33 120   M    M   0 13     50 110
14  81  59  70  -4   0   5 0.00    M    M  8.0 35  40   M    M   2        46  40
15  82  58  70  -4   0   5 0.00    M    M  7.2 20 350   M    M   4 1      27 360
16  86  60  73  -1   0   8 0.03    M    M  8.8 30 350   M    M   2 123    43 350
17  91  63  77   3   0  12 0.00    M    M  7.1 18 200   M    M   1 12     29 200
18  84  60  72  -2   0   7 0.00    M    M  7.3 21 360   M    M   3        29 350
19  93  65  79   5   0  14 0.00    M    M  7.5 15 150   M    M   5 123    21 160
20  95  67  81   8   0  16 0.00    M    M 10.0 24  70   M    M   0        30  70
21  85  65  75   2   0  10 0.04    M    M 11.2 38 340   M    M   3 13     51 340
================================================================================
SM 1854 1349         0 239  1.85     0.0 168.3          M       53
================================================================================
AV 88.3 64.2                               8.0 FASTST   M    M   3    MAX(MPH)
                                 MISC ---->  # 49 220               # 68  230
================================================================================
NOTES:
# LAST OF SEVERAL OCCURRENCES

COLUMN 17 PEAK WIND IN M.P.H.

PRELIMINARY LOCAL CLIMATOLOGICAL DATA (WS FORM: F-6) , PAGE 2

                                          STATION:  MCCOOK NE
                                          MONTH:    AUGUST
                                          YEAR:     2019
                                          LATITUDE:   40 13 N
                                          LONGITUDE: 100 35 W

[TEMPERATURE DATA]      [PRECIPITATION DATA]       SYMBOLS USED IN COLUMN 16

AVERAGE MONTHLY: 76.3   TOTAL FOR MONTH:   1.85    1 = FOG OR MIST
DPTR FM NORMAL:   1.7   DPTR FM NORMAL:   -0.51    2 = FOG REDUCING VISIBILITY
HIGHEST:    97 ON 10    GRTST 24HR  1.23 ON 11-11      TO 1/4 MILE OR LESS
LOWEST:     58 ON 15                               3 = THUNDER
                        SNOW, ICE PELLETS, HAIL    4 = ICE PELLETS
                        TOTAL MONTH:   0.0 INCH    5 = HAIL
                        GRTST 24HR     0.0         6 = FREEZING RAIN OR DRIZZLE
                        GRTST DEPTH:   0           7 = DUSTSTORM OR SANDSTORM:
                                                       VSBY 1/2 MILE OR LESS
                                                   8 = SMOKE OR HAZE
[NO. OF DAYS WITH]      [WEATHER - DAYS WITH]      9 = BLOWING SNOW
                                                   X = TORNADO
MAX 32 OR BELOW:   0    0.01 INCH OR MORE:   9
MAX 90 OR ABOVE:   8    0.10 INCH OR MORE:   3
MIN 32 OR BELOW:   0    0.50 INCH OR MORE:   1
MIN  0 OR BELOW:   0    1.00 INCH OR MORE:   1

[HDD (BASE 65) ]
TOTAL THIS MO.     0    CLEAR  (SCALE 0-3)  13
DPTR FM NORMAL     0    PTCLDY (SCALE 4-7)   8
TOTAL FM JUL 1     0    CLOUDY (SCALE 8-10)  0
DPTR FM NORMAL    -3

[CDD (BASE 65) ]
TOTAL THIS MO.   239
DPTR FM NORMAL    34    [PRESSURE DATA]
TOTAL FM JAN 1   846    HIGHEST SLP M ON M
DPTR FM NORMAL    70    LOWEST  SLP 29.64 ON 17

[REMARKS]
