000
CXUS52 KFFC 231110
CF6MCN
PRELIMINARY LOCAL CLIMATOLOGICAL DATA (WS FORM: F-6)

                                          STATION:   MACON
                                          MONTH:     MAY
                                          YEAR:      2018
                                          LATITUDE:   32 42 N
                                          LONGITUDE:  83 39 W

  TEMPERATURE IN F:       :PCPN:    SNOW:  WIND      :SUNSHINE: SKY     :PK WND
================================================================================
1   2   3   4   5  6A  6B    7    8   9   10  11  12  13   14  15   16   17  18
                                     12Z  AVG MX 2MIN
DY MAX MIN AVG DEP HDD CDD  WTR  SNW DPTH SPD SPD DIR MIN PSBL S-S WX    SPD DR
================================================================================

 1  83  45  64  -3   1   0 0.00  0.0    0  1.7 10 120   M    M   0        14 160
 2  84  51  68   0   0   3 0.00  0.0    0  2.8 10 150   M    M   0        16 100
 3  85  54  70   2   0   5 0.00  0.0    0  3.3 12 130   M    M   0        14 140
 4  87  56  72   4   0   7 0.00  0.0    0  2.7 12 290   M    M   0        15 300
 5  85  62  74   5   0   9 0.00  0.0    0  5.0 12 170   M    M   0        28 340
 6  84  61  73   4   0   8 0.00  0.0    0  8.4 17 300   M    M   1        23 320
 7  88  52  70   1   0   5 0.00  0.0    0  3.6 14 330   M    M   1        20 360
 8  85  55  70   0   0   5 0.00  0.0    0  5.1 13 100   M    M   1        18 130
 9  88  58  73   3   0   8 0.00  0.0    0  3.3 13 140   M    M   3        16 150
10  92  63  78   8   0  13 0.00  0.0    0  6.4 17 290   M    M   1        23 300
11  93  60  77   7   0  12 0.00  0.0    0  2.7 10 260   M    M   0        14 350
12  94  62  78   7   0  13 0.00  0.0    0  3.1  9  60   M    M   1 1      13 350
13  95  63  79   8   0  14 0.00  0.0    0  2.7 12  60   M    M   1 1      16  40
14  87  65  76   5   0  11 0.00  0.0    0  4.8 13 130   M    M   0        16 130
15  81  69  75   3   0  10 0.60  0.0    0  6.7 15 240   M    M   8 138    18  50
16  80  69  75   3   0  10 0.52  0.0    0  5.6 15 320   M    M   9 13     19 310
17  84  68  76   4   0  11 0.11  0.0    0  4.7 15 280   M    M   8 13     22 270
18  84  68  76   3   0  11 1.04  0.0    0  5.1 35 210   M    M   5 138    48 200
19  88  69  79   6   0  14 0.00  0.0    0  5.7 14 130   M    M   5 13     16 140
20  83  67  75   2   0  10    T  0.0    0  4.1 21 150   M    M   3 13     27 130
21  84  66  75   2   0  10 0.03  0.0    0  6.1 18 100   M    M   7 1      24 120
22  83  69  76   2   0  11 0.11  0.0    0  6.7 18 220   M    M   6 13     25 240
================================================================================
SM 1897 1352         1 200  2.41     0.0 100.3          M       60
================================================================================
AV 86.2 61.5                               4.6 FASTST   M    M   3    MAX(MPH)
                                 MISC ---->  # 35 210               # 48  200
================================================================================
NOTES:
# LAST OF SEVERAL OCCURRENCES

COLUMN 17 PEAK WIND IN M.P.H.

PRELIMINARY LOCAL CLIMATOLOGICAL DATA (WS FORM: F-6) , PAGE 2

                                          STATION:  MACON
                                          MONTH:    MAY
                                          YEAR:     2018
                                          LATITUDE:   32 42 N
                                          LONGITUDE:  83 39 W

[TEMPERATURE DATA]      [PRECIPITATION DATA]       SYMBOLS USED IN COLUMN 16

AVERAGE MONTHLY: 73.8   TOTAL FOR MONTH:   2.41    1 = FOG OR MIST
DPTR FM NORMAL:   3.2   DPTR FM NORMAL:    0.63    2 = FOG REDUCING VISIBILITY
HIGHEST:    95 ON 13    GRTST 24HR  1.04 ON 18-18      TO 1/4 MILE OR LESS
LOWEST:     45 ON  1                               3 = THUNDER
                        SNOW, ICE PELLETS, HAIL    4 = ICE PELLETS
                        TOTAL MONTH:   0.0 INCH    5 = HAIL
                        GRTST 24HR     0.0         6 = FREEZING RAIN OR DRIZZLE
                        GRTST DEPTH:   0           7 = DUSTSTORM OR SANDSTORM:
                                                       VSBY 1/2 MILE OR LESS
                                                   8 = SMOKE OR HAZE
[NO. OF DAYS WITH]      [WEATHER - DAYS WITH]      9 = BLOWING SNOW
                                                   X = TORNADO
MAX 32 OR BELOW:   0    0.01 INCH OR MORE:   6
MAX 90 OR ABOVE:   4    0.10 INCH OR MORE:   5
MIN 32 OR BELOW:   0    0.50 INCH OR MORE:   3
MIN  0 OR BELOW:   0    1.00 INCH OR MORE:   1

[HDD (BASE 65) ]
TOTAL THIS MO.     1    CLEAR  (SCALE 0-3)  15
DPTR FM NORMAL   -10    PTCLDY (SCALE 4-7)   6
TOTAL FM JUL 1  2076    CLOUDY (SCALE 8-10)  1
DPTR FM NORMAL  -242

[CDD (BASE 65) ]
TOTAL THIS MO.   200
DPTR FM NORMAL    63    [PRESSURE DATA]
TOTAL FM JAN 1   295    HIGHEST SLP M ON M
DPTR FM NORMAL    74    LOWEST  SLP 29.82 ON 17

[REMARKS]
