000
CXUS52 KFFC 231110
CF6MCN
PRELIMINARY LOCAL CLIMATOLOGICAL DATA (WS FORM: F-6)

                                          STATION:   MACON
                                          MONTH:     APRIL
                                          YEAR:      2019
                                          LATITUDE:   32 42 N
                                          LONGITUDE:  83 39 W

  TEMPERATURE IN F:       :PCPN:    SNOW:  WIND      :SUNSHINE: SKY     :PK WND
================================================================================
1   2   3   4   5  6A  6B    7    8   9   10  11  12  13   14  15   16   17  18
                                     12Z  AVG MX 2MIN
DY MAX MIN AVG DEP HDD CDD  WTR  SNW DPTH SPD SPD DIR MIN PSBL S-S WX    SPD DR
================================================================================

 1  65  40  53  -7  12   0 0.00  0.0    0  8.6 18  80   M    M   2        24  80
 2  68  42  55  -5  10   0 0.08  0.0    0  5.6 17 280   M    M   4        22 280
 3  74  36  55  -6  10   0 0.00  0.0    0  2.8 10 100   M    M   0 18     14  50
 4  75  40  58  -3   7   0 0.03    M    0  6.4 18 140   M    M   3 1      23 120
 5  82  58  70   9   0   5 0.06  0.0    0  7.1 17 290   M    M   7        26 240
 6  67  62  65   4   0   0 0.09  0.0    0  4.2  9  50   M    M  10 1      11  60
 7  83  62  73  11   0   8 0.04  0.0    0  5.5 14 210   M    M   4 12     17 160
 8  80  63  72  10   0   7 0.91  0.0    0  6.0 28 270   M    M   3 13     35 270
 9  77  60  69   7   0   4 0.76  0.0    0  4.7 15 260   M    M   8 13     22 250
10  85  55  70   8   0   5 0.00  0.0    0  3.6 14  50   M    M   3 12     18  70
11  83  58  71   9   0   6 0.00  0.0    0  8.9 17 130   M    M   2 1      23 130
12  84  65  75  13   0  10 0.00  0.0    0  5.1 14 250   M    M   5        19 130
13  85  63  74  11   0   9 0.00  0.0    0  4.9 17 140   M    M   3 1      20 140
14  77  58  68   5   0   3 0.23  0.0    0 14.9 26 290   M    M   5 13     39 280
15  71  47  59  -4   6   0 0.00  0.0    0 11.8 24 290   M    M   2        29 290
16  78  40  59  -4   6   0 0.00  0.0    0  3.2 12 100   M    M   0        16 150
17  80  48  64   0   1   0 0.00  0.0    0  2.6 10 130   M    M   0 1      14 160
18  83  57  70   6   0   5 0.00  0.0    0  8.4 17 160   M    M   3        23 150
19  76  50  63  -1   2   0 0.57  0.0    0 14.3 35 250   M    M   5 13     49 260
20  60  46  53 -11  12   0 0.01    M    0  9.9 21 270   M    M   8        27 260
21  76  47  62  -3   3   0 0.00  0.0    0  7.6 20 320   M    M   1        27 310
22  83  42  63  -2   2   0 0.00  0.0    0  2.3 10  40   M    M   0        14 220
================================================================================
SM 1692 1139        71  62  2.78     0.0 148.4          M       78
================================================================================
AV 76.9 51.8                               6.7 FASTST   M    M   4    MAX(MPH)
                                 MISC ---->  # 35 250               # 49  260
================================================================================
NOTES:
# LAST OF SEVERAL OCCURRENCES

COLUMN 17 PEAK WIND IN M.P.H.

PRELIMINARY LOCAL CLIMATOLOGICAL DATA (WS FORM: F-6) , PAGE 2

                                          STATION:  MACON
                                          MONTH:    APRIL
                                          YEAR:     2019
                                          LATITUDE:   32 42 N
                                          LONGITUDE:  83 39 W

[TEMPERATURE DATA]      [PRECIPITATION DATA]       SYMBOLS USED IN COLUMN 16

AVERAGE MONTHLY: 64.3   TOTAL FOR MONTH:   2.78    1 = FOG OR MIST
DPTR FM NORMAL:   1.9   DPTR FM NORMAL:    0.48    2 = FOG REDUCING VISIBILITY
HIGHEST:    85 ON 13,10 GRTST 24HR  0.91 ON  8- 8      TO 1/4 MILE OR LESS
LOWEST:     36 ON  3                               3 = THUNDER
                        SNOW, ICE PELLETS, HAIL    4 = ICE PELLETS
                        TOTAL MONTH:   0.0 INCH    5 = HAIL
                        GRTST 24HR     0.0         6 = FREEZING RAIN OR DRIZZLE
                        GRTST DEPTH:   0           7 = DUSTSTORM OR SANDSTORM:
                                                       VSBY 1/2 MILE OR LESS
                                                   8 = SMOKE OR HAZE
[NO. OF DAYS WITH]      [WEATHER - DAYS WITH]      9 = BLOWING SNOW
                                                   X = TORNADO
MAX 32 OR BELOW:   0    0.01 INCH OR MORE:  10
MAX 90 OR ABOVE:   0    0.10 INCH OR MORE:   4
MIN 32 OR BELOW:   0    0.50 INCH OR MORE:   3
MIN  0 OR BELOW:   0    1.00 INCH OR MORE:   0

[HDD (BASE 65) ]
TOTAL THIS MO.    71    CLEAR  (SCALE 0-3)  12
DPTR FM NORMAL   -24    PTCLDY (SCALE 4-7)   9
TOTAL FM JUL 1  1961    CLOUDY (SCALE 8-10)  1
DPTR FM NORMAL  -331

[CDD (BASE 65) ]
TOTAL THIS MO.    62
DPTR FM NORMAL    25    [PRESSURE DATA]
TOTAL FM JAN 1    79    HIGHEST SLP M ON M
DPTR FM NORMAL    21    LOWEST  SLP 29.41 ON 19

[REMARKS]
