000
CXUS52 KFFC 201110
CF6MCN
PRELIMINARY LOCAL CLIMATOLOGICAL DATA (WS FORM: F-6)

                                          STATION:   MACON
                                          MONTH:     FEBRUARY
                                          YEAR:      2019
                                          LATITUDE:   32 42 N
                                          LONGITUDE:  83 39 W

  TEMPERATURE IN F:       :PCPN:    SNOW:  WIND      :SUNSHINE: SKY     :PK WND
================================================================================
1   2   3   4   5  6A  6B    7    8   9   10  11  12  13   14  15   16   17  18
                                     12Z  AVG MX 2MIN
DY MAX MIN AVG DEP HDD CDD  WTR  SNW DPTH SPD SPD DIR MIN PSBL S-S WX    SPD DR
================================================================================

 1  65  26  46  -2  19   0 0.00  0.0    0  3.2 10 160   M    M   1        21 120
 2  64  48  56   8   9   0 0.00  0.0    0  4.8 12  80   M    M  10        14  80
 3  69  46  58  10   7   0    T    M    0  4.3 12  30   M    M   7 1      15  40
 4  68  41  55   7  10   0 0.00  0.0    0  1.2 10 200   M    M   5 12     12 200
 5  72  45  59  11   6   0 0.00  0.0    0  3.5 15 260   M    M   6 12     17 270
 6  73  48  61  13   4   0 0.00  0.0    0  4.0 13 240   M    M   7 12     17 250
 7  81  55  68  20   0   3 0.00  0.0    0  7.0 17 210   M    M   3 12     24 220
 8  66  45  56   7   9   0 0.01  0.0    0 10.8 20 330   M    M   4 1      27 330
 9  58  38  48  -1  17   0 0.00  0.0    0  9.0 17  60   M    M   5        22  70
10  49  40  45  -4  20   0 0.05  0.0    0  9.4 15  40   M    M  10 18     19  70
11  56  40  48  -1  17   0 0.07  0.0    0  2.4  8  20   M    M  10 12      9  40
12  76  52  64  15   1   0 0.30  0.0    0  7.7 39 310   M    M  10 128    55 300
13  61  35  48  -2  17   0 0.00  0.0    0  8.1 23 330   M    M   0        29 330
14  65  28  47  -3  18   0 0.00  0.0    0  4.2 13 220   M    M   0 1      15 220
15  67  44  56   6   9   0 0.01    M    0  4.5 14 220   M    M   8 1      19 250
16  77  56  67  17   0   2 0.06  0.0    0  7.8 16 270   M    M   8 1      20 260
17  66  52  59   9   6   0 0.12  0.0    0  6.3 17 290   M    M  10 1      20 300
18  69  53  61  10   4   0 0.01  0.0    0  8.1 20 340   M    M   8 1      25 340
19  55  42  49  -2  16   0 0.24  0.0    0 11.5 22  70   M    M  10 1      29  90
================================================================================
SM 1257  834       189   5  0.87     0.0 117.8          M      122
================================================================================
AV 66.2 43.9                               6.2 FASTST   M    M   6    MAX(MPH)
                                 MISC ---->  # 39 310               # 55  300
================================================================================
NOTES:
# LAST OF SEVERAL OCCURRENCES

COLUMN 17 PEAK WIND IN M.P.H.

PRELIMINARY LOCAL CLIMATOLOGICAL DATA (WS FORM: F-6) , PAGE 2

                                          STATION:  MACON
                                          MONTH:    FEBRUARY
                                          YEAR:     2019
                                          LATITUDE:   32 42 N
                                          LONGITUDE:  83 39 W

[TEMPERATURE DATA]      [PRECIPITATION DATA]       SYMBOLS USED IN COLUMN 16

AVERAGE MONTHLY: 55.0   TOTAL FOR MONTH:   0.87    1 = FOG OR MIST
DPTR FM NORMAL:   5.9   DPTR FM NORMAL:   -2.09    2 = FOG REDUCING VISIBILITY
HIGHEST:    81 ON  7    GRTST 24HR  0.30 ON 12-12      TO 1/4 MILE OR LESS
LOWEST:     26 ON  1                               3 = THUNDER
                        SNOW, ICE PELLETS, HAIL    4 = ICE PELLETS
                        TOTAL MONTH:   0.0 INCH    5 = HAIL
                        GRTST 24HR     0.0         6 = FREEZING RAIN OR DRIZZLE
                        GRTST DEPTH:   0           7 = DUSTSTORM OR SANDSTORM:
                                                       VSBY 1/2 MILE OR LESS
                                                   8 = SMOKE OR HAZE
[NO. OF DAYS WITH]      [WEATHER - DAYS WITH]      9 = BLOWING SNOW
                                                   X = TORNADO
MAX 32 OR BELOW:   0    0.01 INCH OR MORE:   9
MAX 90 OR ABOVE:   0    0.10 INCH OR MORE:   3
MIN 32 OR BELOW:   2    0.50 INCH OR MORE:   0
MIN  0 OR BELOW:   0    1.00 INCH OR MORE:   0

[HDD (BASE 65) ]
TOTAL THIS MO.   189    CLEAR  (SCALE 0-3)   4
DPTR FM NORMAL  -113    PTCLDY (SCALE 4-7)   8
TOTAL FM JUL 1  1560    CLOUDY (SCALE 8-10)  7
DPTR FM NORMAL  -247

[CDD (BASE 65) ]
TOTAL THIS MO.     5
DPTR FM NORMAL     5    [PRESSURE DATA]
TOTAL FM JAN 1    10    HIGHEST SLP M ON M
DPTR FM NORMAL     9    LOWEST  SLP 29.67 ON 16

[REMARKS]
