000
CXUS53 KDMX 220920
CF6MCW
PRELIMINARY LOCAL CLIMATOLOGICAL DATA (WS FORM: F-6)

                                          STATION:   MASON CITY IA
                                          MONTH:     AUGUST
                                          YEAR:      2019
                                          LATITUDE:   43  9 N
                                          LONGITUDE:  93 20 W

  TEMPERATURE IN F:       :PCPN:    SNOW:  WIND      :SUNSHINE: SKY     :PK WND
================================================================================
1   2   3   4   5  6A  6B    7    8   9   10  11  12  13   14  15   16   17  18
                                     12Z  AVG MX 2MIN
DY MAX MIN AVG DEP HDD CDD  WTR  SNW DPTH SPD SPD DIR MIN PSBL S-S WX    SPD DR
================================================================================

 1  81  53  67  -4   0   2 0.00  0.0    0  3.5 12 120   M    M   2 1      16 120
 2  82  55  69  -2   0   4 0.00  0.0    0  4.2 12 210   M    M   0 12     16 130
 3  84  60  72   1   0   7 0.00  0.0    0  2.1 12 210   M    M   0 18     16 210
 4  87  58  73   2   0   8 0.00  0.0    0  4.7 14 220   M    M   1 18     20 220
 5  89  64  77   6   0  12 0.35  0.0    0 10.4 23 320   M    M   1 13     31 350
 6  83  63  73   3   0   8 0.00  0.0    0  7.5 13 320   M    M   0        17 320
 7  87  62  75   5   0  10 0.00  0.0    0  9.8 20 260   M    M   0        26 270
 8  77  55  66  -4   0   1 0.00  0.0    0  7.1 15 330   M    M   1 8      21 310
 9  79  51  65  -5   0   0 0.00  0.0    0  3.5  9 330   M    M   0 18     13 340
10  81  62  72   2   0   7 0.22  0.0    0  7.8 17 160   M    M   8 13     24 170
11  79  61  70   0   0   5 0.00  0.0    0  5.7 13 360   M    M   7 12     17 350
12  76  61  69  -1   0   4 0.10  0.0    0  4.9 17 160   M    M   9 12     23 160
13  84  61  73   3   0   8 0.00  0.0    0  8.7 20 280   M    M   6 12     24 310
14  73  57  65  -5   0   0 0.07  0.0    0  7.7 17 340   M    M   6 1      24 310
15  79  53  66  -4   0   1 0.00  0.0    0  6.6 15 210   M    M   5 12     24 200
16  80  54  67  -3   0   2 0.00  0.0    0  7.4 18 290   M    M   2 1      23 290
17  81  51  66  -4   0   1 0.02  0.0    0  7.7 16 160   M    M   2 13     27 150
18  78  55  67  -2   0   2 0.72  0.0    0  8.9 31 300   M    M   3 13     47 290
19  80  51  66  -3   0   1    T  0.0    0  3.7  9 170   M    M   0 13     13 200
20  85  64  75   6   0  10 0.20  0.0    0  9.0 26 140   M    M   2 13     41 130
21  71  53  62  -7   3   0 0.01  0.0    0  7.4 14 330   M    M   1 1      18 340
================================================================================
SM 1696 1204         3  93  1.69     0.0 138.3          M       56
================================================================================
AV 80.8 57.3                               6.6 FASTST   M    M   3    MAX(MPH)
                                 MISC ---->  # 31 300               # 47  290
================================================================================
NOTES:
# LAST OF SEVERAL OCCURRENCES

COLUMN 17 PEAK WIND IN M.P.H.

PRELIMINARY LOCAL CLIMATOLOGICAL DATA (WS FORM: F-6) , PAGE 2

                                          STATION:  MASON CITY IA
                                          MONTH:    AUGUST
                                          YEAR:     2019
                                          LATITUDE:   43  9 N
                                          LONGITUDE:  93 20 W

[TEMPERATURE DATA]      [PRECIPITATION DATA]       SYMBOLS USED IN COLUMN 16

AVERAGE MONTHLY: 69.1   TOTAL FOR MONTH:   1.69    1 = FOG OR MIST
DPTR FM NORMAL:  -1.0   DPTR FM NORMAL:   -1.11    2 = FOG REDUCING VISIBILITY
HIGHEST:    89 ON  5    GRTST 24HR  0.72 ON 18-18      TO 1/4 MILE OR LESS
LOWEST:     51 ON 19,17                            3 = THUNDER
                        SNOW, ICE PELLETS, HAIL    4 = ICE PELLETS
                        TOTAL MONTH:   0.0 INCH    5 = HAIL
                        GRTST 24HR     0.0         6 = FREEZING RAIN OR DRIZZLE
                        GRTST DEPTH:   0           7 = DUSTSTORM OR SANDSTORM:
                                                       VSBY 1/2 MILE OR LESS
                                                   8 = SMOKE OR HAZE
[NO. OF DAYS WITH]      [WEATHER - DAYS WITH]      9 = BLOWING SNOW
                                                   X = TORNADO
MAX 32 OR BELOW:   0    0.01 INCH OR MORE:   8
MAX 90 OR ABOVE:   0    0.10 INCH OR MORE:   5
MIN 32 OR BELOW:   0    0.50 INCH OR MORE:   1
MIN  0 OR BELOW:   0    1.00 INCH OR MORE:   0

[HDD (BASE 65) ]
TOTAL THIS MO.     3    CLEAR  (SCALE 0-3)  15
DPTR FM NORMAL   -13    PTCLDY (SCALE 4-7)   5
TOTAL FM JUL 1     5    CLOUDY (SCALE 8-10)  1
DPTR FM NORMAL   -20

[CDD (BASE 65) ]
TOTAL THIS MO.    93
DPTR FM NORMAL   -26    [PRESSURE DATA]
TOTAL FM JAN 1   493    HIGHEST SLP M ON M
DPTR FM NORMAL   -20    LOWEST  SLP 29.64 ON 18

[REMARKS]
