000
CXUS53 KDMX 200920
CF6MCW
PRELIMINARY LOCAL CLIMATOLOGICAL DATA (WS FORM: F-6)

                                          STATION:   MASON CITY IA
                                          MONTH:     FEBRUARY
                                          YEAR:      2019
                                          LATITUDE:   43  9 N
                                          LONGITUDE:  93 20 W

  TEMPERATURE IN F:       :PCPN:    SNOW:  WIND      :SUNSHINE: SKY     :PK WND
================================================================================
1   2   3   4   5  6A  6B    7    8   9   10  11  12  13   14  15   16   17  18
                                     12Z  AVG MX 2MIN
DY MAX MIN AVG DEP HDD CDD  WTR  SNW DPTH SPD SPD DIR MIN PSBL S-S WX    SPD DR
================================================================================

 1  12  -5   4 -13  61   0 0.00  0.0   11 12.3 24 160   M    M   4 1      30 150
 2  39  12  26   9  39   0 0.00  0.0   11 14.4 28 220   M    M   8 12     39 210
 3  47  37  42  25  23   0 0.01  0.0    5  8.4 16 210   M    M  10 12     27 240
 4  41   1  21   4  44   0    T    T    1 21.4 30 320   M    M   8 1268   39 300
 5  19   1  10  -8  55   0 0.05  0.1    1 11.5 22  40   M    M   6 169    27  40
 6  20  12  16  -2  49   0 0.02  0.1    1 11.5 17 340   M    M   9 136    20 340
 7  14  -5   5 -13  60   0 0.19  2.9    1 22.9 43 290   M    M  10 1289   57 290
 8   2  -9  -3 -21  68   0    T    T    4 13.8 32 290   M    M   4 18     44 300
 9  16  -7   5 -14  60   0 0.00  0.0    4  9.7 21 140   M    M   5        29 120
10  23  16  20   1  45   0 0.04  0.6    3  8.1 14 130   M    M  10 1      18 140
11  25  21  23   4  42   0 0.17  2.1    4 12.2 23 100   M    M  10 1      28 100
12  24   4  14  -6  51   0 0.20  2.8    8 21.4 33 300   M    M  10 19     46 300
13  20  -2   9 -11  56   0 0.00  0.0    7 12.3 23 290   M    M   3 1      29 290
14  28   0  14  -6  51   0    T    M    M 18.4 37 320   M    M   6 1289   45 320
15   8  -6   1 -19  64   0    T    M    M 14.3 29 320   M    M   3 18     38 310
16  19  -5   7 -14  58   0    T    M    0  8.0 15  80   M    M   2 1      18  80
17  22  17  20  -1  45   0 0.04    M    M 14.0 18  30   M    M  10 1      23  30
18  17  -8   5 -17  60   0    T    M    M  8.3 14 330   M    M   3 1      17 360
19  18 -15   2 -20  63   0 0.02    M   11  5.4 17 100   M    M   3 18     21 100
================================================================================
SM  414   59       994   0  0.74     8.6 248.3          M      124
================================================================================
AV 21.8  3.1                              13.1 FASTST   M    M   7    MAX(MPH)
                                 MISC ---->  # 43 290               # 57  290
================================================================================
NOTES:
# LAST OF SEVERAL OCCURRENCES

COLUMN 17 PEAK WIND IN M.P.H.

PRELIMINARY LOCAL CLIMATOLOGICAL DATA (WS FORM: F-6) , PAGE 2

                                          STATION:  MASON CITY IA
                                          MONTH:    FEBRUARY
                                          YEAR:     2019
                                          LATITUDE:   43  9 N
                                          LONGITUDE:  93 20 W

[TEMPERATURE DATA]      [PRECIPITATION DATA]       SYMBOLS USED IN COLUMN 16

AVERAGE MONTHLY: 12.5   TOTAL FOR MONTH:   0.74    1 = FOG OR MIST
DPTR FM NORMAL:  -6.7   DPTR FM NORMAL:    0.12    2 = FOG REDUCING VISIBILITY
HIGHEST:    47 ON  3    GRTST 24HR  0.20 ON 12-12      TO 1/4 MILE OR LESS
LOWEST:    -15 ON 19                               3 = THUNDER
                        SNOW, ICE PELLETS, HAIL    4 = ICE PELLETS
                        TOTAL MONTH:   8.6 INCHES  5 = HAIL
                        GRTST 24HR   2.9 ON  7- 7  6 = FREEZING RAIN OR DRIZZLE
                        GRTST DEPTH:  11 ON 19, 2  7 = DUSTSTORM OR SANDSTORM:
                                                       VSBY 1/2 MILE OR LESS
                                                   8 = SMOKE OR HAZE
[NO. OF DAYS WITH]      [WEATHER - DAYS WITH]      9 = BLOWING SNOW
                                                   X = TORNADO
MAX 32 OR BELOW:  16    0.01 INCH OR MORE:   9
MAX 90 OR ABOVE:   0    0.10 INCH OR MORE:   3
MIN 32 OR BELOW:  18    0.50 INCH OR MORE:   0
MIN  0 OR BELOW:  10    1.00 INCH OR MORE:   0

[HDD (BASE 65) ]
TOTAL THIS MO.   994    CLEAR  (SCALE 0-3)   4
DPTR FM NORMAL   123    PTCLDY (SCALE 4-7)   8
TOTAL FM JUL 1  5684    CLOUDY (SCALE 8-10)  7
DPTR FM NORMAL   202

[CDD (BASE 65) ]
TOTAL THIS MO.     0
DPTR FM NORMAL     0    [PRESSURE DATA]
TOTAL FM JAN 1     0    HIGHEST SLP M ON M
DPTR FM NORMAL     0    LOWEST  SLP 29.49 ON 14

[REMARKS]
