000
CXUS54 KMAF 211100
CF6MDD
PRELIMINARY LOCAL CLIMATOLOGICAL DATA (WS FORM: F-6)

                                          STATION:   Midland Airpark
                                          MONTH:     APRIL
                                          YEAR:      2019
                                          LATITUDE:   32  2 N
                                          LONGITUDE: 102  6 W

  TEMPERATURE IN F:       :PCPN:    SNOW:  WIND      :SUNSHINE: SKY     :PK WND
================================================================================
1   2   3   4   5  6A  6B    7    8   9   10  11  12  13   14  15   16   17  18
                                     12Z  AVG MX 2MIN
DY MAX MIN AVG DEP HDD CDD  WTR  SNW DPTH SPD SPD DIR MIN PSBL S-S WX    SPD DR
================================================================================

 1  66  37  52   M  13   0 0.00  0.0    0  7.2 13 200   M    M   0        18 200
 2  79  44  62   M   3   0 0.00  0.0    0 13.1 21 160   M    M   0        27 160
 3  85  54  70   M   0   5 0.00  0.0    0 13.7 18 170   M    M   0        25 230
 4  86  51  69   M   0   4 0.00  0.0    0  7.4 18 180   M    M   0 1      20 310
 5  85  54  70   M   0   5 0.00  0.0    0 11.5 17 160   M    M   0 3      25 150
 6  83  58  71   M   0   6 0.00  0.0    0  7.8 14 290   M    M   0 3      23 290
 7  87  54  71   M   0   6 0.00  0.0    0  4.7 10  60   M    M   0         M  M
 8  90  49  70   M   0   5 0.00  0.0    0  4.7 12 170   M    M   0 1      16 290
 9  96  58  77   M   0  12 0.00  0.0    0  9.0 16 260   M    M   0        23 260
10  98  65  82   M   0  17 0.00  0.0    0 18.1 32 250   M    M   0 8      41 250
11  74  53  64   M   1   0 0.00  0.0    0 12.5 21 290   M    M   0        31 300
12  77  44  61   M   4   0 0.02    M    0 11.0 24  60   M    M   0 38     40 190
13  51  42  47   M  18   0 0.18    M    0 15.2 25  30   M    M   0 3      32  30
14  76  38  57   M   8   0 0.00  0.0    0  8.0 18 180   M    M   0        23 180
15  86  56  71   M   0   6 0.00  0.0    0 13.5 17 160   M    M   0        23 190
16  86  61  74   M   0   9 0.00  0.0    0 13.0 17 170   M    M   0        23 170
17  82  59  71   M   0   6 0.00  0.0    0 15.3 29 260   M    M   0        37 260
18  76  56  66   M   0   1 0.00  0.0    0 12.1 21 340   M    M   0        31 340
19  77  47  62   M   3   0 0.00  0.0    0  4.3  9  60   M    M   0         M  M
20  89  51  70   M   0   5 0.00  0.0    0 12.1 18 160   M    M   0 8      28 160
================================================================================
SM 1629 1031        50  87  0.20     0.0 214.2          M        0
================================================================================
AV 81.5 51.6                              10.7 FASTST   M    M   0    MAX(MPH)
                                 MISC ---->  # 32 250               # 41  250
================================================================================
NOTES:
# LAST OF SEVERAL OCCURRENCES

COLUMN 17 PEAK WIND IN M.P.H.

PRELIMINARY LOCAL CLIMATOLOGICAL DATA (WS FORM: F-6) , PAGE 2

                                          STATION:  Midland Airpark
                                          MONTH:    APRIL
                                          YEAR:     2019
                                          LATITUDE:   32  2 N
                                          LONGITUDE: 102  6 W

[TEMPERATURE DATA]      [PRECIPITATION DATA]       SYMBOLS USED IN COLUMN 16

AVERAGE MONTHLY: 66.5   TOTAL FOR MONTH:   0.20    1 = FOG OR MIST
DPTR FM NORMAL:     M   DPTR FM NORMAL:       M    2 = FOG REDUCING VISIBILITY
HIGHEST:    98 ON 10    GRTST 24HR  0.18 ON 13-13      TO 1/4 MILE OR LESS
LOWEST:     37 ON  1                               3 = THUNDER
                        SNOW, ICE PELLETS, HAIL    4 = ICE PELLETS
                        TOTAL MONTH:   0.0 INCH    5 = HAIL
                        GRTST 24HR     0.0         6 = FREEZING RAIN OR DRIZZLE
                        GRTST DEPTH:   0           7 = DUSTSTORM OR SANDSTORM:
                                                       VSBY 1/2 MILE OR LESS
                                                   8 = SMOKE OR HAZE
[NO. OF DAYS WITH]      [WEATHER - DAYS WITH]      9 = BLOWING SNOW
                                                   X = TORNADO
MAX 32 OR BELOW:   0    0.01 INCH OR MORE:   2
MAX 90 OR ABOVE:   3    0.10 INCH OR MORE:   1
MIN 32 OR BELOW:   0    0.50 INCH OR MORE:   0
MIN  0 OR BELOW:   0    1.00 INCH OR MORE:   0

[HDD (BASE 65) ]
TOTAL THIS MO.    50    CLEAR  (SCALE 0-3)  20
DPTR FM NORMAL     M    PTCLDY (SCALE 4-7)   0
TOTAL FM JUL 1  2272    CLOUDY (SCALE 8-10)  0
DPTR FM NORMAL     M

[CDD (BASE 65) ]
TOTAL THIS MO.    87
DPTR FM NORMAL     M    [PRESSURE DATA]
TOTAL FM JAN 1   122    HIGHEST SLP M ON M
DPTR FM NORMAL     M    LOWEST  SLP M ON M

[REMARKS]
