000
CXUS53 KPAH 250628
CF6MDH
PRELIMINARY LOCAL CLIMATOLOGICAL DATA (WS FORM: F-6)

                                          STATION:   CARBONDALE IL
                                          MONTH:     APRIL
                                          YEAR:      2019
                                          LATITUDE:   37 46 N
                                          LONGITUDE:  89 15 W

  TEMPERATURE IN F:       :PCPN:    SNOW:  WIND      :SUNSHINE: SKY     :PK WND
================================================================================
1   2   3   4   5  6A  6B    7    8   9   10  11  12  13   14  15   16   17  18
                                     12Z  AVG MX 2MIN
DY MAX MIN AVG DEP HDD CDD  WTR  SNW DPTH SPD SPD DIR MIN PSBL S-S WX    SPD DR
================================================================================

 1  51  26  39 -12  26   0 0.00    M    M  3.3 15 120   M    M   0        19  90
 2  62  29  46  -6  19   0 0.00    M    M  6.4 16 190   M    M   0        22 200
 3  68  38  53   1  12   0 0.00    M    M  5.8 15 180   M    M   0 1      20 140
 4  59  45  52   0  13   0 0.18    M    M  6.3 22 140   M    M   7 18     31 130
 5  60  51  56   3   9   0 0.00    M    M  2.7 10 310   M    M  10 1      14 320
 6  72  43  58   5   7   0    T    M    0  4.4 14 180   M    M   4 12     19 120
 7  72  57  65  12   0   0 0.11    M    M 11.7 25 190   M    M   7 1      33 200
 8  77  55  66  12   0   1    T    M    M  3.9 17 220   M    M   4        24 230
 9  74  49  62   8   3   0 0.00    M    M  6.2 17 340   M    M   0 1      23  40
10  79  46  63   9   2   0 0.00    M    M  9.5 24 160   M    M   0        33 180
11  80  54  67  12   0   2 0.43  0.0    0 20.8 37 180   M    M   2 1      56 180
12  65  43  54  -1  11   0 0.19    M    M  8.7 20 220   M    M   2 1      28 230
13  59  45  52  -3  13   0 1.25    M    M  8.3 20  50   M    M   3 1      26  50
14  46  32  39 -17  26   0 0.35    M    M 11.1 24 310   M    M   8 1      34 330
15  64  30  47  -9  18   0 0.00    M    M  5.6 16 160   M    M   0 1      22 170
16  74  49  62   6   3   0 0.00    M    M 15.7 33 200   M    M   0        46 190
17  76  59  68  11   0   3    T  0.0    0 15.2 29 210   M    M   4        41 200
18  68  47  58   1   7   0 1.44    M    M 14.2 38 200   M    M  10 13     29 200
19  51  44  48 -10  17   0 0.18  0.0    M 15.9 26 360   M    M   7 1      43 340
20  65  40  53  -5  12   0 0.00  0.0    0 11.6 25 300   M    M   0        35 330
21  77  37  57  -1   8   0 0.00    M    M  5.6 15 170   M    M   0        22 150
22  79  50  65   7   0   0 0.00    M    M 11.5 28 200   M    M   0        38 200
23  76  59  68   9   0   3 0.12    M    M  6.2 13  50   M    M   3 13     19 240
24  73  55  64   5   1   0 0.56    M    M  4.3 12 320   M    M   8 13     18 310
================================================================================
SM 1627 1083       207   9  4.81     0.0 214.9          M       79
================================================================================
AV 67.8 45.1                               9.0 FASTST   M    M   3    MAX(MPH)
                                 MISC ---->  # 38 200               # 56  180
================================================================================
NOTES:
# LAST OF SEVERAL OCCURRENCES

COLUMN 17 PEAK WIND IN M.P.H.

PRELIMINARY LOCAL CLIMATOLOGICAL DATA (WS FORM: F-6) , PAGE 2

                                          STATION:  CARBONDALE IL
                                          MONTH:    APRIL
                                          YEAR:     2019
                                          LATITUDE:   37 46 N
                                          LONGITUDE:  89 15 W

[TEMPERATURE DATA]      [PRECIPITATION DATA]       SYMBOLS USED IN COLUMN 16

AVERAGE MONTHLY: 56.5   TOTAL FOR MONTH:   4.81    1 = FOG OR MIST
DPTR FM NORMAL:   1.2   DPTR FM NORMAL:    1.65    2 = FOG REDUCING VISIBILITY
HIGHEST:    80 ON 11    GRTST 24HR  1.44 ON 18-18      TO 1/4 MILE OR LESS
LOWEST:     26 ON  1                               3 = THUNDER
                        SNOW, ICE PELLETS, HAIL    4 = ICE PELLETS
                        TOTAL MONTH:   0.0 INCH    5 = HAIL
                        GRTST 24HR     0.0         6 = FREEZING RAIN OR DRIZZLE
                        GRTST DEPTH:   0           7 = DUSTSTORM OR SANDSTORM:
                                                       VSBY 1/2 MILE OR LESS
                                                   8 = SMOKE OR HAZE
[NO. OF DAYS WITH]      [WEATHER - DAYS WITH]      9 = BLOWING SNOW
                                                   X = TORNADO
MAX 32 OR BELOW:   0    0.01 INCH OR MORE:  10
MAX 90 OR ABOVE:   0    0.10 INCH OR MORE:  10
MIN 32 OR BELOW:   4    0.50 INCH OR MORE:   3
MIN  0 OR BELOW:   0    1.00 INCH OR MORE:   2

[HDD (BASE 65) ]
TOTAL THIS MO.   207    CLEAR  (SCALE 0-3)  13
DPTR FM NORMAL   -43    PTCLDY (SCALE 4-7)   9
TOTAL FM JUL 1  4473    CLOUDY (SCALE 8-10)  2
DPTR FM NORMAL   107

[CDD (BASE 65) ]
TOTAL THIS MO.     9
DPTR FM NORMAL    -9    [PRESSURE DATA]
TOTAL FM JAN 1     9    HIGHEST SLP M ON M
DPTR FM NORMAL   -12    LOWEST  SLP 29.36 ON 14

[REMARKS]
