000
CXUS56 KPDT 231032
CF6MEH
PRELIMINARY LOCAL CLIMATOLOGICAL DATA (WS FORM: F-6)

                                          STATION:   MEACHAM OR
                                          MONTH:     FEBRUARY
                                          YEAR:      2019
                                          LATITUDE:   45 30 N
                                          LONGITUDE: 118 24 W

  TEMPERATURE IN F:       :PCPN:    SNOW:  WIND      :SUNSHINE: SKY     :PK WND
================================================================================
1   2   3   4   5  6A  6B    7    8   9   10  11  12  13   14  15   16   17  18
                                     12Z  AVG MX 2MIN
DY MAX MIN AVG DEP HDD CDD  WTR  SNW DPTH SPD SPD DIR MIN PSBL S-S WX    SPD DR
================================================================================

 1  41  34  38   9  27   0 0.01    M    M  0.5  9 100   M    M   7        18  90
 2  44  35  40  11  25   0 0.22    M    M  0.0  6  90   M    M  10 1      10  90
 3  38  30  34   5  31   0 0.83    M    M  0.0  6 300   M    M  10 12     12 310
 4  34  14  24  -5  41   0 0.24    M    M  0.7  8  90   M    M  10 18     16  90
 5  23  16  20  -9  45   0    T    M    M  0.4  6 290   M    M  10 1      10 330
 6  19  -8   6 -23  59   0    T    M    M  1.3  7 270   M    M   6 1      12 240
 7  23 -14   5 -24  60   0 0.00    M    M  0.2  5 100   M    M   0 8       9 100
 8  25  14  20  -9  45   0 0.10    M    M  0.0  3 180   M    M   9 18      8 220
 9  31  11  21  -8  44   0 0.12    M    M  1.8 13 100   M    M   8 18     22  90
10  24   7  16 -13  49   0 0.03    M    M  0.4  8 270   M    M  10 18     15 290
11  33  24  29  -1  36   0 0.94    M    M  0.7  6 220   M    M  10        16 210
12  33  27  30   0  35   0    T    M    M  0.8  6  90   M    M   6        13  90
13  35  28  32   2  33   0 0.49    M    M  0.3  5  20   M    M   9 1       8 140
14  39  24  32   2  33   0 0.05    M    M  1.0  9 270   M    M   9 16     19 310
15  38  21  30   0  35   0 0.18    M    M  0.4  5 270   M    M   7 12     11 310
16  32  22  27  -3  38   0 0.30    M    M  0.8  7 280   M    M  10 12     13 300
17  27  23  25  -5  40   0 0.16    M    M  1.3  7 270   M    M  10 126    12 270
18  25  19  22  -8  43   0    T    M    M  1.5  6 270   M    M   9 1       M  M
19  29  24  27  -3  38   0 0.82    M    M  2.7  8 270   M    M  10 12     15 270
20  29  21  25  -5  40   0 0.74    M    0  2.2  9 270   M    M  10 12     17 290
21  21  -1  10 -20  55   0 0.09    M    0  0.7  6 270   M    M   9 12      9 270
22  32  -6  13 -18  52   0 0.27    M    0  0.0  5 200   M    M   6 128     9 160
================================================================================
SM  675  365       904   0  5.59    M     17.7          M      185
================================================================================
AV 30.7 16.6                               0.8 FASTST   M    M   8    MAX(MPH)
                                 MISC ---->  # 13 100               # 22   90
================================================================================
NOTES:
# LAST OF SEVERAL OCCURRENCES

COLUMN 17 PEAK WIND IN M.P.H.

PRELIMINARY LOCAL CLIMATOLOGICAL DATA (WS FORM: F-6) , PAGE 2

                                          STATION:  MEACHAM OR
                                          MONTH:    FEBRUARY
                                          YEAR:     2019
                                          LATITUDE:   45 30 N
                                          LONGITUDE: 118 24 W

[TEMPERATURE DATA]      [PRECIPITATION DATA]       SYMBOLS USED IN COLUMN 16

AVERAGE MONTHLY: 23.6   TOTAL FOR MONTH:   5.59    1 = FOG OR MIST
DPTR FM NORMAL:  -6.0   DPTR FM NORMAL:    3.17    2 = FOG REDUCING VISIBILITY
HIGHEST:    44 ON  2    GRTST 24HR  0.94 ON 11-11      TO 1/4 MILE OR LESS
LOWEST:    -14 ON  7                               3 = THUNDER
                        SNOW, ICE PELLETS, HAIL    4 = ICE PELLETS
                        TOTAL MONTH:    M          5 = HAIL
                        GRTST 24HR    M  ON   M    6 = FREEZING RAIN OR DRIZZLE
                        GRTST DEPTH:   0           7 = DUSTSTORM OR SANDSTORM:
                                                       VSBY 1/2 MILE OR LESS
                                                   8 = SMOKE OR HAZE
[NO. OF DAYS WITH]      [WEATHER - DAYS WITH]      9 = BLOWING SNOW
                                                   X = TORNADO
MAX 32 OR BELOW:  13    0.01 INCH OR MORE:  17
MAX 90 OR ABOVE:   0    0.10 INCH OR MORE:  13
MIN 32 OR BELOW:  20    0.50 INCH OR MORE:   4
MIN  0 OR BELOW:   4    1.00 INCH OR MORE:   0

[HDD (BASE 65) ]
TOTAL THIS MO.   904    CLEAR  (SCALE 0-3)   1
DPTR FM NORMAL   124    PTCLDY (SCALE 4-7)   5
TOTAL FM JUL 1  5345    CLOUDY (SCALE 8-10) 16
DPTR FM NORMAL  -205

[CDD (BASE 65) ]
TOTAL THIS MO.     0
DPTR FM NORMAL     0    [PRESSURE DATA]
TOTAL FM JAN 1     0    HIGHEST SLP M ON M
DPTR FM NORMAL     0    LOWEST  SLP 29.30 ON 14

[REMARKS]
