000
CXUS56 KPDT 211032
CF6MEH
PRELIMINARY LOCAL CLIMATOLOGICAL DATA (WS FORM: F-6)

                                          STATION:   MEACHAM OR
                                          MONTH:     APRIL
                                          YEAR:      2019
                                          LATITUDE:   45 30 N
                                          LONGITUDE: 118 24 W

  TEMPERATURE IN F:       :PCPN:    SNOW:  WIND      :SUNSHINE: SKY     :PK WND
================================================================================
1   2   3   4   5  6A  6B    7    8   9   10  11  12  13   14  15   16   17  18
                                     12Z  AVG MX 2MIN
DY MAX MIN AVG DEP HDD CDD  WTR  SNW DPTH SPD SPD DIR MIN PSBL S-S WX    SPD DR
================================================================================

 1  55  30  43   5  22   0 0.00    M    M  0.5  7  90   M    M   7         9 100
 2  53  29  41   3  24   0    T    M    M  0.1  6  90   M    M   8        12  80
 3  52  36  44   5  21   0 0.19    M    M  0.4  7 290   M    M  10 1      12 310
 4  51  34  43   4  22   0 0.27    M    M  0.6  6  60   M    M   9 1      10 260
 5  55  31  43   4  22   0 0.27    M    M  1.0  9 260   M    M   8 12     19 260
 6  46  29  38  -1  27   0 0.20    M    M  0.4  7 330   M    M   6 1      14  20
 7  50  38  44   5  21   0 0.56    M    M  1.0  7 280   M    M   8 1      12 290
 8  50  38  44   5  21   0 0.88    M    M  0.0  6 290   M    M  10 1      10 250
 9  40  34  37  -3  28   0 1.38    M    M  5.0 12 280   M    M  10 1      23 280
10  41  33  37  -3  28   0 0.62    M    M  3.7 10 270   M    M  10 1      20 290
11  41  34  38  -2  27   0 1.49    M    M  1.3  9 270   M    M  10 1      14 270
12  48  33  41   1  24   0 0.71    M    M  1.7  9 260   M    M  10 1      15 290
13  53  29  41   1  24   0 0.30    M    M  0.4  7 290   M    M   8 12     12 330
14  40  32  36  -4  29   0 0.04    M    M  1.8  8 290   M    M  10 18     17 270
15  51  29  40   0  25   0 0.13    M    M  1.1 10 100   M    M   8 1      16  80
16  49  35  42   1  23   0 0.05    M    M  1.0  7 280   M    M   9 1      11 270
17  54  31  43   2  22   0 0.05    M    M  1.5  8 260   M    M   5 1      13 320
18  70  29  50   9  15   0 0.00  0.0    M  0.6  8 230   M    M   2        14 220
19  70  35  53  12  12   0 0.44  0.0    M  1.6  9  30   M    M   5 1      14  20
20  47  33  40  -1  25   0 0.33  0.0    M  0.5  7  10   M    M   9 1      12  10
================================================================================
SM 1016  652       462   0  7.91     0.0  24.2          M      162
================================================================================
AV 50.8 32.6                               1.2 FASTST   M    M   8    MAX(MPH)
                                 MISC ---->  # 12 280               # 23  280
================================================================================
NOTES:
# LAST OF SEVERAL OCCURRENCES

COLUMN 17 PEAK WIND IN M.P.H.

PRELIMINARY LOCAL CLIMATOLOGICAL DATA (WS FORM: F-6) , PAGE 2

                                          STATION:  MEACHAM OR
                                          MONTH:    APRIL
                                          YEAR:     2019
                                          LATITUDE:   45 30 N
                                          LONGITUDE: 118 24 W

[TEMPERATURE DATA]      [PRECIPITATION DATA]       SYMBOLS USED IN COLUMN 16

AVERAGE MONTHLY: 41.7   TOTAL FOR MONTH:   7.91    1 = FOG OR MIST
DPTR FM NORMAL:   1.9   DPTR FM NORMAL:    5.72    2 = FOG REDUCING VISIBILITY
HIGHEST:    70 ON 19,18 GRTST 24HR  1.49 ON 11-11      TO 1/4 MILE OR LESS
LOWEST:     29 ON 18,15                            3 = THUNDER
                        SNOW, ICE PELLETS, HAIL    4 = ICE PELLETS
                        TOTAL MONTH:   0.0 INCH    5 = HAIL
                        GRTST 24HR     0.0         6 = FREEZING RAIN OR DRIZZLE
                        GRTST DEPTH:  M  ON   M    7 = DUSTSTORM OR SANDSTORM:
                                                       VSBY 1/2 MILE OR LESS
                                                   8 = SMOKE OR HAZE
[NO. OF DAYS WITH]      [WEATHER - DAYS WITH]      9 = BLOWING SNOW
                                                   X = TORNADO
MAX 32 OR BELOW:   0    0.01 INCH OR MORE:  17
MAX 90 OR ABOVE:   0    0.10 INCH OR MORE:  14
MIN 32 OR BELOW:   9    0.50 INCH OR MORE:   6
MIN  0 OR BELOW:   0    1.00 INCH OR MORE:   2

[HDD (BASE 65) ]
TOTAL THIS MO.   462    CLEAR  (SCALE 0-3)   1
DPTR FM NORMAL   -44    PTCLDY (SCALE 4-7)   5
TOTAL FM JUL 1  7145    CLOUDY (SCALE 8-10) 14
DPTR FM NORMAL   -33

[CDD (BASE 65) ]
TOTAL THIS MO.     0
DPTR FM NORMAL     0    [PRESSURE DATA]
TOTAL FM JAN 1     0    HIGHEST SLP M ON M
DPTR FM NORMAL     0    LOWEST  SLP 29.64 ON  5

[REMARKS]
