000
CXUS56 KPDT 270532
CF6MEH
PRELIMINARY LOCAL CLIMATOLOGICAL DATA (WS FORM: F-6)

                                          STATION:   MEACHAM OR
                                          MONTH:     APRIL
                                          YEAR:      2018
                                          LATITUDE:   45 30 N
                                          LONGITUDE: 118 24 W

  TEMPERATURE IN F:       :PCPN:    SNOW:  WIND      :SUNSHINE: SKY     :PK WND
================================================================================
1   2   3   4   5  6A  6B    7    8   9   10  11  12  13   14  15   16   17  18
                                     12Z  AVG MX 2MIN
DY MAX MIN AVG DEP HDD CDD  WTR  SNW DPTH SPD SPD DIR MIN PSBL S-S WX    SPD DR
================================================================================

 1  49  25  37  -1  28   0 0.40  2.0    2  1.3  9 260   M    M   5 1      17 270
 2  37  19  28 -10  37   0 0.03    T    M  2.3  9 280   M    M   8 1      19 250
 3  48  15  32  -7  33   0 0.00  0.0    M  0.1  8 100   M    M   4        12 100
 4  49  32  41   2  24   0 0.06    T    0  0.6  7 280   M    M   M        11 230
 5  50  38  44   5  21   0 0.28  0.0    0  0.1  5 280   M    M  10 1       9 340
 6  59  41  50  11  15   0 0.32  0.0    0  0.9  8  80   M    M   8 1      12 210
 7  51  36  44   5  21   0 0.82  0.0    0  0.3 12 290   M    M   9 1      21 280
 8  43  37  40   1  25   0 0.45  0.0    0  0.5  6 210   M    M  10 1      14 230
 9  59  30  45   5  20   0 0.00  0.0    0  1.3  9  90   M    M   1 1      14  90
10  55  40  48   8  17   0 0.08    M    M  1.2  9 270   M    M   7 1      15 240
11  53  33  43   3  22   0 0.35  3.5    3  1.2 10 270   M    M   7 1      17 260
12  41  31  36  -4  29   0 0.32    M    M  5.0 12 280   M    M   9 1      20 270
13  42  28  35  -5  30   0 0.23  0.0    M  0.0  7 270   M    M   8 1      12 290
14  57  37  47   7  18   0 0.07  0.0    M  0.4  7 100   M    M   7 18     13 240
15  56  36  46   6  19   0 0.27    T    0  2.0 13  80   M    M   9 1      23 290
16  41  31  36  -5  29   0 0.24    T    0  1.1  7 280   M    M   7 18     16 290
17  45  28  37  -4  28   0 0.03    M    0  3.0 12 270   M    M   8        25 280
18  54  26  40  -1  25   0    T  0.0    0  1.0  8 100   M    M   5        16 110
19  52  29  41   0  24   0 0.00  0.0    0  2.0 10  20   M    M   2        18  30
20  59  25  42   1  23   0 0.00  0.0    0  1.3  8 270   M    M   1        13 310
21  53  27  40  -2  25   0 0.00  0.0    0  2.1  9 300   M    M   5        19 310
22  49  22  36  -6  29   0 0.00  0.0    0  2.0  6  99   M    M   0         M  M
23  54  21  38  -4  27   0 0.00  0.0    0  2.3 10  20   M    M   0        17 360
24  69  25  47   5  18   0 0.00  0.0    0  1.1 12  90   M    M   0        21  90
25  70  31  51   9  14   0 0.00  0.0    0  1.1  8  40   M    M   0        13 360
================================================================================
SM 1295  743       601   0  3.95     5.5  34.2          M      130
================================================================================
AV 51.8 29.7                               1.4 FASTST   M    M   5    MAX(MPH)
                                 MISC ---->  # 13  80               # 25  280
================================================================================
NOTES:
# LAST OF SEVERAL OCCURRENCES

COLUMN 17 PEAK WIND IN M.P.H.

PRELIMINARY LOCAL CLIMATOLOGICAL DATA (WS FORM: F-6) , PAGE 2

                                          STATION:  MEACHAM OR
                                          MONTH:    APRIL
                                          YEAR:     2018
                                          LATITUDE:   45 30 N
                                          LONGITUDE: 118 24 W

[TEMPERATURE DATA]      [PRECIPITATION DATA]       SYMBOLS USED IN COLUMN 16

AVERAGE MONTHLY: 40.8   TOTAL FOR MONTH:   3.95    1 = FOG OR MIST
DPTR FM NORMAL:   0.6   DPTR FM NORMAL:    1.29    2 = FOG REDUCING VISIBILITY
HIGHEST:    70 ON 25    GRTST 24HR  0.82 ON  7- 7      TO 1/4 MILE OR LESS
LOWEST:     15 ON  3                               3 = THUNDER
                        SNOW, ICE PELLETS, HAIL    4 = ICE PELLETS
                        TOTAL MONTH:   5.5 INCHES  5 = HAIL
                        GRTST 24HR   3.5 ON 11-11  6 = FREEZING RAIN OR DRIZZLE
                        GRTST DEPTH:   3 ON 11     7 = DUSTSTORM OR SANDSTORM:
                                                       VSBY 1/2 MILE OR LESS
                                                   8 = SMOKE OR HAZE
[NO. OF DAYS WITH]      [WEATHER - DAYS WITH]      9 = BLOWING SNOW
                                                   X = TORNADO
MAX 32 OR BELOW:   0    0.01 INCH OR MORE:  15
MAX 90 OR ABOVE:   0    0.10 INCH OR MORE:  10
MIN 32 OR BELOW:  17    0.50 INCH OR MORE:   1
MIN  0 OR BELOW:   0    1.00 INCH OR MORE:   0

[HDD (BASE 65) ]
TOTAL THIS MO.   601    CLEAR  (SCALE 0-3)   7
DPTR FM NORMAL   -20    PTCLDY (SCALE 4-7)  10
TOTAL FM JUL 1  6851    CLOUDY (SCALE 8-10)  7
DPTR FM NORMAL  -442

[CDD (BASE 65) ]
TOTAL THIS MO.     0
DPTR FM NORMAL     0    [PRESSURE DATA]
TOTAL FM JAN 1     0    HIGHEST SLP 30.04 ON  1
DPTR FM NORMAL     0    LOWEST  SLP 29.40 ON  7

[REMARKS]
