000
CXUS54 KJAN 171414
CF6MEI
PRELIMINARY LOCAL CLIMATOLOGICAL DATA (WS FORM: F-6)

                                          STATION:   MERIDIAN
                                          MONTH:     FEBRUARY
                                          YEAR:      2019
                                          LATITUDE:   32 19 N
                                          LONGITUDE:  88 45 W

  TEMPERATURE IN F:       :PCPN:    SNOW:  WIND      :SUNSHINE: SKY     :PK WND
================================================================================
1   2   3   4   5  6A  6B    7    8   9   10  11  12  13   14  15   16   17  18
                                     12Z  AVG MX 2MIN
DY MAX MIN AVG DEP HDD CDD  WTR  SNW DPTH SPD SPD DIR MIN PSBL S-S WX    SPD DR
================================================================================

 1  67  33  50   4  15   0 0.00  0.0    0  2.5 10 130   M    M   4        13 130
 2  71  37  54   8  11   0 0.00  0.0    0  2.7 12 110   M    M   4 1      15 130
 3  65  47  56  10   9   0 0.00  0.0    0  0.4  7 200   M    M   8 12      8 190
 4  68  50  59  13   6   0 0.02  0.0    0  7.2 13 180   M    M  10 1      17 180
 5  74  64  69  22   0   4 0.07  0.0    0  6.9 14 170   M    M  10 1      17 190
 6  80  67  74  27   0   9 0.00  0.0    0 11.7 23 190   M    M   7        31 210
 7  82  57  70  23   0   5 0.04  0.0    0 14.0 25 290   M    M   7 1      33 300
 8  57  39  48   1  17   0    T  0.0    0 14.3 24 340   M    M   4        28 350
 9  57  36  47   0  18   0    T  0.0    0 10.1 17  30   M    M   5        22  10
10  66  41  54   6  11   0 0.00  0.0    0  5.6 13 160   M    M   8 1      16 150
11  67  56  62  14   3   0 0.03  0.0    0  7.0 15 190   M    M  10 128    20 160
12  67  39  53   5  12   0 1.10  0.0    0  8.8 22 270   M    M   6 13     28 270
13  63  31  47  -1  18   0 0.00  0.0    0  2.6 10  10   M    M   2 12     14 360
14  66  39  53   5  12   0 0.00  0.0    0  9.0 22 190   M    M   1        26 180
15  68  55  62  13   3   0 0.06  0.0    0  8.9 16 190   M    M   8 1      19 180
16  66  49  58   9   7   0    T  0.0    0  7.3 20 300   M    M   9 1      26 320
================================================================================
SM 1084  740       142  18  1.32     0.0 119.0          M      103
================================================================================
AV 67.8 46.3                               7.4 FASTST   M    M   6    MAX(MPH)
                                 MISC ---->  # 25 290               # 33  300
================================================================================
NOTES:
# LAST OF SEVERAL OCCURRENCES

COLUMN 17 PEAK WIND IN M.P.H.

PRELIMINARY LOCAL CLIMATOLOGICAL DATA (WS FORM: F-6) , PAGE 2

                                          STATION:  MERIDIAN
                                          MONTH:    FEBRUARY
                                          YEAR:     2019
                                          LATITUDE:   32 19 N
                                          LONGITUDE:  88 45 W

[TEMPERATURE DATA]      [PRECIPITATION DATA]       SYMBOLS USED IN COLUMN 16

AVERAGE MONTHLY: 57.0   TOTAL FOR MONTH:   1.32    1 = FOG OR MIST
DPTR FM NORMAL:   9.7   DPTR FM NORMAL:   -1.94    2 = FOG REDUCING VISIBILITY
HIGHEST:    82 ON  7    GRTST 24HR  1.10 ON 12-12      TO 1/4 MILE OR LESS
LOWEST:     31 ON 13                               3 = THUNDER
                        SNOW, ICE PELLETS, HAIL    4 = ICE PELLETS
                        TOTAL MONTH:   0.0 INCH    5 = HAIL
                        GRTST 24HR     0.0         6 = FREEZING RAIN OR DRIZZLE
                        GRTST DEPTH:   0           7 = DUSTSTORM OR SANDSTORM:
                                                       VSBY 1/2 MILE OR LESS
                                                   8 = SMOKE OR HAZE
[NO. OF DAYS WITH]      [WEATHER - DAYS WITH]      9 = BLOWING SNOW
                                                   X = TORNADO
MAX 32 OR BELOW:   0    0.01 INCH OR MORE:   6
MAX 90 OR ABOVE:   0    0.10 INCH OR MORE:   1
MIN 32 OR BELOW:   1    0.50 INCH OR MORE:   1
MIN  0 OR BELOW:   0    1.00 INCH OR MORE:   1

[HDD (BASE 65) ]
TOTAL THIS MO.   142    CLEAR  (SCALE 0-3)   2
DPTR FM NORMAL  -143    PTCLDY (SCALE 4-7)  10
TOTAL FM JUL 1  1500    CLOUDY (SCALE 8-10)  4
DPTR FM NORMAL  -422

[CDD (BASE 65) ]
TOTAL THIS MO.    18
DPTR FM NORMAL    18    [PRESSURE DATA]
TOTAL FM JAN 1    18    HIGHEST SLP M ON M
DPTR FM NORMAL    15    LOWEST  SLP 29.70 ON 15

[REMARKS]
