000
CXUS51 KCLE 190800
CF6MFD
PRELIMINARY LOCAL CLIMATOLOGICAL DATA (WS FORM: F-6)

                                          STATION:   MANSFIELD OH
                                          MONTH:     FEBRUARY
                                          YEAR:      2019
                                          LATITUDE:   40 49 N
                                          LONGITUDE:  82 31 W

  TEMPERATURE IN F:       :PCPN:    SNOW:  WIND      :SUNSHINE: SKY     :PK WND
================================================================================
1   2   3   4   5  6A  6B    7    8   9   10  11  12  13   14  15   16   17  18
                                     12Z  AVG MX 2MIN
DY MAX MIN AVG DEP HDD CDD  WTR  SNW DPTH SPD SPD DIR MIN PSBL S-S WX    SPD DR
================================================================================

 1  20   7  14 -12  51   0 0.15  2.5    2  5.1 12 170   M    M   6 18     14 170
 2  40  11  26   0  39   0 0.00  0.0    3 12.2 20 200   M    M   3 1      23 190
 3  54  35  45  19  20   0 0.00  0.0    2 10.1 21 200   M    M   6 1      24 210
 4  58  41  50  24  15   0 0.15  0.0    0 12.8 22 200   M    M   4 1      29 180
 5  52  34  43  16  22   0 0.01  0.0    0  7.0 14 240   M    M  10 128    19 240
 6  57  34  46  19  19   0 0.43  0.0    0  8.0 15 180   M    M   7 12     15 270
 7  58  36  47  20  18   0 1.01  0.0    0 11.5 29 240   M    M  10 12     44 230
 8  36  14  25  -2  40   0    T  0.1    0 17.5 30 240   M    M   9 1      41 240
 9  26  13  20  -7  45   0    T  0.2    T  6.1 15 300   M    M   4 1      21 280
10  30  14  22  -5  43   0 0.18  1.8    T  7.7 14 110   M    M   5 18     18 120
11  34  30  32   4  33   0 0.10    T    2  6.1 13  70   M    M  10 1246   16  60
12  49  29  39  11  26   0 0.75    T    T 16.4 30 240   M    M  10 1      43 240
13  29  22  26  -2  39   0    T  0.4    T 18.7 33 240   M    M   7 18     45 240
14  48  24  36   8  29   0 0.00  0.0    T 12.6 22 220   M    M   4        29 220
15  47  23  35   7  30   0 0.01  0.0    0 12.5 22 260   M    M   7 18     34 240
16  25  20  23  -5  42   0 0.00  0.0    0  8.9 14  50   M    M  10        18  10
17  29  23  26  -3  39   0 0.06  0.5    0  8.5 17  70   M    M  10 1468   22  70
18  26  16  21  -8  44   0 0.02  0.3    1  6.4 16 310   M    M  10 18     20 320
================================================================================
SM  718  426       594   0  2.87     5.8 188.1          M      132
================================================================================
AV 39.9 23.7                              10.4 FASTST   M    M   7    MAX(MPH)
                                 MISC ---->  # 33 240               # 45  240
================================================================================
NOTES:
# LAST OF SEVERAL OCCURRENCES

COLUMN 17 PEAK WIND IN M.P.H.

PRELIMINARY LOCAL CLIMATOLOGICAL DATA (WS FORM: F-6) , PAGE 2

                                          STATION:  MANSFIELD OH
                                          MONTH:    FEBRUARY
                                          YEAR:     2019
                                          LATITUDE:   40 49 N
                                          LONGITUDE:  82 31 W

[TEMPERATURE DATA]      [PRECIPITATION DATA]       SYMBOLS USED IN COLUMN 16

AVERAGE MONTHLY: 31.8   TOTAL FOR MONTH:   2.87    1 = FOG OR MIST
DPTR FM NORMAL:   4.4   DPTR FM NORMAL:    1.35    2 = FOG REDUCING VISIBILITY
HIGHEST:    58 ON  7, 4 GRTST 24HR  1.01 ON  7- 7      TO 1/4 MILE OR LESS
LOWEST:      7 ON  1                               3 = THUNDER
                        SNOW, ICE PELLETS, HAIL    4 = ICE PELLETS
                        TOTAL MONTH:   5.8 INCHES  5 = HAIL
                        GRTST 24HR   2.5 ON  1- 1  6 = FREEZING RAIN OR DRIZZLE
                        GRTST DEPTH:   3 ON  2     7 = DUSTSTORM OR SANDSTORM:
                                                       VSBY 1/2 MILE OR LESS
                                                   8 = SMOKE OR HAZE
[NO. OF DAYS WITH]      [WEATHER - DAYS WITH]      9 = BLOWING SNOW
                                                   X = TORNADO
MAX 32 OR BELOW:   7    0.01 INCH OR MORE:  11
MAX 90 OR ABOVE:   0    0.10 INCH OR MORE:   7
MIN 32 OR BELOW:  13    0.50 INCH OR MORE:   2
MIN  0 OR BELOW:   0    1.00 INCH OR MORE:   1

[HDD (BASE 65) ]
TOTAL THIS MO.   594    CLEAR  (SCALE 0-3)   1
DPTR FM NORMAL   -85    PTCLDY (SCALE 4-7)   9
TOTAL FM JUL 1  4151    CLOUDY (SCALE 8-10)  8
DPTR FM NORMAL  -128

[CDD (BASE 65) ]
TOTAL THIS MO.     0
DPTR FM NORMAL     0    [PRESSURE DATA]
TOTAL FM JAN 1     0    HIGHEST SLP M ON M
DPTR FM NORMAL     0    LOWEST  SLP 29.48 ON 12

[REMARKS]
