000
CXUS54 KBRO 250900
CF6MFE
PRELIMINARY LOCAL CLIMATOLOGICAL DATA (WS FORM: F-6)

                                          STATION:   MCALLEN
                                          MONTH:     AUGUST
                                          YEAR:      2019
                                          LATITUDE:   26 10 N
                                          LONGITUDE:  98 14 W

  TEMPERATURE IN F:       :PCPN:    SNOW:  WIND      :SUNSHINE: SKY     :PK WND
================================================================================
1   2   3   4   5  6A  6B    7    8   9   10  11  12  13   14  15   16   17  18
                                     12Z  AVG MX 2MIN
DY MAX MIN AVG DEP HDD CDD  WTR  SNW DPTH SPD SPD DIR MIN PSBL S-S WX    SPD DR
================================================================================

 1  99  77  88   0   0  23 0.00  0.0    0  8.6 21 100   M    M   0        27 120
 2 101  79  90   2   0  25 0.00  0.0    0  7.9 22 100   M    M   1        28 120
 3 101  77  89   1   0  24 0.00  0.0    0  7.5 18 120   M    M   0        23 120
 4 102  78  90   2   0  25 0.00  0.0    0  9.1 21 120   M    M   1        25 110
 5 103  79  91   3   0  26 0.00  0.0    0 10.5 23 130   M    M   1        29 120
 6 102  80  91   3   0  26 0.00  0.0    0 12.7 24 140   M    M   2 8      31 120
 7 102  80  91   3   0  26 0.00  0.0    0 14.6 25 130   M    M   1        30 150
 8 105  82  94   6   0  29 0.00  0.0    0 17.3 28 130   M    M   1        37 140
 9 101  82  92   4   0  27 0.00  0.0    0 17.6 29 130   M    M   3        36 130
10 104  83  94   6   0  29 0.00  0.0    0 17.3 25 140   M    M   1        32 130
11 103  81  92   4   0  27 0.00  0.0    0 14.2 23 130   M    M   3        29 130
12 106  82  94   6   0  29 0.00  0.0    0 14.5 25 140   M    M   1        32 120
13 105  81  93   5   0  28 0.00  0.0    0 14.0 25 130   M    M   0        30 130
14 104  79  92   4   0  27 0.00  0.0    0 11.5 22 140   M    M   1        25 130
15 105  79  92   4   0  27 0.00  0.0    0  9.3 22 130   M    M   0        26 120
16 105  79  92   4   0  27 0.00  0.0    0 11.6 24 130   M    M   0        30 140
17 104  81  93   5   0  28 0.00  0.0    0 15.6 25 130   M    M   0 8      30 130
18 104  82  93   5   0  28 0.00  0.0    0 15.7 26 120   M    M   1        34 120
19 104  82  93   5   0  28 0.00  0.0    0 15.3 26 130   M    M   3        32 140
20 102  79  91   3   0  26 0.00  0.0    0 12.4 25 130   M    M   4        31 140
21 102  79  91   4   0  26 0.00  0.0    0 10.3 22 100   M    M   2 8      30 100
22 103  79  91   4   0  26 0.00  0.0    0 10.9 23 100   M    M   1 8      29 110
23 105  81  93   6   0  28    T  0.0    0 10.4 26 120   M    M   2        33 130
24 103  78  91   4   0  26    T  0.0    0  8.6 24 110   M    M   2 8      30 250
================================================================================
SM 2475 1919         0 641    T      0.0 297.4          M       31
================================================================================
AV103.1 80.0                              12.4 FASTST   M    M   1    MAX(MPH)
                                 MISC ---->  # 29 130               # 37  140
================================================================================
NOTES:
# LAST OF SEVERAL OCCURRENCES

COLUMN 17 PEAK WIND IN M.P.H.

PRELIMINARY LOCAL CLIMATOLOGICAL DATA (WS FORM: F-6) , PAGE 2

                                          STATION:  MCALLEN
                                          MONTH:    AUGUST
                                          YEAR:     2019
                                          LATITUDE:   26 10 N
                                          LONGITUDE:  98 14 W

[TEMPERATURE DATA]      [PRECIPITATION DATA]       SYMBOLS USED IN COLUMN 16

AVERAGE MONTHLY: 91.5   TOTAL FOR MONTH:      T    1 = FOG OR MIST
DPTR FM NORMAL:   3.7   DPTR FM NORMAL:   -1.44    2 = FOG REDUCING VISIBILITY
HIGHEST:   106 ON 12    GRTST 24HR    T  ON 24-24      TO 1/4 MILE OR LESS
LOWEST:     77 ON  3, 1                            3 = THUNDER
                        SNOW, ICE PELLETS, HAIL    4 = ICE PELLETS
                        TOTAL MONTH:   0.0 INCH    5 = HAIL
                        GRTST 24HR     0.0         6 = FREEZING RAIN OR DRIZZLE
                        GRTST DEPTH:   0           7 = DUSTSTORM OR SANDSTORM:
                                                       VSBY 1/2 MILE OR LESS
                                                   8 = SMOKE OR HAZE
[NO. OF DAYS WITH]      [WEATHER - DAYS WITH]      9 = BLOWING SNOW
                                                   X = TORNADO
MAX 32 OR BELOW:   0    0.01 INCH OR MORE:   0
MAX 90 OR ABOVE:  24    0.10 INCH OR MORE:   0
MIN 32 OR BELOW:   0    0.50 INCH OR MORE:   0
MIN  0 OR BELOW:   0    1.00 INCH OR MORE:   0

[HDD (BASE 65) ]
TOTAL THIS MO.     0    CLEAR  (SCALE 0-3)  23
DPTR FM NORMAL     0    PTCLDY (SCALE 4-7)   1
TOTAL FM JUL 1     0    CLOUDY (SCALE 8-10)  0
DPTR FM NORMAL     0

[CDD (BASE 65) ]
TOTAL THIS MO.   641
DPTR FM NORMAL    95    [PRESSURE DATA]
TOTAL FM JAN 1  3543    HIGHEST SLP 29.92 ON  8
DPTR FM NORMAL   440    LOWEST  SLP 29.78 ON 17

[REMARKS]
