000
CXUS54 KBRO 240900
CF6MFE
PRELIMINARY LOCAL CLIMATOLOGICAL DATA (WS FORM: F-6)

                                          STATION:   MCALLEN
                                          MONTH:     APRIL
                                          YEAR:      2019
                                          LATITUDE:   26 10 N
                                          LONGITUDE:  98 14 W

  TEMPERATURE IN F:       :PCPN:    SNOW:  WIND      :SUNSHINE: SKY     :PK WND
================================================================================
1   2   3   4   5  6A  6B    7    8   9   10  11  12  13   14  15   16   17  18
                                     12Z  AVG MX 2MIN
DY MAX MIN AVG DEP HDD CDD  WTR  SNW DPTH SPD SPD DIR MIN PSBL S-S WX    SPD DR
================================================================================

 1  59  49  54 -20  11   0 0.02    M    0  7.1 15 350   M    M  10 1      19 340
 2  69  56  63 -11   2   0    T  0.0    0  5.3 12 100   M    M  10 8      16 100
 3  85  66  76   2   0  11 0.02  0.0    0  9.8 21 120   M    M   8 1      25 130
 4  90  71  81   6   0  16 0.00  0.0    0  9.0 20 150   M    M   6 1      26 170
 5  85  71  78   3   0  13    T  0.0    0  8.0 17 120   M    M   7 128    21 120
 6  93  75  84   9   0  19 0.00  0.0    0 14.6 22 140   M    M   5 18     28 120
 7  88  64  76   1   0  11 0.30  0.0    0 11.1 40 350   M    M   4 18     53 350
 8  90  63  77   2   0  12 0.00  0.0    0  3.8 12 150   M    M   0 1      15 130
 9  97  61  79   3   0  14 0.00  0.0    0  7.2 16 150   M    M   0        21 140
10  96  64  80   4   0  15 0.00  0.0    0 16.9 28 130   M    M   0        35 150
11  92  70  81   5   0  16 0.00  0.0    0 12.4 23 350   M    M   1 8      32 340
12  85  64  75  -1   0  10 0.00  0.0    0  7.8 17  70   M    M   6 18     23  80
13  95  69  82   6   0  17 0.00  0.0    0 12.0 29 360   M    M   3 18     38 360
14  80  56  68  -8   0   3 0.00  0.0    0 10.4 21 350   M    M   1        26 360
15  87  54  71  -5   0   6 0.00  0.0    0 14.5 26 130   M    M   0        32 120
16  86  67  77   0   0  12 0.00  0.0    0 18.2 32 140   M    M   4        39 130
17  90  75  83   6   0  18 0.00  0.0    0 17.7 29 140   M    M   8 8      37 130
18  95  65  80   3   0  15 0.05  0.0    0 16.3 33 320   M    M   3 18     43 340
19  89  56  73  -4   0   8 0.00  0.0    0  6.3 15 360   M    M   0 8      23 340
20  89  60  75  -2   0  10 0.00  0.0    0 13.5 24 120   M    M   0        29 130
21  90  68  79   2   0  14 0.00  0.0    0 19.4 32 130   M    M   1        39 130
22  87  70  79   1   0  14 0.00  0.0    0 15.8 25 150   M    M   4        34 130
23  86  73  80   2   0  15 0.00  0.0    0 14.0 24 130   M    M   7 1      30 130
================================================================================
SM 2003 1487        13 269  0.39     0.0 271.1          M       88
================================================================================
AV 87.1 64.7                              11.8 FASTST   M    M   4    MAX(MPH)
                                 MISC ---->  # 40 350               # 53  350
================================================================================
NOTES:
# LAST OF SEVERAL OCCURRENCES

COLUMN 17 PEAK WIND IN M.P.H.

PRELIMINARY LOCAL CLIMATOLOGICAL DATA (WS FORM: F-6) , PAGE 2

                                          STATION:  MCALLEN
                                          MONTH:    APRIL
                                          YEAR:     2019
                                          LATITUDE:   26 10 N
                                          LONGITUDE:  98 14 W

[TEMPERATURE DATA]      [PRECIPITATION DATA]       SYMBOLS USED IN COLUMN 16

AVERAGE MONTHLY: 75.9   TOTAL FOR MONTH:   0.39    1 = FOG OR MIST
DPTR FM NORMAL:  -0.1   DPTR FM NORMAL:   -0.53    2 = FOG REDUCING VISIBILITY
HIGHEST:    97 ON  9    GRTST 24HR  1.52 ON 31- 1      TO 1/4 MILE OR LESS
LOWEST:     49 ON  1                               3 = THUNDER
                        SNOW, ICE PELLETS, HAIL    4 = ICE PELLETS
                        TOTAL MONTH:   0.0 INCH    5 = HAIL
                        GRTST 24HR     0.0         6 = FREEZING RAIN OR DRIZZLE
                        GRTST DEPTH:   0           7 = DUSTSTORM OR SANDSTORM:
                                                       VSBY 1/2 MILE OR LESS
                                                   8 = SMOKE OR HAZE
[NO. OF DAYS WITH]      [WEATHER - DAYS WITH]      9 = BLOWING SNOW
                                                   X = TORNADO
MAX 32 OR BELOW:   0    0.01 INCH OR MORE:   4
MAX 90 OR ABOVE:  10    0.10 INCH OR MORE:   1
MIN 32 OR BELOW:   0    0.50 INCH OR MORE:   0
MIN  0 OR BELOW:   0    1.00 INCH OR MORE:   0

[HDD (BASE 65) ]
TOTAL THIS MO.    13    CLEAR  (SCALE 0-3)  10
DPTR FM NORMAL    10    PTCLDY (SCALE 4-7)  11
TOTAL FM JUL 1   503    CLOUDY (SCALE 8-10)  2
DPTR FM NORMAL   -71

[CDD (BASE 65) ]
TOTAL THIS MO.   269
DPTR FM NORMAL     9    [PRESSURE DATA]
TOTAL FM JAN 1   749    HIGHEST SLP M ON M
DPTR FM NORMAL   112    LOWEST  SLP 29.50 ON M

[REMARKS]
