000
CXUS53 KGRB 210723
CF6MFI
PRELIMINARY LOCAL CLIMATOLOGICAL DATA (WS FORM: F-6)

                                          STATION:   MARSHFIELD WI
                                          MONTH:     APRIL
                                          YEAR:      2018
                                          LATITUDE:   44 37 N
                                          LONGITUDE:  90 11 W

  TEMPERATURE IN F:       :PCPN:    SNOW:  WIND      :SUNSHINE: SKY     :PK WND
================================================================================
1   2   3   4   5  6A  6B    7    8   9   10  11  12  13   14  15   16   17  18
                                     12Z  AVG MX 2MIN
DY MAX MIN AVG DEP HDD CDD  WTR  SNW DPTH SPD SPD DIR MIN PSBL S-S WX    SPD DR
================================================================================

 1  28   8  18 -20  47   0 0.00  0.0    M 11.0 20 300   M    M   0        26 290
 2  35  14  25 -14  40   0    M    M    0  6.0 14  90   M    M   5 18     16  90
 3  30  22  26 -13  39   0    M    M    M 12.5 23  40   M    M  10 12     32  40
 4  26  15  21 -19  44   0    T    M    0 12.2 22 310   M    M   3 18     26 300
 5  36   4  20 -20  45   0    M    M    M  6.9 20 300   M    M   2 18     28 300
 6  30  11  21 -20  44   0    M    M    M 16.9 31 320   M    M   4 129    38 310
 7  27   9  18 -23  47   0 0.00  0.0    M 11.4 21 320   M    M   3        26 320
 8  33   6  20 -22  45   0 0.00  0.0    M  4.7 10 330   M    M   3        11  80
 9  37  24  31 -11  34   0 0.00  0.0    M  6.4 13 330   M    M   4        17 330
10  36  22  29 -14  36   0 0.00  0.0    M  8.3 15 230   M    M   6        19 230
11  47  23  35  -8  30   0 0.02  0.0    M  5.8 12  90   M    M   5 18     17 110
12  49  35  42  -2  23   0 0.04  0.0    M  6.9 16 320   M    M   9 12     20 310
13  38  27  33 -11  32   0    M    M    M 17.3 31  60   M    M   9 126    40  60
14  29  20  25 -19  40   0    M    M    M 22.3 40  70   M    M  10 12     51  80
15  24  20  22 -23  43   0    M    M    M 13.8 35  60   M    M  10 12     43  60
16  29  22  26 -19  39   0    M    M    M 15.2 25 320   M    M  10 1      30 320
17  35  23  29 -17  36   0    M    M    M 11.5 21 330   M    M   9        26 330
18  39  29  34 -12  31   0 0.00  0.0    M 10.3 22  40   M    M   8        28  40
19  47  20  34 -13  31   0 0.00  0.0    M  8.4 15 300   M    M   0        19 300
20  54  25  40  -7  25   0 0.00  0.0    M  3.4  8 300   M    M   0         9 310
================================================================================
SM  709  379       751   0  0.06     0.0 211.2          M      110
================================================================================
AV 35.5 19.0                              10.6 FASTST   M    M   6    MAX(MPH)
                                 MISC ---->  # 40  70               # 51   80
================================================================================
NOTES:
# LAST OF SEVERAL OCCURRENCES

COLUMN 17 PEAK WIND IN M.P.H.

PRELIMINARY LOCAL CLIMATOLOGICAL DATA (WS FORM: F-6) , PAGE 2

                                          STATION:  MARSHFIELD WI
                                          MONTH:    APRIL
                                          YEAR:     2018
                                          LATITUDE:   44 37 N
                                          LONGITUDE:  90 11 W

[TEMPERATURE DATA]      [PRECIPITATION DATA]       SYMBOLS USED IN COLUMN 16

AVERAGE MONTHLY: 27.2   TOTAL FOR MONTH:   0.06    1 = FOG OR MIST
DPTR FM NORMAL: -15.6   DPTR FM NORMAL:   -1.23    2 = FOG REDUCING VISIBILITY
HIGHEST:    54 ON 20    GRTST 24HR  0.15 ON 31- 1      TO 1/4 MILE OR LESS
LOWEST:      4 ON  5                               3 = THUNDER
                        SNOW, ICE PELLETS, HAIL    4 = ICE PELLETS
                        TOTAL MONTH:   0.0 INCH    5 = HAIL
                        GRTST 24HR     0.0         6 = FREEZING RAIN OR DRIZZLE
                        GRTST DEPTH:   0           7 = DUSTSTORM OR SANDSTORM:
                                                       VSBY 1/2 MILE OR LESS
                                                   8 = SMOKE OR HAZE
[NO. OF DAYS WITH]      [WEATHER - DAYS WITH]      9 = BLOWING SNOW
                                                   X = TORNADO
MAX 32 OR BELOW:   8    0.01 INCH OR MORE:   2
MAX 90 OR ABOVE:   0    0.10 INCH OR MORE:   0
MIN 32 OR BELOW:  19    0.50 INCH OR MORE:   0
MIN  0 OR BELOW:   0    1.00 INCH OR MORE:   0

[HDD (BASE 65) ]
TOTAL THIS MO.   751    CLEAR  (SCALE 0-3)   6
DPTR FM NORMAL   307    PTCLDY (SCALE 4-7)   7
TOTAL FM JUL 1  7970    CLOUDY (SCALE 8-10)  7
DPTR FM NORMAL   332

[CDD (BASE 65) ]
TOTAL THIS MO.     0
DPTR FM NORMAL     0    [PRESSURE DATA]
TOTAL FM JAN 1     0    HIGHEST SLP M ON M
DPTR FM NORMAL     0    LOWEST  SLP 29.56 ON 12

[REMARKS]
