000
CXUS51 KILN 171036
CF6MGY
PRELIMINARY LOCAL CLIMATOLOGICAL DATA (WS FORM: F-6)

                                          STATION:   DAYTON_WRIGHT BROS
                                          MONTH:     AUGUST
                                          YEAR:      2019
                                          LATITUDE:   39 35 N
                                          LONGITUDE:  84 14 W

  TEMPERATURE IN F:       :PCPN:    SNOW:  WIND      :SUNSHINE: SKY     :PK WND
================================================================================
1   2   3   4   5  6A  6B    7    8   9   10  11  12  13   14  15   16   17  18
                                     12Z  AVG MX 2MIN
DY MAX MIN AVG DEP HDD CDD  WTR  SNW DPTH SPD SPD DIR MIN PSBL S-S WX    SPD DR
================================================================================

 1  89  67  78   4   0  13 0.19    M    M  6.5 20  10   M    M   5        23  20
 2  88  65  77   3   0  12 0.00    M    M  5.9 15 330   M    M   3        20 330
 3  88  62  75   1   0  10 0.00    M    M  4.4  9  20   M    M   0        13  30
 4  92  61  77   3   0  12 0.00    M    M  2.7 12 340   M    M   1        15 300
 5  91  66  79   5   0  14 0.00    M    M  3.9 14 320   M    M   0        20 330
 6  88  69  79   5   0  14 0.11    M    M  6.4 20 280   M    M   2 3      28 280
 7  88  68  78   4   0  13 0.00    M    M  5.0 14 290   M    M   2 128    19 300
 8  90  66  78   4   0  13    T    M    M  7.3 15 280   M    M   2        23 260
 9  86  66  76   2   0  11 0.00    M    M  6.3 13 300   M    M   1 8      19 340
10  85  59  72  -2   0   7 0.00    M    M  4.6 13 340   M    M   0        16 290
11  87  63  75   1   0  10 0.00    M    M  5.8 12 150   M    M   0        19 170
12  85  67  76   2   0  11    T    M    M  6.1 13 190   M    M   3        17 260
13  86  73  80   6   0  15 1.92    M    M  7.2 17  50   M    M   8 13     22  50
14  88  68  78   4   0  13 0.00    M    M  4.4 12 310   M    M   4 128    17 230
15  85  68  77   4   0  12 0.00    M    M  6.0 15 300   M    M   2 18     20 260
16  87  65  76   3   0  11 0.00    M    M  3.9 12 160   M    M   1 1      16 190
================================================================================
SM 1403 1053         0 191  2.22    M     86.4          M       34
================================================================================
AV 87.7 65.8                               5.4 FASTST   M    M   2    MAX(MPH)
                                 MISC ---->  # 20  10               # 28  280
================================================================================
NOTES:
# LAST OF SEVERAL OCCURRENCES

COLUMN 17 PEAK WIND IN M.P.H.

PRELIMINARY LOCAL CLIMATOLOGICAL DATA (WS FORM: F-6) , PAGE 2

                                          STATION:  DAYTON_WRIGHT BROS
                                          MONTH:    AUGUST
                                          YEAR:     2019
                                          LATITUDE:   39 35 N
                                          LONGITUDE:  84 14 W

[TEMPERATURE DATA]      [PRECIPITATION DATA]       SYMBOLS USED IN COLUMN 16

AVERAGE MONTHLY: 76.8   TOTAL FOR MONTH:   2.22    1 = FOG OR MIST
DPTR FM NORMAL:   2.9   DPTR FM NORMAL:    0.92    2 = FOG REDUCING VISIBILITY
HIGHEST:    92 ON  4    GRTST 24HR  1.92 ON 13-13      TO 1/4 MILE OR LESS
LOWEST:     59 ON 10                               3 = THUNDER
                        SNOW, ICE PELLETS, HAIL    4 = ICE PELLETS
                        TOTAL MONTH:    M          5 = HAIL
                        GRTST 24HR    M  ON   M    6 = FREEZING RAIN OR DRIZZLE
                        GRTST DEPTH:  M  ON   M    7 = DUSTSTORM OR SANDSTORM:
                                                       VSBY 1/2 MILE OR LESS
                                                   8 = SMOKE OR HAZE
[NO. OF DAYS WITH]      [WEATHER - DAYS WITH]      9 = BLOWING SNOW
                                                   X = TORNADO
MAX 32 OR BELOW:   0    0.01 INCH OR MORE:   3
MAX 90 OR ABOVE:   3    0.10 INCH OR MORE:   3
MIN 32 OR BELOW:   0    0.50 INCH OR MORE:   1
MIN  0 OR BELOW:   0    1.00 INCH OR MORE:   1

[HDD (BASE 65) ]
TOTAL THIS MO.     0    CLEAR  (SCALE 0-3)  13
DPTR FM NORMAL     0    PTCLDY (SCALE 4-7)   3
TOTAL FM JUL 1     0    CLOUDY (SCALE 8-10)  0
DPTR FM NORMAL     0

[CDD (BASE 65) ]
TOTAL THIS MO.   191
DPTR FM NORMAL    49    [PRESSURE DATA]
TOTAL FM JAN 1  1041    HIGHEST SLP M ON M
DPTR FM NORMAL   436    LOWEST  SLP 29.75 ON 13

[REMARKS]
