000
CXUS51 KILN 251423
CF6MGY
PRELIMINARY LOCAL CLIMATOLOGICAL DATA (WS FORM: F-6)

                                          STATION:   DAYTON_WRIGHT BROS
                                          MONTH:     APRIL
                                          YEAR:      2019
                                          LATITUDE:   39 35 N
                                          LONGITUDE:  84 14 W

  TEMPERATURE IN F:       :PCPN:    SNOW:  WIND      :SUNSHINE: SKY     :PK WND
================================================================================
1   2   3   4   5  6A  6B    7    8   9   10  11  12  13   14  15   16   17  18
                                     12Z  AVG MX 2MIN
DY MAX MIN AVG DEP HDD CDD  WTR  SNW DPTH SPD SPD DIR MIN PSBL S-S WX    SPD DR
================================================================================

 1  45  23  34 -13  31   0 0.00    M    M  3.5 12 160   M    M   0        17  90
 2  58  32  45  -3  20   0 0.00    M    M  5.8 16 230   M    M   0        21 220
 3  62  39  51   3  14   0 0.00    M    M  6.4 14 320   M    M   3        19 320
 4  62  46  54   5  11   0    T    M    M 12.7 23  70   M    M   4        33  80
 5  61  47  54   5  11   0 0.05    M    M  3.9 13  90   M    M  10 1      22 100
 6  69  51  60  11   5   0 0.00    M    M  3.0  9 110   M    M   7 18     12 110
 7  72  55  64  14   1   0 0.02    M    M 10.5 23 230   M    M   5 1      31 200
 8  73  57  65  15   0   0    T    M    M  5.7 13 220   M    M   5 1      18 290
 9  69  49  59   9   6   0 0.00    M    M  7.7 20 330   M    M   0 1      24 330
10  64  43  54   3  11   0    T    M    M  8.0 23  60   M    M   5        27  50
11  82  45  64  13   1   0 0.00    M    M 13.4 25 200   M    M   1        31 180
12  76  51  64  12   1   0 0.15    M    M 14.1 29 290   M    M   3 18     42 280
13  67  45  56   4   9   0    T    M    M  4.6 15  30   M    M   3        22 220
14  77  38  58   6   7   0 0.81    M    M 14.8 28 230   M    M   8 13     39 270
15  54  36  45  -8  20   0    T    M    M 10.8 22 300   M    M   5 1      33 300
16  75  39  57   4   8   0 0.00    M    M 10.4 23 230   M    M   1        29 220
17  75  53  64  11   1   0 0.00    M    M  9.7 21 180   M    M   1        26 190
18  78  59  69  15   0   4    T    M    M 12.7 28 210   M    M   6        40 210
19  59  43  51  -3  14   0 0.73    M    M 15.4 30  30   M    M  10 1      37  10
20  48  42  45  -9  20   0 1.16    M    M  9.0 25  20   M    M  10 18     35  20
21  66  40  53  -2  12   0 0.00    M    M  3.6  9 110   M    M   5        13 100
22  74  47  61   6   4   0 0.00    M    M  6.6 13 170   M    M   0        16 160
23  76  52  64   9   1   0 0.00    M    M 10.8 20 240   M    M   3        28 260
24  65  43  54  -2  11   0 0.08    M    M  4.6 12 120   M    M   6        15 140
================================================================================
SM 1607 1075       219   4  3.00    M    207.7          M      101
================================================================================
AV 67.0 44.8                               8.7 FASTST   M    M   4    MAX(MPH)
                                 MISC ---->  # 30  30               # 42  280
================================================================================
NOTES:
# LAST OF SEVERAL OCCURRENCES

COLUMN 17 PEAK WIND IN M.P.H.

PRELIMINARY LOCAL CLIMATOLOGICAL DATA (WS FORM: F-6) , PAGE 2

                                          STATION:  DAYTON_WRIGHT BROS
                                          MONTH:    APRIL
                                          YEAR:     2019
                                          LATITUDE:   39 35 N
                                          LONGITUDE:  84 14 W

[TEMPERATURE DATA]      [PRECIPITATION DATA]       SYMBOLS USED IN COLUMN 16

AVERAGE MONTHLY: 55.9   TOTAL FOR MONTH:   3.00    1 = FOG OR MIST
DPTR FM NORMAL:   4.2   DPTR FM NORMAL:   -0.10    2 = FOG REDUCING VISIBILITY
HIGHEST:    82 ON 11    GRTST 24HR  1.16 ON 20-20      TO 1/4 MILE OR LESS
LOWEST:     23 ON  1                               3 = THUNDER
                        SNOW, ICE PELLETS, HAIL    4 = ICE PELLETS
                        TOTAL MONTH:    M          5 = HAIL
                        GRTST 24HR    M  ON   M    6 = FREEZING RAIN OR DRIZZLE
                        GRTST DEPTH:  M  ON   M    7 = DUSTSTORM OR SANDSTORM:
                                                       VSBY 1/2 MILE OR LESS
                                                   8 = SMOKE OR HAZE
[NO. OF DAYS WITH]      [WEATHER - DAYS WITH]      9 = BLOWING SNOW
                                                   X = TORNADO
MAX 32 OR BELOW:   0    0.01 INCH OR MORE:   7
MAX 90 OR ABOVE:   0    0.10 INCH OR MORE:   4
MIN 32 OR BELOW:   2    0.50 INCH OR MORE:   3
MIN  0 OR BELOW:   0    1.00 INCH OR MORE:   1

[HDD (BASE 65) ]
TOTAL THIS MO.   219    CLEAR  (SCALE 0-3)  10
DPTR FM NORMAL  -101    PTCLDY (SCALE 4-7)  10
TOTAL FM JUL 1  4822    CLOUDY (SCALE 8-10)  4
DPTR FM NORMAL  -277

[CDD (BASE 65) ]
TOTAL THIS MO.     4
DPTR FM NORMAL     4    [PRESSURE DATA]
TOTAL FM JAN 1     4    HIGHEST SLP M ON M
DPTR FM NORMAL     4    LOWEST  SLP 29.25 ON 14

[REMARKS]
