000
CXUS51 KILN 191342
CF6MGY
PRELIMINARY LOCAL CLIMATOLOGICAL DATA (WS FORM: F-6)

                                          STATION:   DAYTON_WRIGHT BROS
                                          MONTH:     FEBRUARY
                                          YEAR:      2019
                                          LATITUDE:   39 35 N
                                          LONGITUDE:  84 14 W

  TEMPERATURE IN F:       :PCPN:    SNOW:  WIND      :SUNSHINE: SKY     :PK WND
================================================================================
1   2   3   4   5  6A  6B    7    8   9   10  11  12  13   14  15   16   17  18
                                     12Z  AVG MX 2MIN
DY MAX MIN AVG DEP HDD CDD  WTR  SNW DPTH SPD SPD DIR MIN PSBL S-S WX    SPD DR
================================================================================

 1  24  13  19 -11  46   0 0.11    M    M  5.1 10  90   M    M   9 18     13  80
 2  41  15  28  -2  37   0 0.00    M    M  7.0 12 190   M    M   6 128    14 160
 3  62  36  49  18  16   0 0.00    M    M  7.3 14 200   M    M   4        18 210
 4  60  43  52  21  13   0 0.18    M    M 10.6 20 190   M    M   5 1      24 190
 5  56  40  48  17  17   0 0.03    M    M  7.4 14  90   M    M  10 12     19  70
 6  60  43  52  21  13   0 1.38    M    M  4.5 14 170   M    M   9 12     21 300
 7  62  35  49  18  16   0 1.37    M    M 10.4 26 280   M    M  10 123    40 250
 8  35  18  27  -4  38   0    T    M    M 15.3 25 250   M    M   7        34 280
 9  28  13  21 -10  44   0 0.00    M    M  6.4 13 100   M    M   1        16 300
10  35  18  27  -5  38   0 0.11    M    M  6.9 12 180   M    M   6 12     16  90
11  41  35  38   6  27   0 0.46    M    M  6.5 18  90   M    M   9 12     24  90
12  54  31  43  11  22   0 0.65    M    M 14.0 28 260   M    M  10 1      41 250
13  36  26  31  -1  34   0    T    M    M 15.2 26 240   M    M   5        36 250
14  54  32  43  11  22   0 0.00    M    M 12.2 23 220   M    M   2        28 200
15  53  28  41   8  24   0 0.01    M    M 11.5 23 280   M    M   5 8      31 280
16  33  21  27  -6  38   0 0.00    M    M 10.0 16  50   M    M   4        20  20
17  32  25  29  -4  36   0    T    M    M  8.3 17  70   M    M   7 1468   29  90
18  33  26  30  -3  35   0    T    M    M  8.5 17 280   M    M  10 18     23 270
================================================================================
SM  799  498       516   0  4.30    M    167.1          M      119
================================================================================
AV 44.4 27.7                               9.3 FASTST   M    M   7    MAX(MPH)
                                 MISC ---->  # 28 260               # 41  250
================================================================================
NOTES:
# LAST OF SEVERAL OCCURRENCES

COLUMN 17 PEAK WIND IN M.P.H.

PRELIMINARY LOCAL CLIMATOLOGICAL DATA (WS FORM: F-6) , PAGE 2

                                          STATION:  DAYTON_WRIGHT BROS
                                          MONTH:    FEBRUARY
                                          YEAR:     2019
                                          LATITUDE:   39 35 N
                                          LONGITUDE:  84 14 W

[TEMPERATURE DATA]      [PRECIPITATION DATA]       SYMBOLS USED IN COLUMN 16

AVERAGE MONTHLY: 36.0   TOTAL FOR MONTH:   4.30    1 = FOG OR MIST
DPTR FM NORMAL:   4.4   DPTR FM NORMAL:    2.73    2 = FOG REDUCING VISIBILITY
HIGHEST:    62 ON  7, 3 GRTST 24HR  1.38 ON  6- 6      TO 1/4 MILE OR LESS
LOWEST:     13 ON  9, 1                            3 = THUNDER
                        SNOW, ICE PELLETS, HAIL    4 = ICE PELLETS
                        TOTAL MONTH:    M          5 = HAIL
                        GRTST 24HR    M  ON   M    6 = FREEZING RAIN OR DRIZZLE
                        GRTST DEPTH:  M  ON   M    7 = DUSTSTORM OR SANDSTORM:
                                                       VSBY 1/2 MILE OR LESS
                                                   8 = SMOKE OR HAZE
[NO. OF DAYS WITH]      [WEATHER - DAYS WITH]      9 = BLOWING SNOW
                                                   X = TORNADO
MAX 32 OR BELOW:   3    0.01 INCH OR MORE:   9
MAX 90 OR ABOVE:   0    0.10 INCH OR MORE:   7
MIN 32 OR BELOW:  12    0.50 INCH OR MORE:   3
MIN  0 OR BELOW:   0    1.00 INCH OR MORE:   2

[HDD (BASE 65) ]
TOTAL THIS MO.   516    CLEAR  (SCALE 0-3)   2
DPTR FM NORMAL   -85    PTCLDY (SCALE 4-7)   9
TOTAL FM JUL 1  3548    CLOUDY (SCALE 8-10)  7
DPTR FM NORMAL  -188

[CDD (BASE 65) ]
TOTAL THIS MO.     0
DPTR FM NORMAL     0    [PRESSURE DATA]
TOTAL FM JAN 1     0    HIGHEST SLP M ON M
DPTR FM NORMAL     0    LOWEST  SLP 29.53 ON 12

[REMARKS]
