000
CXUS55 KFSD 240905
CF6MHE
PRELIMINARY LOCAL CLIMATOLOGICAL DATA (WS FORM: F-6)

                                          STATION:   MITCHELL SD
                                          MONTH:     APRIL
                                          YEAR:      2019
                                          LATITUDE:   43 46 N
                                          LONGITUDE:  98  2 W

  TEMPERATURE IN F:       :PCPN:    SNOW:  WIND      :SUNSHINE: SKY     :PK WND
================================================================================
1   2   3   4   5  6A  6B    7    8   9   10  11  12  13   14  15   16   17  18
                                     12Z  AVG MX 2MIN
DY MAX MIN AVG DEP HDD CDD  WTR  SNW DPTH SPD SPD DIR MIN PSBL S-S WX    SPD DR
================================================================================

 1  40  26  33  -8  32   0 0.04  0.3    0  8.0 20 350   M    M   8 1      26 360
 2  56  25  41   0  24   0 0.00  0.0    0 10.5 24 330   M    M   3 12     33 310
 3  47  32  40  -2  25   0    T  0.0    0 10.6 18 130   M    M   7 1      23 140
 4  46  39  43   1  22   0    T  0.0    0  9.7 18 130   M    M  10 1      26 130
 5  67  38  53  10  12   0 0.50  0.0    0 11.5 25 140   M    M   5 123    32 130
 6  66  49  58  15   7   0 0.02  0.0    0 11.0 21 140   M    M   6 138    29 130
 7  73  51  62  18   3   0    T  0.0    0 11.6 23 310   M    M   2 18     30 310
 8  73  43  58  14   7   0 0.00  0.0    0 14.0 29 310   M    M   0        40 330
 9  57  38  48   3  17   0 0.19  0.0    0 11.6 26  70   M    M   8 13     34  70
10  38  31  35 -10  30   0 0.25  1.2    0 19.9 30  60   M    M  10 136    44  40
11  32  27  30 -16  35   0 1.45 15.0    7 26.3 40  20   M    M  10 123    69  40
12  34  26  30 -16  35   0    T    T   15 19.7 29 310   M    M  10 1      45 360
13  41  24  33 -14  32   0 0.00  0.0   13  6.3 18 300   M    M   2 1      24 300
14  38  18  28 -19  37   0 0.00  0.0   11  9.9 22 140   M    M   2 128    27 140
15  47  35  41  -7  24   0 0.00  0.0    7  9.1 20 150   M    M   2        27 130
16  60  35  48   0  17   0 0.00  0.0    2  4.1  9  60   M    M   2 1      13 100
17  49  43  46  -3  19   0    T  0.0    T 12.5 29 300   M    M   8        40 300
18  57  36  47  -2  18   0    T  0.0    0 11.1 23 340   M    M   3 1      30 350
19  66  33  50   0  15   0 0.00  0.0    0  8.1 15 200   M    M   0 1      20 160
20  84  43  64  14   1   0 0.00  0.0    0 12.5 22 150   M    M   0        29 150
21  74  50  62  12   3   0 0.00  0.0    0 15.1 26  20   M    M   2        36  20
22  65  43  54   3  11   0 0.17  0.0    0 15.0 29 360   M    M   5 13     40 360
23  69  41  55   4  10   0 0.00  0.0    0 10.2 20 170   M    M   0        27 170
================================================================================
SM 1279  826       436   0  2.62    16.5 278.3          M      105
================================================================================
AV 55.6 35.9                              12.1 FASTST   M    M   5    MAX(MPH)
                                 MISC ---->  # 40  20               # 69   40
================================================================================
NOTES:
# LAST OF SEVERAL OCCURRENCES

COLUMN 17 PEAK WIND IN M.P.H.

PRELIMINARY LOCAL CLIMATOLOGICAL DATA (WS FORM: F-6) , PAGE 2

                                          STATION:  MITCHELL SD
                                          MONTH:    APRIL
                                          YEAR:     2019
                                          LATITUDE:   43 46 N
                                          LONGITUDE:  98  2 W

[TEMPERATURE DATA]      [PRECIPITATION DATA]       SYMBOLS USED IN COLUMN 16

AVERAGE MONTHLY: 45.8   TOTAL FOR MONTH:   2.62    1 = FOG OR MIST
DPTR FM NORMAL:  -0.4   DPTR FM NORMAL:    1.13    2 = FOG REDUCING VISIBILITY
HIGHEST:    84 ON 20    GRTST 24HR  1.45 ON 11-11      TO 1/4 MILE OR LESS
LOWEST:     18 ON 14                               3 = THUNDER
                        SNOW, ICE PELLETS, HAIL    4 = ICE PELLETS
                        TOTAL MONTH:  16.5 INCHES  5 = HAIL
                        GRTST 24HR  15.0 ON 11-11  6 = FREEZING RAIN OR DRIZZLE
                        GRTST DEPTH:  15 ON 12     7 = DUSTSTORM OR SANDSTORM:
                                                       VSBY 1/2 MILE OR LESS
                                                   8 = SMOKE OR HAZE
[NO. OF DAYS WITH]      [WEATHER - DAYS WITH]      9 = BLOWING SNOW
                                                   X = TORNADO
MAX 32 OR BELOW:   1    0.01 INCH OR MORE:   7
MAX 90 OR ABOVE:   0    0.10 INCH OR MORE:   5
MIN 32 OR BELOW:   8    0.50 INCH OR MORE:   2
MIN  0 OR BELOW:   0    1.00 INCH OR MORE:   1

[HDD (BASE 65) ]
TOTAL THIS MO.   436    CLEAR  (SCALE 0-3)  11
DPTR FM NORMAL     3    PTCLDY (SCALE 4-7)   6
TOTAL FM JUL 1  7571    CLOUDY (SCALE 8-10)  6
DPTR FM NORMAL   658

[CDD (BASE 65) ]
TOTAL THIS MO.     0
DPTR FM NORMAL     0    [PRESSURE DATA]
TOTAL FM JAN 1     0    HIGHEST SLP M ON M
DPTR FM NORMAL     0    LOWEST  SLP 29.43 ON 11

[REMARKS]
