000
CXUS53 KTOP 240800
CF6MHK
PRELIMINARY LOCAL CLIMATOLOGICAL DATA (WS FORM: F-6)

                                          STATION:   Manhattan KS
                                          MONTH:     APRIL
                                          YEAR:      2019
                                          LATITUDE:   39  9 N
                                          LONGITUDE:  96 40 W

  TEMPERATURE IN F:       :PCPN:    SNOW:  WIND      :SUNSHINE: SKY     :PK WND
================================================================================
1   2   3   4   5  6A  6B    7    8   9   10  11  12  13   14  15   16   17  18
                                     12Z  AVG MX 2MIN
DY MAX MIN AVG DEP HDD CDD  WTR  SNW DPTH SPD SPD DIR MIN PSBL S-S WX    SPD DR
================================================================================

 1  64  30  47  -2  18   0 0.00    M    M  9.9 21 200   M    M   1        29 200
 2  61  36  49  -1  16   0 0.00    M    M  4.5 22 220   M    M   5        28 220
 3  73  49  61  11   4   0    M    M    M 11.1 23 150   M    M   6        33 130
 4  70  52  61  11   4   0 0.00    M    M  4.7 16 170   M    M   7        21 160
 5  78  42  60   9   5   0 0.00    M    M  8.2 21 160   M    M   2 18     28 190
 6  78  53  66  15   0   1 0.64    M    M  9.4 23 170   M    M   4 123    33 160
 7  76  48  62  11   3   0 0.00    M    M  7.1 17 280   M    M   3 12     25 340
 8  84  41  63  11   2   0 0.00    M    M  5.7 18 250   M    M   0 8      28 230
 9  81  45  63  11   2   0 0.00    M    M  7.1 18 150   M    M   1 8      28 150
10  87  56  72  20   0   7 0.00    M    M 11.7 26 200   M    M   0        37 200
11  70  34  52  -1  13   0    T    M    M 16.4 28 230   M    M   9 1      40 250
12  55  31  43 -10  22   0    T    M    M 10.0 22 250   M    M   0        36 250
13  57  26  42 -11  23   0 0.00    M    M  9.2 18  30   M    M   0        29  10
14  62  31  47  -7  18   0 0.00    M    M  4.9 12 220   M    M   0        21 290
15  80  43  62   8   3   0 0.00    M    M  9.2 22 160   M    M   0 8      30 160
16  83  53  68  14   0   3 0.00    M    M  9.4 21 200   M    M   1 8      28 180
17  81  55  68  14   0   3 0.00    M    M 10.6 20 220   M    M   7        33  20
18  67  47  57   2   8   0    T    M    M  9.0 24 360   M    M   3        44 340
19  67  38  53  -2  12   0 0.00    M    M  6.0 20  30   M    M   0        27  20
20  84  34  59   4   6   0 0.00    M    M  9.3 21 210   M    M   0        30 200
21  87  62  75  19   0  10 0.06    M    M 16.0 36 210   M    M   0 3      47 200
22  71  54  63   7   2   0 0.08    M    M  7.2 21 210   M    M   6 3      28 200
23  56  51  54  -2  11   0 0.06    M    M  5.0 12  40   M    M   9        16 350
================================================================================
SM 1672 1011       172  24  0.84    M    201.6          M       64
================================================================================
AV 72.7 44.0                               8.8 FASTST   M    M   3    MAX(MPH)
                                 MISC ---->  # 36 210               # 47  200
================================================================================
NOTES:
# LAST OF SEVERAL OCCURRENCES

COLUMN 17 PEAK WIND IN M.P.H.

PRELIMINARY LOCAL CLIMATOLOGICAL DATA (WS FORM: F-6) , PAGE 2

                                          STATION:  Manhattan KS
                                          MONTH:    APRIL
                                          YEAR:     2019
                                          LATITUDE:   39  9 N
                                          LONGITUDE:  96 40 W

[TEMPERATURE DATA]      [PRECIPITATION DATA]       SYMBOLS USED IN COLUMN 16

AVERAGE MONTHLY: 58.3   TOTAL FOR MONTH:   0.84    1 = FOG OR MIST
DPTR FM NORMAL:   5.5   DPTR FM NORMAL:   -1.06    2 = FOG REDUCING VISIBILITY
HIGHEST:    87 ON 21,10 GRTST 24HR  0.64 ON  6- 6      TO 1/4 MILE OR LESS
LOWEST:     26 ON 13                               3 = THUNDER
                        SNOW, ICE PELLETS, HAIL    4 = ICE PELLETS
                        TOTAL MONTH:    M          5 = HAIL
                        GRTST 24HR    M  ON   M    6 = FREEZING RAIN OR DRIZZLE
                        GRTST DEPTH:  M  ON   M    7 = DUSTSTORM OR SANDSTORM:
                                                       VSBY 1/2 MILE OR LESS
                                                   8 = SMOKE OR HAZE
[NO. OF DAYS WITH]      [WEATHER - DAYS WITH]      9 = BLOWING SNOW
                                                   X = TORNADO
MAX 32 OR BELOW:   0    0.01 INCH OR MORE:   4
MAX 90 OR ABOVE:   0    0.10 INCH OR MORE:   1
MIN 32 OR BELOW:   4    0.50 INCH OR MORE:   1
MIN  0 OR BELOW:   0    1.00 INCH OR MORE:   0

[HDD (BASE 65) ]
TOTAL THIS MO.   172    CLEAR  (SCALE 0-3)  14
DPTR FM NORMAL  -117    PTCLDY (SCALE 4-7)   7
TOTAL FM JUL 1  5058    CLOUDY (SCALE 8-10)  2
DPTR FM NORMAL   -67

[CDD (BASE 65) ]
TOTAL THIS MO.    24
DPTR FM NORMAL    12    [PRESSURE DATA]
TOTAL FM JAN 1    24    HIGHEST SLP  0.00 ON 18
DPTR FM NORMAL    10    LOWEST  SLP 29.13 ON 11

[REMARKS]
