000
CXUS56 KMFR 191000
CF6MHS
PRELIMINARY LOCAL CLIMATOLOGICAL DATA (WS FORM: F-6)

                                          STATION:   MT SHASTA CITY CA
                                          MONTH:     AUGUST
                                          YEAR:      2019
                                          LATITUDE:   41 19 N
                                          LONGITUDE: 122 19 W

  TEMPERATURE IN F:       :PCPN:    SNOW:  WIND      :SUNSHINE: SKY     :PK WND
================================================================================
1   2   3   4   5  6A  6B    7    8   9   10  11  12  13   14  15   16   17  18
                                     12Z  AVG MX 2MIN
DY MAX MIN AVG DEP HDD CDD  WTR  SNW DPTH SPD SPD DIR MIN PSBL S-S WX    SPD DR
================================================================================

 1  89  50  70   1   0   5 0.00    M    M  0.8  6  90   M    M   0        11 150
 2  89  50  70   1   0   5 0.00    M    M  1.1  6  70   M    M   0        11 140
 3  93  53  73   4   0   8 0.00    M    M  0.7  6  60   M    M   0         8 130
 4  91  54  73   4   0   8 0.00    M    M  0.9  6 100   M    M   0        15 140
 5  91  48  70   2   0   5 0.00    M    M  0.6  5 100   M    M   0        11 150
 6  91  52  72   4   0   7 0.00    M    M  0.3  5 100   M    M   0        10 120
 7  91  50  71   3   0   6 0.00    M    M  0.7  7  90   M    M   0        11  80
 8  85  50  68   0   0   3 0.00    M    M  0.6  7  80   M    M   0        12 130
 9  76  56  66  -2   0   1 0.00    M    M  1.0  7 350   M    M   2        14 340
10  67  46  57 -11   8   0    M    M    M  0.6  9 290   M    M   7 1      16 310
11  76  42  59  -9   6   0 0.00    M    M  1.7  8 280   M    M   0        14 290
12  84  48  66  -1   0   1 0.00    M    M  1.8  7 280   M    M   0        12 280
13  90  50  70   3   0   5 0.00    M    M  1.0  6 300   M    M   0        11 310
14  92  55  74   7   0   9 0.00    M    M  2.1  8 330   M    M   0        17 360
15  89  59  74   7   0   9 0.00    M    M  4.3 10 330   M    M   0        20 300
16  87  54  71   4   0   6 0.00    M    M  4.3  9 340   M    M   0        17 320
17  88  52  70   3   0   5 0.00    M    M  1.1  9 300   M    M   0        16 320
18  86  48  67   1   0   2 0.00    M    M  1.4  7 120   M    M   0        15 140
================================================================================
SM 1555  917        14  85  0.00    M     25.0          M        9
================================================================================
AV 86.4 50.9                               1.4 FASTST   M    M   1    MAX(MPH)
                                 MISC ---->  # 10 330               # 20  300
================================================================================
NOTES:
# LAST OF SEVERAL OCCURRENCES

COLUMN 17 PEAK WIND IN M.P.H.

PRELIMINARY LOCAL CLIMATOLOGICAL DATA (WS FORM: F-6) , PAGE 2

                                          STATION:  MT SHASTA CITY CA
                                          MONTH:    AUGUST
                                          YEAR:     2019
                                          LATITUDE:   41 19 N
                                          LONGITUDE: 122 19 W

[TEMPERATURE DATA]      [PRECIPITATION DATA]       SYMBOLS USED IN COLUMN 16

AVERAGE MONTHLY: 68.7   TOTAL FOR MONTH:   0.00    1 = FOG OR MIST
DPTR FM NORMAL:   0.9   DPTR FM NORMAL:   -0.18    2 = FOG REDUCING VISIBILITY
HIGHEST:    93 ON  3    GRTST 24HR  0.00 ON 18-18      TO 1/4 MILE OR LESS
LOWEST:     42 ON 11                               3 = THUNDER
                        SNOW, ICE PELLETS, HAIL    4 = ICE PELLETS
                        TOTAL MONTH:    M          5 = HAIL
                        GRTST 24HR    M  ON   M    6 = FREEZING RAIN OR DRIZZLE
                        GRTST DEPTH:  M  ON   M    7 = DUSTSTORM OR SANDSTORM:
                                                       VSBY 1/2 MILE OR LESS
                                                   8 = SMOKE OR HAZE
[NO. OF DAYS WITH]      [WEATHER - DAYS WITH]      9 = BLOWING SNOW
                                                   X = TORNADO
MAX 32 OR BELOW:   0    0.01 INCH OR MORE:   0
MAX 90 OR ABOVE:   7    0.10 INCH OR MORE:   0
MIN 32 OR BELOW:   0    0.50 INCH OR MORE:   0
MIN  0 OR BELOW:   0    1.00 INCH OR MORE:   0

[HDD (BASE 65) ]
TOTAL THIS MO.    14    CLEAR  (SCALE 0-3)  17
DPTR FM NORMAL    -4    PTCLDY (SCALE 4-7)   1
TOTAL FM JUL 1    21    CLOUDY (SCALE 8-10)  0
DPTR FM NORMAL   -30

[CDD (BASE 65) ]
TOTAL THIS MO.    85
DPTR FM NORMAL    21    [PRESSURE DATA]
TOTAL FM JAN 1   267    HIGHEST SLP  0.00 ON M
DPTR FM NORMAL    35    LOWEST  SLP 29.74 ON 18

[REMARKS]
