000
CXUS53 KIND 220730
CF6MIE
PRELIMINARY LOCAL CLIMATOLOGICAL DATA (WS FORM: F-6)

                                          STATION:   MUNCIE IN
                                          MONTH:     FEBRUARY
                                          YEAR:      2019
                                          LATITUDE:   40 13 N
                                          LONGITUDE:  85 23 W

  TEMPERATURE IN F:       :PCPN:    SNOW:  WIND      :SUNSHINE: SKY     :PK WND
================================================================================
1   2   3   4   5  6A  6B    7    8   9   10  11  12  13   14  15   16   17  18
                                     12Z  AVG MX 2MIN
DY MAX MIN AVG DEP HDD CDD  WTR  SNW DPTH SPD SPD DIR MIN PSBL S-S WX    SPD DR
================================================================================

 1  20   9  15 -12  50   0 0.07    M    M  6.6 12 100   M    M   7 18     13 110
 2  41  16  29   2  36   0 0.00    M    M  8.3 17 220   M    M   3 18     28 210
 3  60  40  50  23  15   0 0.00    M    M  8.8 17 210   M    M   4        24 210
 4  55  46  51  24  14   0 0.02    M    M 11.5 18 190   M    M   6 128    28 210
 5  46  32  39  12  26   0 0.02    M    M  8.7 16 320   M    M  10 12     21 320
 6  54  39  47  19  18   0 0.81    M    M  5.7 16 240   M    M  10 12     30 200
 7  61  26  44  16  21   0 1.02    M    M 14.5 36 270   M    M  10 128    50 260
 8  26  15  21  -7  44   0    T    M    M 19.6 32 270   M    M   8        43 260
 9  27  11  19  -9  46   0 0.00    M    M  6.0 16 310   M    M   2        20 310
10  36  20  28   0  37   0 0.18    M    M  6.9 15 130   M    M   7 1      20 140
11  36  34  35   7  30   0 0.07    M    M  8.4 22  90   M    M  10 12     30  90
12  47  28  38   9  27   0 0.40    M    M 14.7 36 270   M    M  10 1      51 270
13  33  22  28  -1  37   0    T    M    M 17.2 32 270   M    M   6        45 260
14  50  33  42  13  23   0 0.00    M    M 12.8 20 200   M    M   3        33 210
15  50  24  37   7  28   0 0.00    M    M 14.0 25 290   M    M   5 18     37 300
16  28  20  24  -6  41   0 0.00    M    M 10.2 21  90   M    M   8        27  80
17  31  26  29  -1  36   0 0.02    M    M 11.0 24 100   M    M   9 168    32 100
18  31  21  26  -4  39   0 0.02    M    M  8.5 17 330   M    M   9 168    20 330
19  33  16  25  -6  40   0 0.00    M    M  5.9 16 110   M    M   0        20 110
20  43  30  37   6  28   0 0.59    M    M 12.7 25  90   M    M  10 16     33 290
21  41  32  37   6  28   0 0.00    M    M  8.4 18 270   M    M   2        28 260
================================================================================
SM  849  540       664   0  3.22    M    220.4          M      139
================================================================================
AV 40.4 25.7                              10.5 FASTST   M    M   7    MAX(MPH)
                                 MISC ---->  # 36 270               # 51  270
================================================================================
NOTES:
# LAST OF SEVERAL OCCURRENCES

COLUMN 17 PEAK WIND IN M.P.H.

PRELIMINARY LOCAL CLIMATOLOGICAL DATA (WS FORM: F-6) , PAGE 2

                                          STATION:  MUNCIE IN
                                          MONTH:    FEBRUARY
                                          YEAR:     2019
                                          LATITUDE:   40 13 N
                                          LONGITUDE:  85 23 W

[TEMPERATURE DATA]      [PRECIPITATION DATA]       SYMBOLS USED IN COLUMN 16

AVERAGE MONTHLY: 33.1   TOTAL FOR MONTH:   3.22    1 = FOG OR MIST
DPTR FM NORMAL:   4.4   DPTR FM NORMAL:    1.49    2 = FOG REDUCING VISIBILITY
HIGHEST:    61 ON  7    GRTST 24HR  1.02 ON  7- 7      TO 1/4 MILE OR LESS
LOWEST:      9 ON  1                               3 = THUNDER
                        SNOW, ICE PELLETS, HAIL    4 = ICE PELLETS
                        TOTAL MONTH:    M          5 = HAIL
                        GRTST 24HR    M  ON   M    6 = FREEZING RAIN OR DRIZZLE
                        GRTST DEPTH:  M  ON   M    7 = DUSTSTORM OR SANDSTORM:
                                                       VSBY 1/2 MILE OR LESS
                                                   8 = SMOKE OR HAZE
[NO. OF DAYS WITH]      [WEATHER - DAYS WITH]      9 = BLOWING SNOW
                                                   X = TORNADO
MAX 32 OR BELOW:   6    0.01 INCH OR MORE:  11
MAX 90 OR ABOVE:   0    0.10 INCH OR MORE:   5
MIN 32 OR BELOW:  16    0.50 INCH OR MORE:   3
MIN  0 OR BELOW:   0    1.00 INCH OR MORE:   1

[HDD (BASE 65) ]
TOTAL THIS MO.   664    CLEAR  (SCALE 0-3)   4
DPTR FM NORMAL   -98    PTCLDY (SCALE 4-7)   8
TOTAL FM JUL 1  3858    CLOUDY (SCALE 8-10)  9
DPTR FM NORMAL  -297

[CDD (BASE 65) ]
TOTAL THIS MO.     0
DPTR FM NORMAL     0    [PRESSURE DATA]
TOTAL FM JAN 1     0    HIGHEST SLP M ON M
DPTR FM NORMAL     0    LOWEST  SLP 29.57 ON  7

[REMARKS]
