000
CXUS53 KIND 210730
CF6MIE
PRELIMINARY LOCAL CLIMATOLOGICAL DATA (WS FORM: F-6)

                                          STATION:   MUNCIE IN
                                          MONTH:     APRIL
                                          YEAR:      2019
                                          LATITUDE:   40 13 N
                                          LONGITUDE:  85 23 W

  TEMPERATURE IN F:       :PCPN:    SNOW:  WIND      :SUNSHINE: SKY     :PK WND
================================================================================
1   2   3   4   5  6A  6B    7    8   9   10  11  12  13   14  15   16   17  18
                                     12Z  AVG MX 2MIN
DY MAX MIN AVG DEP HDD CDD  WTR  SNW DPTH SPD SPD DIR MIN PSBL S-S WX    SPD DR
================================================================================

 1  45  22  34 -12  31   0 0.00    M    M  5.4 14 190   M    M   0 18     19 180
 2  59  38  49   3  16   0 0.00    M    M  8.6 17 220   M    M   5        24 240
 3  61  40  51   4  14   0 0.00    M    M  7.0 16 320   M    M   3        21 310
 4  58  44  51   4  14   0 0.01    M    M 13.6 26 100   M    M   6        36  90
 5  60  45  53   5  12   0 0.01    M    M  3.5 10  70   M    M  10        13  80
 6  71  48  60  12   5   0 0.00    M    M  2.7 13 130   M    M   6 18     16 120
 7  71  53  62  14   3   0 0.00    M    M 10.4 20 240   M    M   4 18     31 210
 8  73  58  66  17   0   1 0.21    M    M  6.8 16 300   M    M   4 1      28 300
 9  68  48  58   9   7   0 0.00    M    M  8.7 18 320   M    M   0        26 320
10  55  43  49   0  16   0 0.03    M    M 11.9 26 100   M    M   6        34 100
11  82  42  62  12   3   0 0.00    M    M 14.3 23 200   M    M   0        37 200
12  76  51  64  14   1   0 0.38    M    M 15.8 33 190   M    M   4 1      52 190
13  62  41  52   2  13   0 0.00    M    M  7.2 17 280   M    M   1        23 240
14  51  36  44  -7  21   0 0.88    M    M 15.3 28  80   M    M  10 18     39  70
15  55  36  46  -5  19   0    T    M    M 10.7 21 300   M    M   6 1      29 310
16  77  46  62  10   3   0 0.00    M    M 11.0 22 240   M    M   1        33 220
17  77  58  68  16   0   3 0.00    M    M 10.2 20 200   M    M   1        29 170
18  73  48  61   9   4   0 0.50    M    M 12.8 25 210   M    M   8 13     41 210
19  48  42  45  -8  20   0 0.19    M    M 17.9 30  30   M    M  10 18     38  40
20  45  41  43 -10  22   0 1.01    M    M 12.7 31  20   M    M   8 1      40  20
================================================================================
SM 1267  880       224   4  3.22    M    206.5          M       93
================================================================================
AV 63.4 44.0                              10.3 FASTST   M    M   5    MAX(MPH)
                                 MISC ---->  # 33 190               # 52  190
================================================================================
NOTES:
# LAST OF SEVERAL OCCURRENCES

COLUMN 17 PEAK WIND IN M.P.H.

PRELIMINARY LOCAL CLIMATOLOGICAL DATA (WS FORM: F-6) , PAGE 2

                                          STATION:  MUNCIE IN
                                          MONTH:    APRIL
                                          YEAR:     2019
                                          LATITUDE:   40 13 N
                                          LONGITUDE:  85 23 W

[TEMPERATURE DATA]      [PRECIPITATION DATA]       SYMBOLS USED IN COLUMN 16

AVERAGE MONTHLY: 53.7   TOTAL FOR MONTH:   3.22    1 = FOG OR MIST
DPTR FM NORMAL:   4.1   DPTR FM NORMAL:    0.77    2 = FOG REDUCING VISIBILITY
HIGHEST:    82 ON 11    GRTST 24HR  1.01 ON 20-20      TO 1/4 MILE OR LESS
LOWEST:     22 ON  1                               3 = THUNDER
                        SNOW, ICE PELLETS, HAIL    4 = ICE PELLETS
                        TOTAL MONTH:    M          5 = HAIL
                        GRTST 24HR    M  ON   M    6 = FREEZING RAIN OR DRIZZLE
                        GRTST DEPTH:  M  ON   M    7 = DUSTSTORM OR SANDSTORM:
                                                       VSBY 1/2 MILE OR LESS
                                                   8 = SMOKE OR HAZE
[NO. OF DAYS WITH]      [WEATHER - DAYS WITH]      9 = BLOWING SNOW
                                                   X = TORNADO
MAX 32 OR BELOW:   0    0.01 INCH OR MORE:   9
MAX 90 OR ABOVE:   0    0.10 INCH OR MORE:   6
MIN 32 OR BELOW:   1    0.50 INCH OR MORE:   3
MIN  0 OR BELOW:   0    1.00 INCH OR MORE:   1

[HDD (BASE 65) ]
TOTAL THIS MO.   224    CLEAR  (SCALE 0-3)   6
DPTR FM NORMAL   -92    PTCLDY (SCALE 4-7)  11
TOTAL FM JUL 1  5095    CLOUDY (SCALE 8-10)  3
DPTR FM NORMAL  -391

[CDD (BASE 65) ]
TOTAL THIS MO.     4
DPTR FM NORMAL     1    [PRESSURE DATA]
TOTAL FM JAN 1     4    HIGHEST SLP M ON M
DPTR FM NORMAL     0    LOWEST  SLP 29.37 ON 14

[REMARKS]
