000
CXUS53 KDMX 222050
CF6MIW
PRELIMINARY LOCAL CLIMATOLOGICAL DATA (WS FORM: F-6)

                                          STATION:   MARSHALLTOWN IA
                                          MONTH:     FEBRUARY
                                          YEAR:      2019
                                          LATITUDE:   42  6 N
                                          LONGITUDE:  92 55 W

  TEMPERATURE IN F:       :PCPN:    SNOW:  WIND      :SUNSHINE: SKY     :PK WND
================================================================================
1   2   3   4   5  6A  6B    7    8   9   10  11  12  13   14  15   16   17  18
                                     12Z  AVG MX 2MIN
DY MAX MIN AVG DEP HDD CDD  WTR  SNW DPTH SPD SPD DIR MIN PSBL S-S WX    SPD DR
================================================================================

 1  21  -5   8 -12  57   0 0.00  0.0    M  9.8 16 150   M    M   0        21 140
 2  44  21  33  13  32   0 0.00  0.0    M 12.9 20 200   M    M   8 12     28 190
 3  48  42  45  25  20   0 0.00  0.0    M 12.7 20 200   M    M  10 12     28 220
 4  45   8  27   7  38   0    T    M    M 19.7 32 310   M    M   8 1      40 300
 5  24   6  15  -5  50   0    M    M    M  7.9 17  10   M    M   6 1      22  20
 6  26  20  23   2  42   0    M    M    M 10.3 17  30   M    M  10 1      21  40
 7  24   0  12  -9  53   0    M    M    M 22.3 37 300   M    M  10 1289   50 310
 8   7  -5   1 -20  64   0 0.00  0.0    M 13.3 31 290   M    M   2 18     40 290
 9  21  -3   9 -12  56   0 0.00  0.0    M 11.7 21 130   M    M   5        26 130
10  26  21  24   2  41   0    M    M    M  9.3 18 130   M    M  10 12     24 130
11  28  23  26   4  39   0    M    M    M 13.8 24 100   M    M  10 1      30 100
12  26   5  16  -6  49   0    M    M    M 21.2 35 310   M    M  10 189    43 300
13  27   0  14  -8  51   0 0.00  0.0    M 11.2 20 290   M    M   1        26 290
14  38   3  21  -2  44   0    M    M    M 15.6 31 320   M    M   4 18     40 330
15  11  -4   4 -19  61   0 0.00  0.0    M 12.3 25 310   M    M   1        32 320
16  23  -6   9 -14  56   0    M    M    M  8.9 18  90   M    M   3 1      24 100
17  25  20  23  -1  42   0    M    M    M 11.7 18  90   M    M  10 1      24  80
18  20  -8   6 -18  59   0    T    M    M  8.0 13 350   M    M   3 1      16 360
19  22 -16   3 -21  62   0    M    M    M  6.3 20 100   M    M   5 18     25 100
20  31  12  22  -3  43   0    M    M    M 16.1 26 240   M    M   8 18     35 240
21  26   3  15 -10  50   0 0.00  0.0    M  5.4 12 250   M    M   0 1      14 250
================================================================================
SM  563  137      1009   0    T      0.0 260.4          M      124
================================================================================
AV 26.8  6.5                              12.4 FASTST   M    M   6    MAX(MPH)
                                 MISC ---->  # 37 300               # 50  310
================================================================================
NOTES:
# LAST OF SEVERAL OCCURRENCES

COLUMN 17 PEAK WIND IN M.P.H.

PRELIMINARY LOCAL CLIMATOLOGICAL DATA (WS FORM: F-6) , PAGE 2

                                          STATION:  MARSHALLTOWN IA
                                          MONTH:    FEBRUARY
                                          YEAR:     2019
                                          LATITUDE:   42  6 N
                                          LONGITUDE:  92 55 W

[TEMPERATURE DATA]      [PRECIPITATION DATA]       SYMBOLS USED IN COLUMN 16

AVERAGE MONTHLY: 16.7   TOTAL FOR MONTH:      T    1 = FOG OR MIST
DPTR FM NORMAL:  -5.4   DPTR FM NORMAL:   -0.54    2 = FOG REDUCING VISIBILITY
HIGHEST:    48 ON  3    GRTST 24HR    T  ON 18-18      TO 1/4 MILE OR LESS
LOWEST:    -16 ON 19                               3 = THUNDER
                        SNOW, ICE PELLETS, HAIL    4 = ICE PELLETS
                        TOTAL MONTH:   0.0 INCH    5 = HAIL
                        GRTST 24HR     0.0         6 = FREEZING RAIN OR DRIZZLE
                        GRTST DEPTH:  M  ON   M    7 = DUSTSTORM OR SANDSTORM:
                                                       VSBY 1/2 MILE OR LESS
                                                   8 = SMOKE OR HAZE
[NO. OF DAYS WITH]      [WEATHER - DAYS WITH]      9 = BLOWING SNOW
                                                   X = TORNADO
MAX 32 OR BELOW:  17    0.01 INCH OR MORE:   0
MAX 90 OR ABOVE:   0    0.10 INCH OR MORE:   0
MIN 32 OR BELOW:  20    0.50 INCH OR MORE:   0
MIN  0 OR BELOW:   9    1.00 INCH OR MORE:   0

[HDD (BASE 65) ]
TOTAL THIS MO.  1009    CLEAR  (SCALE 0-3)   7
DPTR FM NORMAL   108    PTCLDY (SCALE 4-7)   5
TOTAL FM JUL 1  5290    CLOUDY (SCALE 8-10)  9
DPTR FM NORMAL   156

[CDD (BASE 65) ]
TOTAL THIS MO.     0
DPTR FM NORMAL     0    [PRESSURE DATA]
TOTAL FM JAN 1     0    HIGHEST SLP M ON M
DPTR FM NORMAL     0    LOWEST  SLP 29.49 ON 14

[REMARKS]
