000
CXUS55 KEAX 200736
CF6MKC
PRELIMINARY LOCAL CLIMATOLOGICAL DATA (WS FORM: F-6)

                                          STATION:   Downtown Kansas City MO
                                          MONTH:     APRIL
                                          YEAR:      2019
                                          LATITUDE:   39  7 N
                                          LONGITUDE:  94 36 W

  TEMPERATURE IN F:       :PCPN:    SNOW:  WIND      :SUNSHINE: SKY     :PK WND
================================================================================
1   2   3   4   5  6A  6B    7    8   9   10  11  12  13   14  15   16   17  18
                                     12Z  AVG MX 2MIN
DY MAX MIN AVG DEP HDD CDD  WTR  SNW DPTH SPD SPD DIR MIN PSBL S-S WX    SPD DR
================================================================================

 1  59  33  46  -6  19   0 0.00    M    M  9.2 17 210   M    M   0        25 210
 2  58  41  50  -2  15   0    T    M    M  6.5 15 290   M    M   4        22 320
 3  68  51  60   8   5   0    T    M    M  8.5 17 150   M    M   6        24 160
 4  58  50  54   1  11   0 0.02    M    M  5.8 14 160   M    M  10 1      18 170
 5  66  42  54   1  11   0 0.00    M    M  5.1 12 150   M    M   5 12     16 140
 6  78  50  64  11   1   0 0.31    M    M  7.8 18 300   M    M   2 13     25 170
 7  74  57  66  12   0   1 0.00    M    M  8.4 20 310   M    M   5        27 330
 8  80  49  65  11   0   0 0.00    M    M  2.8 14 230   M    M   0 1      19 240
 9  79  56  68  14   0   3 0.00    M    M  7.7 15 130   M    M   0        24  40
10  87  58  73  18   0   8    T    M    M 13.0 32 160   M    M   0        45 150
11  76  39  58   3   7   0    T    M    M 19.9 32 230   M    M   6 3      45 220
12  57  34  46 -10  19   0 0.00    M    M 15.2 25 250   M    M   0        41 250
13  57  34  46 -10  19   0 0.00    M    M  9.0 23  20   M    M   0        30  20
14  58  40  49  -7  16   0 0.00    M    M  9.4 20 360   M    M   1        27 320
15  80  47  64   8   1   0 0.00    M    M 10.8 23 200   M    M   1        30 170
16  84  63  74  17   0   9 0.00    M    M 12.5 23 190   M    M   0        31 180
17  79  54  67  10   0   2 0.57    M    M 10.9 24 190   M    M   8 13     32 200
18  62  49  56  -2   9   0 0.02    M    M 12.9 22 360   M    M   6 1      31 330
19  64  44  54  -4  11   0 0.00    M    M 10.5 24 350   M    M   0        32 310
================================================================================
SM 1324  891       144  23  0.92    M    185.9          M       54
================================================================================
AV 69.7 46.9                               9.8 FASTST   M    M   3    MAX(MPH)
                                 MISC ---->  # 32 160               # 45  150
================================================================================
NOTES:
# LAST OF SEVERAL OCCURRENCES

COLUMN 17 PEAK WIND IN M.P.H.

PRELIMINARY LOCAL CLIMATOLOGICAL DATA (WS FORM: F-6) , PAGE 2

                                          STATION:  Downtown Kansas City MO
                                          MONTH:    APRIL
                                          YEAR:     2019
                                          LATITUDE:   39  7 N
                                          LONGITUDE:  94 36 W

[TEMPERATURE DATA]      [PRECIPITATION DATA]       SYMBOLS USED IN COLUMN 16

AVERAGE MONTHLY: 58.3   TOTAL FOR MONTH:   0.92    1 = FOG OR MIST
DPTR FM NORMAL:   3.5   DPTR FM NORMAL:   -1.18    2 = FOG REDUCING VISIBILITY
HIGHEST:    87 ON 10    GRTST 24HR  0.57 ON 17-17      TO 1/4 MILE OR LESS
LOWEST:     33 ON  1                               3 = THUNDER
                        SNOW, ICE PELLETS, HAIL    4 = ICE PELLETS
                        TOTAL MONTH:    M          5 = HAIL
                        GRTST 24HR    M  ON   M    6 = FREEZING RAIN OR DRIZZLE
                        GRTST DEPTH:  M  ON   M    7 = DUSTSTORM OR SANDSTORM:
                                                       VSBY 1/2 MILE OR LESS
                                                   8 = SMOKE OR HAZE
[NO. OF DAYS WITH]      [WEATHER - DAYS WITH]      9 = BLOWING SNOW
                                                   X = TORNADO
MAX 32 OR BELOW:   0    0.01 INCH OR MORE:   4
MAX 90 OR ABOVE:   0    0.10 INCH OR MORE:   2
MIN 32 OR BELOW:   0    0.50 INCH OR MORE:   1
MIN  0 OR BELOW:   0    1.00 INCH OR MORE:   0

[HDD (BASE 65) ]
TOTAL THIS MO.   144    CLEAR  (SCALE 0-3)  11
DPTR FM NORMAL   -66    PTCLDY (SCALE 4-7)   6
TOTAL FM JUL 1  4769    CLOUDY (SCALE 8-10)  2
DPTR FM NORMAL   236

[CDD (BASE 65) ]
TOTAL THIS MO.    23
DPTR FM NORMAL     5    [PRESSURE DATA]
TOTAL FM JAN 1    23    HIGHEST SLP  0.00 ON M
DPTR FM NORMAL     0    LOWEST  SLP  0.00 ON M

[REMARKS]
