000
CXUS53 KMKX 180900
CF6MKE
PRELIMINARY LOCAL CLIMATOLOGICAL DATA (WS FORM: F-6)

                                          STATION:   MILWAUKEE  WI
                                          MONTH:     APRIL
                                          YEAR:      2019
                                          LATITUDE:   42 57 N
                                          LONGITUDE:  87 54 W

  TEMPERATURE IN F:       :PCPN:    SNOW:  WIND      :SUNSHINE: SKY     :PK WND
================================================================================
1   2   3   4   5  6A  6B    7    8   9   10  11  12  13   14  15   16   17  18
                                     12Z  AVG MX 2MIN
DY MAX MIN AVG DEP HDD CDD  WTR  SNW DPTH SPD SPD DIR MIN PSBL S-S WX    SPD DR
================================================================================

 1  50  24  37  -3  28   0 0.00  0.0    0 13.9 31 200   M    M   6        44 210
 2  50  39  45   4  20   0 0.02  0.0    0 11.5 22 220   M    M   7 8      30 220
 3  58  35  47   6  18   0 0.00  0.0    0 10.1 23 280   M    M   4        35 290
 4  46  38  42   0  23   0    T  0.0    0  9.9 18  70   M    M  10        26  60
 5  51  37  44   2  21   0    T  0.0    0  5.8 14 120   M    M   8 18     17 130
 6  55  41  48   6  17   0 0.00  0.0    0  7.2 15 140   M    M   8 18     19 140
 7  60  40  50   8  15   0 0.31  0.0    0  5.0 15 270   M    M   9 18     24 280
 8  73  51  62  19   3   0 0.00  0.0    0 10.6 28 330   M    M   3 1      40 350
 9  66  36  51   8  14   0 0.00  0.0    0 12.2 25  40   M    M   5        34 270
10  38  33  36  -8  29   0 0.36  0.9    0 15.7 30  80   M    M  10 1234   41  70
11  42  34  38  -6  27   0 0.28    T    T 20.7 32  80   M    M   9 13     44  70
12  47  38  43  -1  22   0 0.02  0.0    0 17.1 32 240   M    M   8 1      47 240
13  46  35  41  -4  24   0 0.00  0.0    0 12.6 21 240   M    M   6        30 270
14  38  32  35 -10  30   0 0.47  4.9    0 15.9 25  10   M    M  10 12     37 360
15  51  31  41  -4  24   0    T  0.0    4  7.4 15 210   M    M   5        21 190
16  59  40  50   4  15   0 0.05  0.0    0  8.5 16  20   M    M   9 1      23  20
17  68  41  55   9  10   0    T  0.0    0 10.5 21  80   M    M   9 18     28 210
================================================================================
SM  898  625       340   0  1.51     5.8 194.6          M      126
================================================================================
AV 52.8 36.8                              11.4 FASTST   M    M   7    MAX(MPH)
                                 MISC ---->  # 32  80               # 47  240
================================================================================
NOTES:
# LAST OF SEVERAL OCCURRENCES

COLUMN 17 PEAK WIND IN M.P.H.

PRELIMINARY LOCAL CLIMATOLOGICAL DATA (WS FORM: F-6) , PAGE 2

                                          STATION:  MILWAUKEE  WI
                                          MONTH:    APRIL
                                          YEAR:     2019
                                          LATITUDE:   42 57 N
                                          LONGITUDE:  87 54 W

[TEMPERATURE DATA]      [PRECIPITATION DATA]       SYMBOLS USED IN COLUMN 16

AVERAGE MONTHLY: 44.8   TOTAL FOR MONTH:   1.51    1 = FOG OR MIST
DPTR FM NORMAL:   1.6   DPTR FM NORMAL:   -0.55    2 = FOG REDUCING VISIBILITY
HIGHEST:    73 ON  8    GRTST 24HR  0.47 ON 14-14      TO 1/4 MILE OR LESS
LOWEST:     24 ON  1                               3 = THUNDER
                        SNOW, ICE PELLETS, HAIL    4 = ICE PELLETS
                        TOTAL MONTH:   5.8 INCHES  5 = HAIL
                        GRTST 24HR   4.9 ON 14-14  6 = FREEZING RAIN OR DRIZZLE
                        GRTST DEPTH:   4 ON 15     7 = DUSTSTORM OR SANDSTORM:
                                                       VSBY 1/2 MILE OR LESS
                                                   8 = SMOKE OR HAZE
[NO. OF DAYS WITH]      [WEATHER - DAYS WITH]      9 = BLOWING SNOW
                                                   X = TORNADO
MAX 32 OR BELOW:   0    0.01 INCH OR MORE:   7
MAX 90 OR ABOVE:   0    0.10 INCH OR MORE:   4
MIN 32 OR BELOW:   3    0.50 INCH OR MORE:   0
MIN  0 OR BELOW:   0    1.00 INCH OR MORE:   0

[HDD (BASE 65) ]
TOTAL THIS MO.   340    CLEAR  (SCALE 0-3)   0
DPTR FM NORMAL   -32    PTCLDY (SCALE 4-7)  10
TOTAL FM JUL 1  6260    CLOUDY (SCALE 8-10)  7
DPTR FM NORMAL   -21

[CDD (BASE 65) ]
TOTAL THIS MO.     0
DPTR FM NORMAL     0    [PRESSURE DATA]
TOTAL FM JAN 1     0    HIGHEST SLP M ON M
DPTR FM NORMAL     0    LOWEST  SLP 29.47 ON 17

[REMARKS]
