000
CXUS53 KGRR 211017
CF6MKG
PRELIMINARY LOCAL CLIMATOLOGICAL DATA (WS FORM: F-6)

                                          STATION:   MUSKEGON
                                          MONTH:     JULY
                                          YEAR:      2019
                                          LATITUDE:   43 10 N
                                          LONGITUDE:  86 14 W

  TEMPERATURE IN F:       :PCPN:    SNOW:  WIND      :SUNSHINE: SKY     :PK WND
================================================================================
1   2   3   4   5  6A  6B    7    8   9   10  11  12  13   14  15   16   17  18
                                     12Z  AVG MX 2MIN
DY MAX MIN AVG DEP HDD CDD  WTR  SNW DPTH SPD SPD DIR MIN PSBL S-S WX    SPD DR
================================================================================

 1  81  63  72   2   0   7 0.00  0.0    0  4.2 13 260   M    M   5 1      17 260
 2  85  69  77   7   0  12 2.12  0.0    0  4.8 32 250   M    M   4 138    49 260
 3  85  68  77   7   0  12 0.00  0.0    0  4.6 12 250   M    M   7 18     15 230
 4  88  70  79   8   0  14 0.00  0.0    0  6.2 15 230   M    M   4        19 220
 5  85  72  79   8   0  14 0.00  0.0    0  5.9 14 220   M    M   5 18     19 230
 6  90  72  81  10   0  16 0.00  0.0    0  8.0 18  70   M    M   6        25  60
 7  85  66  76   5   0  11 0.00  0.0    0  8.1 17  60   M    M   7        25  70
 8  79  58  69  -2   0   4 0.00  0.0    0  4.5 10 290   M    M   2        14 290
 9  84  57  71   0   0   6 0.00  0.0    0  6.0 16 220   M    M   4        22 210
10  88  68  78   7   0  13    T  0.0    0 10.3 17 190   M    M   4 3      23 230
11  81  62  72   1   0   7 0.00  0.0    0  8.3 22  10   M    M   3        31 330
12  77  51  64  -7   1   0 0.00  0.0    0  6.0 14 210   M    M   2        20 260
13  87  69  78   7   0  13 0.00  0.0    0  9.1 16 340   M    M   4        22 330
14  85  61  73   2   0   8 0.00  0.0    0  3.5 13 240   M    M   3        17 250
15  87  67  77   6   0  12 0.00  0.0    0 10.5 22 220   M    M   5        35 230
16  84  70  77   6   0  12 0.00  0.0    0  9.0 20 190   M    M   6 1      27 200
17  89  56  73   2   0   8 0.00  0.0    0  4.7 14 270   M    M   6 128    17 300
18  84  72  78   7   0  13 0.08  0.0    0 10.6 35 180   M    M   5 1      52 190
19  89  76  83  12   0  18 0.01  0.0    0 11.4 23 210   M    M   7        37 200
20  89  71  80   9   0  15 0.51  0.0    0  8.5 39 310   M    M   8 13     65 300
================================================================================
SM 1702 1318         1 215  2.72     0.0 144.2          M       97
================================================================================
AV 85.1 65.9                               7.2 FASTST   M    M   5    MAX(MPH)
                                 MISC ---->  # 39 310               # 65  300
================================================================================
NOTES:
# LAST OF SEVERAL OCCURRENCES

COLUMN 17 PEAK WIND IN M.P.H.

PRELIMINARY LOCAL CLIMATOLOGICAL DATA (WS FORM: F-6) , PAGE 2

                                          STATION:  MUSKEGON
                                          MONTH:    JULY
                                          YEAR:     2019
                                          LATITUDE:   43 10 N
                                          LONGITUDE:  86 14 W

[TEMPERATURE DATA]      [PRECIPITATION DATA]       SYMBOLS USED IN COLUMN 16

AVERAGE MONTHLY: 75.5   TOTAL FOR MONTH:   2.72    1 = FOG OR MIST
DPTR FM NORMAL:   4.7   DPTR FM NORMAL:    1.28    2 = FOG REDUCING VISIBILITY
HIGHEST:    90 ON  6    GRTST 24HR  2.12 ON  2- 2      TO 1/4 MILE OR LESS
LOWEST:     51 ON 12                               3 = THUNDER
                        SNOW, ICE PELLETS, HAIL    4 = ICE PELLETS
                        TOTAL MONTH:   0.0 INCH    5 = HAIL
                        GRTST 24HR     0.0         6 = FREEZING RAIN OR DRIZZLE
                        GRTST DEPTH:   0           7 = DUSTSTORM OR SANDSTORM:
                                                       VSBY 1/2 MILE OR LESS
                                                   8 = SMOKE OR HAZE
[NO. OF DAYS WITH]      [WEATHER - DAYS WITH]      9 = BLOWING SNOW
                                                   X = TORNADO
MAX 32 OR BELOW:   0    0.01 INCH OR MORE:   4
MAX 90 OR ABOVE:   1    0.10 INCH OR MORE:   2
MIN 32 OR BELOW:   0    0.50 INCH OR MORE:   2
MIN  0 OR BELOW:   0    1.00 INCH OR MORE:   1

[HDD (BASE 65) ]
TOTAL THIS MO.     1    CLEAR  (SCALE 0-3)   4
DPTR FM NORMAL    -3    PTCLDY (SCALE 4-7)  15
TOTAL FM JUL 1     1    CLOUDY (SCALE 8-10)  1
DPTR FM NORMAL    -3

[CDD (BASE 65) ]
TOTAL THIS MO.   215
DPTR FM NORMAL    84    [PRESSURE DATA]
TOTAL FM JAN 1   298    HIGHEST SLP M ON M
DPTR FM NORMAL    33    LOWEST  SLP 29.73 ON 20

[REMARKS]
