000
CXHW52 PHFO 221250
CF6MKK
PRELIMINARY LOCAL CLIMATOLOGICAL DATA (WS FORM: F-6)

                                          STATION:   MOLOKAI HI
                                          MONTH:     AUGUST
                                          YEAR:      2019
                                          LATITUDE:   21  8 N
                                          LONGITUDE: 157  6 W

  TEMPERATURE IN F:       :PCPN:    SNOW:  WIND      :SUNSHINE: SKY     :PK WND
================================================================================
1   2   3   4   5  6A  6B    7    8   9   10  11  12  13   14  15   16   17  18
                                     12Z  AVG MX 2MIN
DY MAX MIN AVG DEP HDD CDD  WTR  SNW DPTH SPD SPD DIR MIN PSBL S-S WX    SPD DR
================================================================================

 1  87  77  82   4   0  17    T  0.0    M 15.3 25  60   M    M   M        36  60
 2  90  79  85   7   0  20 0.00  0.0    M 14.6 23  50   M    M   M        32  30
 3  93  76  85   7   0  20 0.00  0.0    M  7.1 18  50   M    M   M        28  50
 4  92  74  83   5   0  18 0.00  0.0    M  7.1 17 180   M    M   M        23 180
 5  90  76  83   5   0  18    T  0.0    M 10.3 23  50   M    M   M        31  40
 6  90  73  82   4   0  17 0.00  0.0    M  6.9 14 160   M    M   M        22 160
 7  88  71  80   2   0  15 0.01  0.0    M  4.2 12 180   M    M   M        15 140
 8  90  68  79   1   0  14 0.00  0.0    M  5.9 17  10   M    M   M        23 360
 9  90  70  80   2   0  15 0.00  0.0    M  4.1 14 180   M    M   M        19 360
10  92  71  82   4   0  17 0.00  0.0    M  4.4 13 180   M    M   M        17 200
11  91  73  82   4   0  17 0.00  0.0    M  4.5 15 140   M    M   M        22 130
12  91  72  82   4   0  17 0.00  0.0    M  8.0 17  60   M    M   M        23  50
13  90  71  81   3   0  16 0.00  0.0    M  7.6 18  30   M    M   M        26  40
14  92  69  81   3   0  16 0.00  0.0    M  7.5 20  50   M    M   M        26  50
15  93  76  85   7   0  20 0.00  0.0    M 11.3 21  50   M    M   M        28  50
16  91  78  85   7   0  20 0.00  0.0    M 11.0 22  50   M    M   M        29  50
17  93  77  85   7   0  20 0.00  0.0    M 12.3 23  50   M    M   M        30  40
18  89  74  82   4   0  17 0.00  0.0    M  9.8 21  30   M    M   M        28  30
19  88  75  82   4   0  17    T  0.0    M 10.9 20  30   M    M   M        28  40
20  89  77  83   5   0  18 0.00  0.0    M 11.6 22  60   M    M   M        29  50
21  89  77  83   4   0  18    T  0.0    M 12.7 23  50   M    M   M        33  50
================================================================================
SM 1898 1554         0 367  0.01     0.0 187.1          M        M
================================================================================
AV 90.4 74.0                               8.9 FASTST   M    M   0    MAX(MPH)
                                 MISC ---->  # 25  60               # 36   60
================================================================================
NOTES:
# LAST OF SEVERAL OCCURRENCES

COLUMN 17 PEAK WIND IN M.P.H.

PRELIMINARY LOCAL CLIMATOLOGICAL DATA (WS FORM: F-6) , PAGE 2

                                          STATION:  MOLOKAI HI
                                          MONTH:    AUGUST
                                          YEAR:     2019
                                          LATITUDE:   21  8 N
                                          LONGITUDE: 157  6 W

[TEMPERATURE DATA]      [PRECIPITATION DATA]       SYMBOLS USED IN COLUMN 16

AVERAGE MONTHLY: 82.2   TOTAL FOR MONTH:   0.01    1 = FOG OR MIST
DPTR FM NORMAL:   4.1   DPTR FM NORMAL:   -0.43    2 = FOG REDUCING VISIBILITY
HIGHEST:    93 ON 17,15 GRTST 24HR  0.02 ON 31- 1      TO 1/4 MILE OR LESS
LOWEST:     68 ON  8                               3 = THUNDER
                        SNOW, ICE PELLETS, HAIL    4 = ICE PELLETS
                        TOTAL MONTH:   0.0 INCH    5 = HAIL
                        GRTST 24HR     0.0         6 = FREEZING RAIN OR DRIZZLE
                        GRTST DEPTH:  M  ON   M    7 = DUSTSTORM OR SANDSTORM:
                                                       VSBY 1/2 MILE OR LESS
                                                   8 = SMOKE OR HAZE
[NO. OF DAYS WITH]      [WEATHER - DAYS WITH]      9 = BLOWING SNOW
                                                   X = TORNADO
MAX 32 OR BELOW:   0    0.01 INCH OR MORE:   1
MAX 90 OR ABOVE:  15    0.10 INCH OR MORE:   0
MIN 32 OR BELOW:   0    0.50 INCH OR MORE:   0
MIN  0 OR BELOW:   0    1.00 INCH OR MORE:   0

[HDD (BASE 65) ]
TOTAL THIS MO.     0    CLEAR  (SCALE 0-3)   0
DPTR FM NORMAL     0    PTCLDY (SCALE 4-7)   0
TOTAL FM JUL 1     0    CLOUDY (SCALE 8-10)  0
DPTR FM NORMAL     0

[CDD (BASE 65) ]
TOTAL THIS MO.   367
DPTR FM NORMAL    88    [PRESSURE DATA]
TOTAL FM JAN 1  2526    HIGHEST SLP M ON M
DPTR FM NORMAL   487    LOWEST  SLP 29.92 ON M

[REMARKS]
