000
CXHW52 PHFO 231250
CF6MKK
PRELIMINARY LOCAL CLIMATOLOGICAL DATA (WS FORM: F-6)

                                          STATION:   MOLOKAI HI
                                          MONTH:     APRIL
                                          YEAR:      2019
                                          LATITUDE:   21  8 N
                                          LONGITUDE: 157  6 W

  TEMPERATURE IN F:       :PCPN:    SNOW:  WIND      :SUNSHINE: SKY     :PK WND
================================================================================
1   2   3   4   5  6A  6B    7    8   9   10  11  12  13   14  15   16   17  18
                                     12Z  AVG MX 2MIN
DY MAX MIN AVG DEP HDD CDD  WTR  SNW DPTH SPD SPD DIR MIN PSBL S-S WX    SPD DR
================================================================================

 1  82  60  71  -1   0   6 0.00  0.0    M  6.7 16 350   M    M   M        23 330
 2  79  70  75   3   0  10 0.00  0.0    M 11.6 21  40   M    M   M        29  40
 3  80  70  75   3   0  10 0.00  0.0    M 12.7 23  30   M    M   M        31  30
 4  84  68  76   4   0  11 0.00  0.0    M  8.8 17  50   M    M   M        27  30
 5  83  59  71  -1   0   6 0.00  0.0    M  4.0 14 350   M    M   M        20 350
 6  86  59  73   1   0   8 0.00  0.0    M  4.6 16 280   M    M   M        19 280
 7  83  63  73   1   0   8 0.00  0.0    M  7.7 17 360   M    M   M        22  30
 8  84  67  76   4   0  11 0.00  0.0    M  8.3 20  30   M    M   M        31  40
 9  83  71  77   5   0  12 0.11  0.0    M 12.3 23  50   M    M   M 1      33  60
10  82  73  78   6   0  13    T  0.0    M 15.4 25  50   M    M   M        34  60
11  82  72  77   5   0  12 0.03  0.0    M 17.5 30  60   M    M   M        45  50
12  82  71  77   5   0  12 0.01  0.0    M 14.7 29  50   M    M   M        40  60
13  82  72  77   5   0  12    T  0.0    M 17.6 30  60   M    M   M        42  60
14  81  72  77   5   0  12 0.01  0.0    M 17.7 30  60   M    M   M        41  60
15  82  69  76   3   0  11 0.00  0.0    M 14.1 25  60   M    M   M        34  40
16  84  59  72  -1   0   7    T  0.0    M  6.6 15  50   M    M   M 1      20  50
17  84  66  75   2   0  10 0.00  0.0    M  9.0 22  50   M    M   M        33  30
18  86  71  79   6   0  14 0.00  0.0    M 10.7 18  50   M    M   M        26  50
19  84  70  77   4   0  12    T  0.0    M 13.7 26  60   M    M   M        33  50
20  81  71  76   3   0  11 0.01  0.0    M 14.4 23  30   M    M   M 1      35  40
21  85  73  79   6   0  14 0.00  0.0    M 14.0 22  50   M    M   M        31  50
22  84  69  77   4   0  12 0.00  0.0    M 12.7 24  50   M    M   M        32  50
================================================================================
SM 1823 1495         0 234  0.17     0.0 254.8          M        M
================================================================================
AV 82.9 68.0                              11.6 FASTST   M    M   0    MAX(MPH)
                                 MISC ---->  # 30  60               # 45   50
================================================================================
NOTES:
# LAST OF SEVERAL OCCURRENCES

COLUMN 17 PEAK WIND IN M.P.H.

PRELIMINARY LOCAL CLIMATOLOGICAL DATA (WS FORM: F-6) , PAGE 2

                                          STATION:  MOLOKAI HI
                                          MONTH:    APRIL
                                          YEAR:     2019
                                          LATITUDE:   21  8 N
                                          LONGITUDE: 157  6 W

[TEMPERATURE DATA]      [PRECIPITATION DATA]       SYMBOLS USED IN COLUMN 16

AVERAGE MONTHLY: 75.4   TOTAL FOR MONTH:   0.17    1 = FOG OR MIST
DPTR FM NORMAL:   3.0   DPTR FM NORMAL:   -1.35    2 = FOG REDUCING VISIBILITY
HIGHEST:    86 ON 18, 6 GRTST 24HR  0.11 ON  9- 9      TO 1/4 MILE OR LESS
LOWEST:     59 ON 16, 6                            3 = THUNDER
                        SNOW, ICE PELLETS, HAIL    4 = ICE PELLETS
                        TOTAL MONTH:   0.0 INCH    5 = HAIL
                        GRTST 24HR     0.0         6 = FREEZING RAIN OR DRIZZLE
                        GRTST DEPTH:  M  ON   M    7 = DUSTSTORM OR SANDSTORM:
                                                       VSBY 1/2 MILE OR LESS
                                                   8 = SMOKE OR HAZE
[NO. OF DAYS WITH]      [WEATHER - DAYS WITH]      9 = BLOWING SNOW
                                                   X = TORNADO
MAX 32 OR BELOW:   0    0.01 INCH OR MORE:   5
MAX 90 OR ABOVE:   0    0.10 INCH OR MORE:   1
MIN 32 OR BELOW:   0    0.50 INCH OR MORE:   0
MIN  0 OR BELOW:   0    1.00 INCH OR MORE:   0

[HDD (BASE 65) ]
TOTAL THIS MO.     0    CLEAR  (SCALE 0-3)   0
DPTR FM NORMAL     0    PTCLDY (SCALE 4-7)   0
TOTAL FM JUL 1    35    CLOUDY (SCALE 8-10)  0
DPTR FM NORMAL    32

[CDD (BASE 65) ]
TOTAL THIS MO.   234
DPTR FM NORMAL    71    [PRESSURE DATA]
TOTAL FM JAN 1   766    HIGHEST SLP M ON M
DPTR FM NORMAL    92    LOWEST  SLP 29.98 ON  1

[REMARKS]
