000
CXUS54 KMEG 220736
CF6MKL
PRELIMINARY LOCAL CLIMATOLOGICAL DATA (WS FORM: F-6)

                                          STATION:   JACKSON
                                          MONTH:     FEBRUARY
                                          YEAR:      2019
                                          LATITUDE:   35 35 N
                                          LONGITUDE:  88 55 W

  TEMPERATURE IN F:       :PCPN:    SNOW:  WIND      :SUNSHINE: SKY     :PK WND
================================================================================
1   2   3   4   5  6A  6B    7    8   9   10  11  12  13   14  15   16   17  18
                                     12Z  AVG MX 2MIN
DY MAX MIN AVG DEP HDD CDD  WTR  SNW DPTH SPD SPD DIR MIN PSBL S-S WX    SPD DR
================================================================================

 1  52  40  46   7  19   0 0.01  0.0    0  2.6 10 190   M    M  10        16 180
 2  68  35  52  13  13   0 0.00  0.0    0  2.7 13 200   M    M   5        16 210
 3  71  36  54  14  11   0 0.00  0.0    0  5.7 16 200   M    M   2        21 190
 4  63  57  60  20   5   0 0.02  0.0    0  9.2 17 190   M    M  10        25 210
 5  71  59  65  25   0   0 0.02  0.0    0  7.2 13 180   M    M   9 12     19 170
 6  72  61  67  27   0   2 1.70  0.0    0  9.1 26 340   M    M  10 13     32 340
 7  72  32  52  12  13   0 0.82  0.0    0 15.1 29 280   M    M   9 1      38 280
 8  33  23  28 -13  37   0 0.00  0.0    0 11.7 22 340   M    M   2        26 320
 9  42  22  32  -9  33   0 0.00  0.0    0  9.3 20  30   M    M   2        25  30
10  47  35  41   0  24   0 0.42  0.0    0  3.5 12 160   M    M  10 1      15 130
11  61  45  53  12  12   0 1.89    M    0  5.6 20 290   M    M  10 1      23 290
12  57  38  48   6  17   0 0.52  0.0    0 10.7 29 300   M    M   6 1      37 300
13  55  28  42   0  23   0 0.00  0.0    0  5.9 14 190   M    M   0        17 180
14  60  46  53  11  12   0 0.00  0.0    0 14.5 30 200   M    M   2        40 200
15  53  34  44   2  21   0 0.31  0.0    0 11.5 20  30   M    M   7 1      23  40
16  41  31  36  -7  29   0 0.00  0.0    0  9.1 18  10   M    M   9 1      24 350
17  46  36  41  -2  24   0 0.24  0.0    0  6.9 17 320   M    M   9 13     20 310
18  41  30  36  -7  29   0 0.00  0.0    0 10.5 20  20   M    M   0        23 320
19  44  35  40  -3  25   0 0.58    T    0 10.2 14  80   M    M   7 134    21  80
20  55  32  44   0  21   0 0.86  0.0    0  6.6 17 280   M    M   9 123    22 280
21  49  30  40  -4  25   0 0.23  0.0    0  5.8 14  80   M    M   9 12     19  80
================================================================================
SM 1153  785       393   2  7.62    T    173.4          M      137
================================================================================
AV 54.9 37.4                               8.3 FASTST   M    M   7    MAX(MPH)
                                 MISC ---->  # 30 200               # 40  200
================================================================================
NOTES:
# LAST OF SEVERAL OCCURRENCES

COLUMN 17 PEAK WIND IN M.P.H.

PRELIMINARY LOCAL CLIMATOLOGICAL DATA (WS FORM: F-6) , PAGE 2

                                          STATION:  JACKSON
                                          MONTH:    FEBRUARY
                                          YEAR:     2019
                                          LATITUDE:   35 35 N
                                          LONGITUDE:  88 55 W

[TEMPERATURE DATA]      [PRECIPITATION DATA]       SYMBOLS USED IN COLUMN 16

AVERAGE MONTHLY: 46.1   TOTAL FOR MONTH:   7.62    1 = FOG OR MIST
DPTR FM NORMAL:   4.7   DPTR FM NORMAL:    4.48    2 = FOG REDUCING VISIBILITY
HIGHEST:    72 ON  7, 6 GRTST 24HR  1.89 ON 11-11      TO 1/4 MILE OR LESS
LOWEST:     22 ON  9                               3 = THUNDER
                        SNOW, ICE PELLETS, HAIL    4 = ICE PELLETS
                        TOTAL MONTH:    T          5 = HAIL
                        GRTST 24HR    T  ON 19-19  6 = FREEZING RAIN OR DRIZZLE
                        GRTST DEPTH:   0           7 = DUSTSTORM OR SANDSTORM:
                                                       VSBY 1/2 MILE OR LESS
                                                   8 = SMOKE OR HAZE
[NO. OF DAYS WITH]      [WEATHER - DAYS WITH]      9 = BLOWING SNOW
                                                   X = TORNADO
MAX 32 OR BELOW:   0    0.01 INCH OR MORE:  13
MAX 90 OR ABOVE:   0    0.10 INCH OR MORE:  10
MIN 32 OR BELOW:   8    0.50 INCH OR MORE:   6
MIN  0 OR BELOW:   0    1.00 INCH OR MORE:   2

[HDD (BASE 65) ]
TOTAL THIS MO.   393    CLEAR  (SCALE 0-3)   6
DPTR FM NORMAL  -103    PTCLDY (SCALE 4-7)   4
TOTAL FM JUL 1  2664    CLOUDY (SCALE 8-10) 11
DPTR FM NORMAL   -81

[CDD (BASE 65) ]
TOTAL THIS MO.     2
DPTR FM NORMAL     2    [PRESSURE DATA]
TOTAL FM JAN 1     2    HIGHEST SLP M ON M
DPTR FM NORMAL     2    LOWEST  SLP 29.70 ON 17

[REMARKS]
