000
CXUS54 KMEG 180644
CF6MKL
PRELIMINARY LOCAL CLIMATOLOGICAL DATA (WS FORM: F-6)

                                          STATION:   JACKSON
                                          MONTH:     AUGUST
                                          YEAR:      2019
                                          LATITUDE:   35 35 N
                                          LONGITUDE:  88 55 W

  TEMPERATURE IN F:       :PCPN:    SNOW:  WIND      :SUNSHINE: SKY     :PK WND
================================================================================
1   2   3   4   5  6A  6B    7    8   9   10  11  12  13   14  15   16   17  18
                                     12Z  AVG MX 2MIN
DY MAX MIN AVG DEP HDD CDD  WTR  SNW DPTH SPD SPD DIR MIN PSBL S-S WX    SPD DR
================================================================================

 1  88  65  77  -2   0  12 0.00  0.0    0  3.6 14 360   M    M   0 1      17 340
 2  88  63  76  -3   0  11 0.00  0.0    0  4.5 13 340   M    M   1 1      15 320
 3  92  67  80   1   0  15 0.00  0.0    0  2.6 18  70   M    M   1 13     22  70
 4  91  69  80   1   0  15 1.23  0.0    0  2.6 20  80   M    M   4 123    23  70
 5  87  68  78  -1   0  13 0.00  0.0    0  1.7  8 190   M    M   5 12     10 190
 6  91  68  80   1   0  15 0.64  0.0    0  5.9 37  10   M    M   1 13     48 360
 7  87  69  78  -1   0  13 0.31  0.0    0  5.5 26  10   M    M   2 13     33  10
 8  86  65  76  -3   0  11 0.00  0.0    0  2.7 12 260   M    M   4 12     14 260
 9  86  73  80   1   0  15 0.13  0.0    0  1.7  9 270   M    M   4 1      12 280
10  89  72  81   2   0  16 0.00  0.0    0  2.3 10 340   M    M   4 12     15 340
11  91  70  81   2   0  16 0.00  0.0    0  1.2  7 330   M    M   2 12     10  10
12  94  72  83   4   0  18 0.00  0.0    0  4.2 10 240   M    M   1 1      14 190
13  96  77  87   8   0  22 0.07  0.0    0  6.8 14 280   M    M   1 13     20 290
14  90  70  80   1   0  15 0.08  0.0    0  4.6 14 340   M    M   1 13     18  10
15  89  66  78  -1   0  13 0.00  0.0    0  3.8 14 330   M    M   0 1      17 330
16  89  63  76  -3   0  11 0.00  0.0    0  2.5 10 280   M    M   0 1      15 250
17  93  67  80   1   0  15 0.00  0.0    0  2.5  9 240   M    M   0 1      16 230
================================================================================
SM 1527 1164         0 246  2.46     0.0  58.7          M       31
================================================================================
AV 89.8 68.5                               3.5 FASTST   M    M   2    MAX(MPH)
                                 MISC ---->  # 37  10               # 48  360
================================================================================
NOTES:
# LAST OF SEVERAL OCCURRENCES

COLUMN 17 PEAK WIND IN M.P.H.

PRELIMINARY LOCAL CLIMATOLOGICAL DATA (WS FORM: F-6) , PAGE 2

                                          STATION:  JACKSON
                                          MONTH:    AUGUST
                                          YEAR:     2019
                                          LATITUDE:   35 35 N
                                          LONGITUDE:  88 55 W

[TEMPERATURE DATA]      [PRECIPITATION DATA]       SYMBOLS USED IN COLUMN 16

AVERAGE MONTHLY: 79.2   TOTAL FOR MONTH:   2.46    1 = FOG OR MIST
DPTR FM NORMAL:   0.1   DPTR FM NORMAL:    0.66    2 = FOG REDUCING VISIBILITY
HIGHEST:    96 ON 13    GRTST 24HR  1.23 ON  4- 4      TO 1/4 MILE OR LESS
LOWEST:     63 ON 16, 2                            3 = THUNDER
                        SNOW, ICE PELLETS, HAIL    4 = ICE PELLETS
                        TOTAL MONTH:   0.0 INCH    5 = HAIL
                        GRTST 24HR     0.0         6 = FREEZING RAIN OR DRIZZLE
                        GRTST DEPTH:   0           7 = DUSTSTORM OR SANDSTORM:
                                                       VSBY 1/2 MILE OR LESS
                                                   8 = SMOKE OR HAZE
[NO. OF DAYS WITH]      [WEATHER - DAYS WITH]      9 = BLOWING SNOW
                                                   X = TORNADO
MAX 32 OR BELOW:   0    0.01 INCH OR MORE:   6
MAX 90 OR ABOVE:   8    0.10 INCH OR MORE:   4
MIN 32 OR BELOW:   0    0.50 INCH OR MORE:   2
MIN  0 OR BELOW:   0    1.00 INCH OR MORE:   1

[HDD (BASE 65) ]
TOTAL THIS MO.     0    CLEAR  (SCALE 0-3)  12
DPTR FM NORMAL     0    PTCLDY (SCALE 4-7)   5
TOTAL FM JUL 1     0    CLOUDY (SCALE 8-10)  0
DPTR FM NORMAL     0

[CDD (BASE 65) ]
TOTAL THIS MO.   246
DPTR FM NORMAL     8    [PRESSURE DATA]
TOTAL FM JAN 1  1278    HIGHEST SLP M ON M
DPTR FM NORMAL    37    LOWEST  SLP 29.82 ON M

[REMARKS]
