000
CXUS52 KMLB 200631
CF6MLB
PRELIMINARY LOCAL CLIMATOLOGICAL DATA (WS FORM: F-6)

                                          STATION:   MELBOURNE
                                          MONTH:     AUGUST
                                          YEAR:      2019
                                          LATITUDE:   28  6 N
                                          LONGITUDE:  80 39 W

  TEMPERATURE IN F:       :PCPN:    SNOW:  WIND      :SUNSHINE: SKY     :PK WND
================================================================================
1   2   3   4   5  6A  6B    7    8   9   10  11  12  13   14  15   16   17  18
                                     12Z  AVG MX 2MIN
DY MAX MIN AVG DEP HDD CDD  WTR  SNW DPTH SPD SPD DIR MIN PSBL S-S WX    SPD DR
================================================================================

 1  89  74  82   0   0  17 0.78  0.0    0  7.1 23 150   M    M   5 13     26 100
 2  88  77  83   1   0  18 0.52  0.0    0  6.9 20  30   M    M   5 13     25  40
 3  90  76  83   1   0  18 0.33  0.0    0  6.0 15 280   M    M   5 138    19 230
 4  88  76  82   0   0  17 0.14  0.0    0  7.3 17 150   M    M   3 138    21 210
 5  90  73  82   0   0  17 0.27  0.0    0  7.9 23 330   M    M   3 13     28 330
 6  89  76  83   1   0  18 0.34  0.0    0  6.5 21 270   M    M   2 13     28 270
 7  92  75  84   2   0  19 0.41  0.0    0  5.7 25 290   M    M   3 13     31 280
 8  94  75  85   3   0  20 0.38  0.0    0  6.2 14  50   M    M   2 138    17  90
 9  93  77  85   3   0  20 0.06  0.0    0  6.2 16 310   M    M   2 38     21 290
10  93  78  86   4   0  21 0.00  0.0    0  5.6 14 320   M    M   2 38     18 320
11  94  79  87   5   0  22 0.02  0.0    0  7.4 16 170   M    M   2 13     20 170
12  91  77  84   2   0  19 0.47  0.0    0  6.8 18 240   M    M   5 138    23 240
13  91  78  85   3   0  20 0.08  0.0    0  6.1 14 220   M    M   6 138    16 220
14  92  77  85   3   0  20 0.25  0.0    0  6.8 25 210   M    M   6 13     30 230
15  91  76  84   2   0  19 0.26  0.0    0  6.6 22 270   M    M   3 13     28 270
16  92  76  84   2   0  19    T  0.0    0  9.0 25 260   M    M   2 3      33 260
17  91  75  83   1   0  18 1.93  0.0    0  6.1 24 210   M    M   3 13     29 340
18  92  76  84   2   0  19 0.00  0.0    0  5.8 16 120   M    M   2        21 120
19  91  78  85   3   0  20 0.00  0.0    0  6.5 15 130   M    M   2        21 130
================================================================================
SM 1731 1449         0 361  6.24     0.0 126.5          M       63
================================================================================
AV 91.1 76.3                               6.7 FASTST   M    M   3    MAX(MPH)
                                 MISC ---->  # 25 290               # 33  260
================================================================================
NOTES:
# LAST OF SEVERAL OCCURRENCES

COLUMN 17 PEAK WIND IN M.P.H.

PRELIMINARY LOCAL CLIMATOLOGICAL DATA (WS FORM: F-6) , PAGE 2

                                          STATION:  MELBOURNE
                                          MONTH:    AUGUST
                                          YEAR:     2019
                                          LATITUDE:   28  6 N
                                          LONGITUDE:  80 39 W

[TEMPERATURE DATA]      [PRECIPITATION DATA]       SYMBOLS USED IN COLUMN 16

AVERAGE MONTHLY: 83.7   TOTAL FOR MONTH:   6.24    1 = FOG OR MIST
DPTR FM NORMAL:   1.7   DPTR FM NORMAL:    1.53    2 = FOG REDUCING VISIBILITY
HIGHEST:    94 ON 11, 8 GRTST 24HR  1.93 ON 17-17      TO 1/4 MILE OR LESS
LOWEST:     73 ON  5                               3 = THUNDER
                        SNOW, ICE PELLETS, HAIL    4 = ICE PELLETS
                        TOTAL MONTH:   0.0 INCH    5 = HAIL
                        GRTST 24HR     0.0         6 = FREEZING RAIN OR DRIZZLE
                        GRTST DEPTH:   0           7 = DUSTSTORM OR SANDSTORM:
                                                       VSBY 1/2 MILE OR LESS
                                                   8 = SMOKE OR HAZE
[NO. OF DAYS WITH]      [WEATHER - DAYS WITH]      9 = BLOWING SNOW
                                                   X = TORNADO
MAX 32 OR BELOW:   0    0.01 INCH OR MORE:  15
MAX 90 OR ABOVE:  15    0.10 INCH OR MORE:  12
MIN 32 OR BELOW:   0    0.50 INCH OR MORE:   3
MIN  0 OR BELOW:   0    1.00 INCH OR MORE:   1

[HDD (BASE 65) ]
TOTAL THIS MO.     0    CLEAR  (SCALE 0-3)  11
DPTR FM NORMAL     0    PTCLDY (SCALE 4-7)   8
TOTAL FM JUL 1     0    CLOUDY (SCALE 8-10)  0
DPTR FM NORMAL     0

[CDD (BASE 65) ]
TOTAL THIS MO.   361
DPTR FM NORMAL    38    [PRESSURE DATA]
TOTAL FM JAN 1  2614    HIGHEST SLP M ON M
DPTR FM NORMAL   587    LOWEST  SLP 29.86 ON 14

[REMARKS]
