000
CXUS52 KMLB 211503
CF6MLB
PRELIMINARY LOCAL CLIMATOLOGICAL DATA (WS FORM: F-6)

                                          STATION:   MELBOURNE
                                          MONTH:     FEBRUARY
                                          YEAR:      2019
                                          LATITUDE:   28  6 N
                                          LONGITUDE:  80 39 W

  TEMPERATURE IN F:       :PCPN:    SNOW:  WIND      :SUNSHINE: SKY     :PK WND
================================================================================
1   2   3   4   5  6A  6B    7    8   9   10  11  12  13   14  15   16   17  18
                                     12Z  AVG MX 2MIN
DY MAX MIN AVG DEP HDD CDD  WTR  SNW DPTH SPD SPD DIR MIN PSBL S-S WX    SPD DR
================================================================================

 1  72  64  68   7   0   3 0.16  0.0    0  7.2 15 100   M    M   7 1      19 100
 2  76  61  69   8   0   4 0.00  0.0    0  6.0 16  60   M    M   2 18     19  50
 3  79  59  69   8   0   4 0.00  0.0    0  5.5 17 300   M    M   7 128    23 300
 4  71  57  64   2   1   0 0.00  0.0    0  7.9 13  60   M    M   5        18  20
 5  75  50  63   1   2   0 0.00  0.0    0  5.1 12  40   M    M   2 12     15  30
 6  77  52  65   3   0   0 0.00  0.0    0  3.7  9  60   M    M   0 1      12  70
 7  78  55  67   5   0   2 0.00  0.0    0  3.7 14 130   M    M   0 12     20 140
 8  80  57  69   7   0   4 0.00  0.0    0  4.6 14  50   M    M   3 12     17  50
 9  73  58  66   4   0   1 0.17  0.0    0 12.6 23  50   M    M   8 128    29  50
10  74  67  71   9   0   6 0.76  0.0    0 10.9 24 100   M    M   8 1      29 100
11  80  63  72  10   0   7 0.01  0.0    0  6.9 17 130   M    M   4 18     24 120
12  88  66  77  15   0  12 1.17  0.0    0  8.4 31 240   M    M   3 138    43 240
13  69  52  61  -1   4   0 1.29  0.0    0 13.8 28 360   M    M   6 13     33 360
14  75  47  61  -2   4   0 0.00  0.0    0  7.9 15  40   M    M   0        20  40
15  78  55  67   4   0   2 0.00  0.0    0  4.0 12 250   M    M   0 1      14  80
16  82  56  69   6   0   4 0.00  0.0    0  8.1 20 240   M    M   1        28 240
17  82  61  72   9   0   7 0.00  0.0    0  6.2 15 120   M    M   2 128    18 120
18  89  69  79  16   0  14 0.00  0.0    0  7.6 15 230   M    M   5        21 210
19  83  70  77  14   0  12    T  0.0    0  7.7 16 130   M    M   6 18     22 150
20  84  72  78  15   0  13 0.00  0.0    0 13.0 28 140   M    M   3        36 140
================================================================================
SM 1565 1191        11  95  3.56     0.0 150.8          M       72
================================================================================
AV 78.3 59.6                               7.5 FASTST   M    M   4    MAX(MPH)
                                 MISC ---->  # 31 240               # 43  240
================================================================================
NOTES:
# LAST OF SEVERAL OCCURRENCES

COLUMN 17 PEAK WIND IN M.P.H.

PRELIMINARY LOCAL CLIMATOLOGICAL DATA (WS FORM: F-6) , PAGE 2

                                          STATION:  MELBOURNE
                                          MONTH:    FEBRUARY
                                          YEAR:     2019
                                          LATITUDE:   28  6 N
                                          LONGITUDE:  80 39 W

[TEMPERATURE DATA]      [PRECIPITATION DATA]       SYMBOLS USED IN COLUMN 16

AVERAGE MONTHLY: 68.9   TOTAL FOR MONTH:   3.56    1 = FOG OR MIST
DPTR FM NORMAL:   6.7   DPTR FM NORMAL:    1.79    2 = FOG REDUCING VISIBILITY
HIGHEST:    89 ON 18    GRTST 24HR  1.29 ON 13-13      TO 1/4 MILE OR LESS
LOWEST:     47 ON 14                               3 = THUNDER
                        SNOW, ICE PELLETS, HAIL    4 = ICE PELLETS
                        TOTAL MONTH:   0.0 INCH    5 = HAIL
                        GRTST 24HR     0.0         6 = FREEZING RAIN OR DRIZZLE
                        GRTST DEPTH:   0           7 = DUSTSTORM OR SANDSTORM:
                                                       VSBY 1/2 MILE OR LESS
                                                   8 = SMOKE OR HAZE
[NO. OF DAYS WITH]      [WEATHER - DAYS WITH]      9 = BLOWING SNOW
                                                   X = TORNADO
MAX 32 OR BELOW:   0    0.01 INCH OR MORE:   6
MAX 90 OR ABOVE:   0    0.10 INCH OR MORE:   5
MIN 32 OR BELOW:   0    0.50 INCH OR MORE:   3
MIN  0 OR BELOW:   0    1.00 INCH OR MORE:   2

[HDD (BASE 65) ]
TOTAL THIS MO.    11    CLEAR  (SCALE 0-3)  10
DPTR FM NORMAL   -81    PTCLDY (SCALE 4-7)  10
TOTAL FM JUL 1   299    CLOUDY (SCALE 8-10)  0
DPTR FM NORMAL  -162

[CDD (BASE 65) ]
TOTAL THIS MO.    95
DPTR FM NORMAL    55    [PRESSURE DATA]
TOTAL FM JAN 1   156    HIGHEST SLP M ON M
DPTR FM NORMAL    72    LOWEST  SLP 29.81 ON 16

[REMARKS]
