214
CXUS54 KTSA 230840
CF6MLC
PRELIMINARY LOCAL CLIMATOLOGICAL DATA (WS FORM: F-6)

                                          STATION:   MCALESTER OKLAHOMA
                                          MONTH:     AUGUST
                                          YEAR:      2019
                                          LATITUDE:   34 52 N
                                          LONGITUDE:  95 47 W

  TEMPERATURE IN F:       :PCPN:    SNOW:  WIND      :SUNSHINE: SKY     :PK WND
================================================================================
1   2   3   4   5  6A  6B    7    8   9   10  11  12  13   14  15   16   17  18
                                     12Z  AVG MX 2MIN
DY MAX MIN AVG DEP HDD CDD  WTR  SNW DPTH SPD SPD DIR MIN PSBL S-S WX    SPD DR
================================================================================

 1  92  75  84   1   0  19 0.00  0.0    0  4.6 10 140   M    M   1        16 230
 2  86  76  81  -2   0  16    T  0.0    0  3.5  8 140   M    M   2        14 120
 3  84  72  78  -5   0  13 0.57  0.0    0  2.4  8 360   M    M   7 13     13  70
 4  91  72  82  -1   0  17    T  0.0    0  2.0 13  10   M    M   4 18     15  10
 5  93  71  82  -1   0  17 0.00  0.0    0  0.7  6 120   M    M   3 1       9 150
 6  97  72  85   2   0  20 0.00  0.0    0  1.7  9 210   M    M   1 1      12 280
 7  99  76  88   5   0  23 0.00  0.0    0  4.8 15 220   M    M   1        20 210
 8  94  78  86   3   0  21 0.18  0.0    0  4.9 20  20   M    M   1 13     28  20
 9  85  77  81  -2   0  16 0.11  0.0    0  3.0 12 330   M    M   4 13     15 330
10  98  76  87   4   0  22 0.00  0.0    0  5.6 15 220   M    M   2        18 250
11 100  77  89   6   0  24 0.00  0.0    0  6.0 14 210   M    M   0        18 220
12 101  73  87   4   0  22 0.00  0.0    0  6.3 17 230   M    M   0        24 230
13  93  74  84   1   0  19 0.00  0.0    0  5.8 20 350   M    M   2        25 350
14  96  74  85   2   0  20 0.00  0.0    0  4.8 13  20   M    M   1 13     19  10
15  97  72  85   2   0  20 0.00  0.0    0  4.6 16 230   M    M   1        19 210
16  98  75  87   5   0  22 0.00  0.0    0  6.5 13 150   M    M   1        22 190
17 100  76  88   6   0  23 0.00  0.0    0  7.8 15 220   M    M   1        20 230
18  98  80  89   7   0  24    T  0.0    0  6.8 15 200   M    M   0 3      24 210
19 101  79  90   8   0  25 0.00  0.0    0  5.3 14 220   M    M   0        17 260
20 102  74  88   6   0  23    T  0.0    0  4.2 15 220   M    M   1 3      21 220
21 101  75  88   6   0  23 0.26  0.0    0  4.7 18 220   M    M   2 138    31 240
22  98  74  86   4   0  21    T  0.0    0  5.4 16 220   M    M   2 3      29  90
================================================================================
SM 2104 1648         0 450  1.12     0.0 101.4          M       37
================================================================================
AV 95.6 74.9                               4.6 FASTST   M    M   2    MAX(MPH)
                                 MISC ---->  # 20  20               # 31  240
================================================================================
NOTES:
# LAST OF SEVERAL OCCURRENCES

COLUMN 17 PEAK WIND IN M.P.H.

PRELIMINARY LOCAL CLIMATOLOGICAL DATA (WS FORM: F-6) , PAGE 2

                                          STATION:  MCALESTER OKLAHOMA
                                          MONTH:    AUGUST
                                          YEAR:     2019
                                          LATITUDE:   34 52 N
                                          LONGITUDE:  95 47 W

[TEMPERATURE DATA]      [PRECIPITATION DATA]       SYMBOLS USED IN COLUMN 16

AVERAGE MONTHLY: 85.3   TOTAL FOR MONTH:   1.12    1 = FOG OR MIST
DPTR FM NORMAL:   2.6   DPTR FM NORMAL:   -0.68    2 = FOG REDUCING VISIBILITY
HIGHEST:   102 ON 20    GRTST 24HR  0.57 ON  3- 3      TO 1/4 MILE OR LESS
LOWEST:     71 ON  5                               3 = THUNDER
                        SNOW, ICE PELLETS, HAIL    4 = ICE PELLETS
                        TOTAL MONTH:   0.0 INCH    5 = HAIL
                        GRTST 24HR     0.0         6 = FREEZING RAIN OR DRIZZLE
                        GRTST DEPTH:   0           7 = DUSTSTORM OR SANDSTORM:
                                                       VSBY 1/2 MILE OR LESS
                                                   8 = SMOKE OR HAZE
[NO. OF DAYS WITH]      [WEATHER - DAYS WITH]      9 = BLOWING SNOW
                                                   X = TORNADO
MAX 32 OR BELOW:   0    0.01 INCH OR MORE:   4
MAX 90 OR ABOVE:  19    0.10 INCH OR MORE:   4
MIN 32 OR BELOW:   0    0.50 INCH OR MORE:   1
MIN  0 OR BELOW:   0    1.00 INCH OR MORE:   0

[HDD (BASE 65) ]
TOTAL THIS MO.     0    CLEAR  (SCALE 0-3)  19
DPTR FM NORMAL     0    PTCLDY (SCALE 4-7)   3
TOTAL FM JUL 1     0    CLOUDY (SCALE 8-10)  0
DPTR FM NORMAL     0

[CDD (BASE 65) ]
TOTAL THIS MO.   450
DPTR FM NORMAL    61    [PRESSURE DATA]
TOTAL FM JAN 1  1536    HIGHEST SLP M ON M
DPTR FM NORMAL     0    LOWEST  SLP 29.69 ON 17

[REMARKS]
