000
CXUS54 KTSA 220840
CF6MLC
PRELIMINARY LOCAL CLIMATOLOGICAL DATA (WS FORM: F-6)

                                          STATION:   MCALESTER OKLAHOMA
                                          MONTH:     APRIL
                                          YEAR:      2019
                                          LATITUDE:   34 52 N
                                          LONGITUDE:  95 47 W

  TEMPERATURE IN F:       :PCPN:    SNOW:  WIND      :SUNSHINE: SKY     :PK WND
================================================================================
1   2   3   4   5  6A  6B    7    8   9   10  11  12  13   14  15   16   17  18
                                     12Z  AVG MX 2MIN
DY MAX MIN AVG DEP HDD CDD  WTR  SNW DPTH SPD SPD DIR MIN PSBL S-S WX    SPD DR
================================================================================

 1  56  34  45 -13  20   0 0.00  0.0    0  4.0 14 210   M    M   3        19 210
 2  70  39  55  -3  10   0 0.00  0.0    0  8.6 20 220   M    M   2        24 210
 3  71  47  59   1   6   0 0.01  0.0    0  8.0 17 160   M    M   5 3      29 200
 4  71  50  61   3   4   0 0.19  0.0    0  4.9 16  10   M    M   7 138    23 310
 5  78  45  62   3   3   0 0.00  0.0    0  2.2  9 180   M    M   2 1      12  20
 6  70  55  63   4   2   0 0.28  0.0    0  5.9 25 100   M    M   4 13     39 100
 7  77  57  67   8   0   2 0.00  0.0    0  5.6 15 210   M    M   6 1      23 160
 8  82  52  67   8   0   2 0.00  0.0    0  5.6 17 340   M    M   3 1      24 350
 9  88  47  68   8   0   3 0.00  0.0    0  3.3 15 220   M    M   1        19 190
10  87  68  78  18   0  13 0.00  0.0    0 13.5 23 180   M    M   3        40 170
11  75  41  58  -2   7   0    T  0.0    0  9.2 24 230   M    M   2        33 200
12  65  35  50 -10  15   0 0.00  0.0    0  6.1 15  10   M    M   1        19  10
13  52  43  48 -13  17   0 1.82  0.0    0 14.2 36 360   M    M   8 13     45 350
14  64  41  53  -8  12   0 0.03  0.0    0  9.6 31 350   M    M   4        40 340
15  79  42  61   0   4   0 0.00  0.0    0 11.4 22 170   M    M   1        37 180
16  77  59  68   6   0   3 0.00  0.0    0 10.8 18 190   M    M   2        27 190
17  81  65  73  11   0   8    T  0.0    0 10.8 24 210   M    M  10 3      36 210
18  76  52  64   2   1   0 0.06  0.0    0 12.8 31 360   M    M   6 3      40  20
19  68  42  55  -7  10   0    T  0.0    0 12.6 24 330   M    M   5        32 350
20  77  37  57  -5   8   0 0.00  0.0    0  5.0 15 210   M    M   1        19 220
21  83  58  71   8   0   6 0.00  0.0    0  9.3 20 180   M    M   1        32 190
================================================================================
SM 1547 1009       119  37  2.39     0.0 173.4          M       77
================================================================================
AV 73.7 48.1                               8.3 FASTST   M    M   4    MAX(MPH)
                                 MISC ---->  # 36 360               # 45  350
================================================================================
NOTES:
# LAST OF SEVERAL OCCURRENCES

COLUMN 17 PEAK WIND IN M.P.H.

PRELIMINARY LOCAL CLIMATOLOGICAL DATA (WS FORM: F-6) , PAGE 2

                                          STATION:  MCALESTER OKLAHOMA
                                          MONTH:    APRIL
                                          YEAR:     2019
                                          LATITUDE:   34 52 N
                                          LONGITUDE:  95 47 W

[TEMPERATURE DATA]      [PRECIPITATION DATA]       SYMBOLS USED IN COLUMN 16

AVERAGE MONTHLY: 60.9   TOTAL FOR MONTH:   2.39    1 = FOG OR MIST
DPTR FM NORMAL:   0.7   DPTR FM NORMAL:   -0.14    2 = FOG REDUCING VISIBILITY
HIGHEST:    88 ON  9    GRTST 24HR  1.82 ON 13-13      TO 1/4 MILE OR LESS
LOWEST:     34 ON  1                               3 = THUNDER
                        SNOW, ICE PELLETS, HAIL    4 = ICE PELLETS
                        TOTAL MONTH:   0.0 INCH    5 = HAIL
                        GRTST 24HR     0.0         6 = FREEZING RAIN OR DRIZZLE
                        GRTST DEPTH:   0           7 = DUSTSTORM OR SANDSTORM:
                                                       VSBY 1/2 MILE OR LESS
                                                   8 = SMOKE OR HAZE
[NO. OF DAYS WITH]      [WEATHER - DAYS WITH]      9 = BLOWING SNOW
                                                   X = TORNADO
MAX 32 OR BELOW:   0    0.01 INCH OR MORE:   6
MAX 90 OR ABOVE:   0    0.10 INCH OR MORE:   3
MIN 32 OR BELOW:   0    0.50 INCH OR MORE:   1
MIN  0 OR BELOW:   0    1.00 INCH OR MORE:   1

[HDD (BASE 65) ]
TOTAL THIS MO.   119    CLEAR  (SCALE 0-3)  11
DPTR FM NORMAL   -15    PTCLDY (SCALE 4-7)   9
TOTAL FM JUL 1  2416    CLOUDY (SCALE 8-10)  1
DPTR FM NORMAL  -708

[CDD (BASE 65) ]
TOTAL THIS MO.    37
DPTR FM NORMAL     4    [PRESSURE DATA]
TOTAL FM JAN 1    42    HIGHEST SLP M ON M
DPTR FM NORMAL    -9    LOWEST  SLP 29.27 ON 10

[REMARKS]
